CRAN Package Check Results for Package gamair

Last updated on 2015-01-30 08:51:24.

Flavor Version Tinstall Tcheck Ttotal Status Flags
r-devel-linux-x86_64-debian-clang 0.0-8 0.68 6.39 7.07 NOTE
r-devel-linux-x86_64-debian-gcc 0.0-8 0.66 6.22 6.88 NOTE
r-devel-linux-x86_64-fedora-clang 0.0-8 15.31 NOTE
r-devel-linux-x86_64-fedora-gcc 0.0-8 15.02 NOTE
r-devel-osx-x86_64-clang 0.0-8 18.93 OK
r-devel-windows-ix86+x86_64 0.0-8 3.00 12.00 15.00 OK
r-patched-linux-x86_64 0.0-8 0.73 6.64 7.37 NOTE
r-patched-solaris-sparc 0.0-8 88.10 OK
r-patched-solaris-x86 0.0-8 24.00 OK
r-release-linux-ix86 0.0-8 1.07 10.32 11.40 OK
r-release-linux-x86_64 0.0-8 0.70 6.39 7.09 NOTE
r-release-osx-x86_64-mavericks 0.0-8 OK
r-release-windows-ix86+x86_64 0.0-8 3.00 17.00 20.00 OK
r-oldrel-windows-ix86+x86_64 0.0-8 2.00 11.00 13.00 OK

Check Details

Version: 0.0-8
Check: top-level files
Result: NOTE
    Non-standard file/directory found at top level:
     ‘changelog’
Flavors: r-devel-linux-x86_64-debian-clang, r-devel-linux-x86_64-debian-gcc, r-devel-linux-x86_64-fedora-clang, r-devel-linux-x86_64-fedora-gcc, r-patched-linux-x86_64, r-release-linux-x86_64