CRAN Package Check Results for Package gamair

Last updated on 2014-08-23 02:49:55.

Flavor Version Tinstall Tcheck Ttotal Status Flags
r-devel-linux-x86_64-debian-clang 0.0-8 0.66 6.28 6.94 OK
r-devel-linux-x86_64-debian-gcc 0.0-8 0.82 5.97 6.80 OK
r-devel-linux-x86_64-fedora-clang 0.0-8 13.82 NOTE
r-devel-linux-x86_64-fedora-gcc 0.0-8 14.05 NOTE
r-devel-osx-x86_64-clang 0.0-8 17.12 OK
r-devel-windows-ix86+x86_64 0.0-8 3.00 11.00 14.00 OK
r-patched-linux-x86_64 0.0-8 0.66 5.99 6.65 OK
r-patched-solaris-sparc 0.0-8 110.80 OK
r-patched-solaris-x86 0.0-8 22.50 OK
r-release-linux-ix86 0.0-8 1.18 10.34 11.52 OK
r-release-linux-x86_64 0.0-8 0.68 6.15 6.83 OK
r-release-osx-x86_64-mavericks 0.0-8 OK
r-release-windows-ix86+x86_64 0.0-8 3.00 19.00 22.00 OK
r-oldrel-windows-ix86+x86_64 0.0-8 2.00 11.00 13.00 OK

Check Details

Version: 0.0-8
Check: top-level files
Result: NOTE
    Non-standard file/directory found at top level:
     ‘changelog’
Flavors: r-devel-linux-x86_64-fedora-clang, r-devel-linux-x86_64-fedora-gcc