CRAN Package Check Results for Package gamair

Last updated on 2014-11-25 20:47:56.

Flavor Version Tinstall Tcheck Ttotal Status Flags
r-devel-linux-x86_64-debian-clang 0.0-8 0.75 6.78 7.53 NOTE
r-devel-linux-x86_64-debian-gcc 0.0-8 0.67 6.61 7.28 NOTE
r-devel-linux-x86_64-fedora-clang 0.0-8 15.37 NOTE
r-devel-linux-x86_64-fedora-gcc 0.0-8 15.73 NOTE
r-devel-osx-x86_64-clang 0.0-8 18.75 OK
r-devel-windows-ix86+x86_64 0.0-8 3.00 11.00 14.00 OK
r-patched-linux-x86_64 0.0-8 0.70 6.46 7.16 NOTE
r-patched-solaris-sparc 0.0-8 110.80 OK
r-patched-solaris-x86 0.0-8 23.20 OK
r-release-linux-ix86 0.0-8 1.00 10.37 11.37 OK
r-release-linux-x86_64 0.0-8 0.69 6.77 7.46 NOTE
r-release-osx-x86_64-mavericks 0.0-8 OK
r-release-windows-ix86+x86_64 0.0-8 3.00 17.00 20.00 OK
r-oldrel-windows-ix86+x86_64 0.0-8 2.00 11.00 13.00 OK

Check Details

Version: 0.0-8
Check: top-level files
Result: NOTE
    Non-standard file/directory found at top level:
     ‘changelog’
Flavors: r-devel-linux-x86_64-debian-clang, r-devel-linux-x86_64-debian-gcc, r-devel-linux-x86_64-fedora-clang, r-devel-linux-x86_64-fedora-gcc, r-patched-linux-x86_64, r-release-linux-x86_64