CRAN Package Check Results for Package gamair

Last updated on 2014-07-29 16:47:23.

Flavor Version Tinstall Tcheck Ttotal Status Flags
r-devel-linux-x86_64-debian-clang 0.0-8 0.68 6.35 7.03 OK
r-devel-linux-x86_64-debian-gcc 0.0-8 0.66 6.19 6.85 OK
r-devel-linux-x86_64-fedora-clang 0.0-8 14.14 NOTE
r-devel-linux-x86_64-fedora-gcc 0.0-8 13.66 NOTE
r-devel-osx-x86_64-clang 0.0-8 17.56 OK
r-devel-windows-ix86+x86_64 0.0-8 3.00 11.00 14.00 OK
r-patched-linux-x86_64 0.0-8 0.67 6.15 6.82 OK
r-patched-solaris-sparc 0.0-8 83.60 OK
r-patched-solaris-x86 0.0-8 21.80 OK
r-release-linux-ix86 0.0-8 1.07 10.24 11.32 OK
r-release-linux-x86_64 0.0-8 0.69 6.41 7.10 OK
r-release-osx-x86_64-mavericks 0.0-8 OK
r-release-windows-ix86+x86_64 0.0-8 3.00 19.00 22.00 OK
r-oldrel-windows-ix86+x86_64 0.0-8 2.00 11.00 13.00 OK

Check Details

Version: 0.0-8
Check: top-level files
Result: NOTE
    Non-standard file/directory found at top level:
     changelog
Flavors: r-devel-linux-x86_64-fedora-clang, r-devel-linux-x86_64-fedora-gcc