CRAN Package Check Results for Package gamair

Last updated on 2017-02-21 15:50:22.

Flavor Version Tinstall Tcheck Ttotal Status Flags
r-devel-linux-x86_64-debian-clang 1.0-0 1.06 49.11 50.18 OK
r-devel-linux-x86_64-debian-gcc 1.0-0 0.99 48.59 49.58 OK
r-devel-linux-x86_64-fedora-clang 1.0-0 88.16 OK --no-stop-on-test-error
r-devel-linux-x86_64-fedora-gcc 1.0-0 87.27 OK --no-stop-on-test-error
r-devel-macos-x86_64-clang 1.0-0 67.37 OK --no-stop-on-test-error
r-devel-windows-ix86+x86_64 1.0-0 6.00 105.00 111.00 OK
r-patched-linux-x86_64 1.0-0 0.98 44.78 45.76 OK
r-patched-solaris-sparc 1.0-0 615.20 NOTE
r-patched-solaris-x86 1.0-0 108.20 NOTE
r-release-linux-x86_64 1.0-0 0.92 44.61 45.53 OK
r-release-osx-x86_64-mavericks 1.0-0 OK
r-release-windows-ix86+x86_64 1.0-0 5.00 97.00 102.00 OK
r-oldrel-windows-ix86+x86_64 1.0-0 10.00 151.00 161.00 OK

Check Details

Version: 1.0-0
Check: package dependencies
Result: NOTE
    Package suggested but not available for checking: ‘geoR’
Flavors: r-patched-solaris-sparc, r-patched-solaris-x86