CRAN Package Check Results for Package gamair

Last updated on 2014-10-01 11:47:47.

Flavor Version Tinstall Tcheck Ttotal Status Flags
r-devel-linux-x86_64-debian-clang 0.0-8 0.77 6.59 7.36 NOTE
r-devel-linux-x86_64-debian-gcc 0.0-8 0.68 6.48 7.16 NOTE
r-devel-linux-x86_64-fedora-clang 0.0-8 14.94 NOTE
r-devel-linux-x86_64-fedora-gcc 0.0-8 14.72 NOTE
r-devel-osx-x86_64-clang 0.0-8 17.90 OK
r-devel-windows-ix86+x86_64 0.0-8 3.00 11.00 14.00 OK
r-patched-linux-x86_64 0.0-8 0.76 6.62 7.38 NOTE
r-patched-solaris-sparc 0.0-8 110.80 OK
r-patched-solaris-x86 0.0-8 23.90 OK
r-release-linux-ix86 0.0-8 0.99 10.44 11.43 OK
r-release-linux-x86_64 0.0-8 0.68 6.30 6.98 NOTE
r-release-osx-x86_64-mavericks 0.0-8 OK
r-release-windows-ix86+x86_64 0.0-8 3.00 19.00 22.00 OK
r-oldrel-windows-ix86+x86_64 0.0-8 2.00 11.00 13.00 OK

Check Details

Version: 0.0-8
Check: top-level files
Result: NOTE
    Non-standard file/directory found at top level:
     ‘changelog’
Flavors: r-devel-linux-x86_64-debian-clang, r-devel-linux-x86_64-debian-gcc, r-devel-linux-x86_64-fedora-clang, r-devel-linux-x86_64-fedora-gcc, r-patched-linux-x86_64, r-release-linux-x86_64