CRAN Package Check Results for Package gamair

Last updated on 2017-01-18 03:52:29.

Flavor Version Tinstall Tcheck Ttotal Status Flags
r-devel-linux-x86_64-debian-clang 1.0-0 1.10 49.02 50.12 OK
r-devel-linux-x86_64-debian-gcc 1.0-0 1.00 47.71 48.71 OK
r-devel-linux-x86_64-fedora-clang 1.0-0 87.65 OK --no-stop-on-test-error
r-devel-linux-x86_64-fedora-gcc 1.0-0 88.47 OK --no-stop-on-test-error
r-devel-macos-x86_64-clang 1.0-0 66.71 OK --no-stop-on-test-error
r-devel-windows-ix86+x86_64 1.0-0 6.00 72.00 78.00 OK
r-patched-linux-x86_64 1.0-0 0.97 45.65 46.62 OK
r-patched-solaris-sparc 1.0-0 615.20 NOTE
r-patched-solaris-x86 1.0-0 112.40 NOTE
r-release-linux-x86_64 1.0-0 1.00 43.16 44.17 OK
r-release-osx-x86_64-mavericks 1.0-0 OK
r-release-windows-ix86+x86_64 1.0-0 3.00 105.00 108.00 OK
r-oldrel-windows-ix86+x86_64 1.0-0 6.00 77.00 83.00 OK

Check Details

Version: 1.0-0
Check: package dependencies
Result: NOTE
    Package suggested but not available for checking: ‘geoR’
Flavors: r-patched-solaris-sparc, r-patched-solaris-x86