CRAN Package Check Results for Package gamair

Last updated on 2017-04-24 18:47:17.

Flavor Version Tinstall Tcheck Ttotal Status Flags
r-devel-linux-x86_64-debian-clang 1.0-0 1.00 49.09 50.10 OK
r-devel-linux-x86_64-debian-gcc 1.0-0 1.09 47.15 48.25 OK
r-devel-linux-x86_64-fedora-clang 1.0-0 90.39 OK --no-stop-on-test-error
r-devel-linux-x86_64-fedora-gcc 1.0-0 87.74 OK --no-stop-on-test-error
r-devel-windows-ix86+x86_64 1.0-0 OK
r-patched-linux-x86_64 1.0-0 1.02 45.37 46.39 OK
r-patched-solaris-sparc 1.0-0 633.90 NOTE
r-patched-solaris-x86 1.0-0 118.70 NOTE
r-release-linux-x86_64 1.0-0 1.07 44.85 45.92 OK
r-release-windows-ix86+x86_64 1.0-0 4.00 76.00 80.00 OK
r-release-osx-x86_64 1.0-0 OK
r-oldrel-windows-ix86+x86_64 1.0-0 3.00 80.00 83.00 OK
r-oldrel-osx-x86_64 1.0-0 OK

Check Details

Version: 1.0-0
Check: package dependencies
Result: NOTE
    Package suggested but not available for checking: ‘geoR’
Flavors: r-patched-solaris-sparc, r-patched-solaris-x86