CRAN Package Check Results for Package gamair

Last updated on 2014-09-21 07:47:05.

Flavor Version Tinstall Tcheck Ttotal Status Flags
r-devel-linux-x86_64-debian-clang 0.0-8 0.70 6.27 6.97 NOTE
r-devel-linux-x86_64-debian-gcc 0.0-8 0.61 6.28 6.90 NOTE
r-devel-linux-x86_64-fedora-clang 0.0-8 14.68 NOTE
r-devel-linux-x86_64-fedora-gcc 0.0-8 13.87 NOTE
r-devel-osx-x86_64-clang 0.0-8 18.51 OK
r-devel-windows-ix86+x86_64 0.0-8 3.00 10.00 13.00 OK
r-patched-linux-x86_64 0.0-8 0.64 6.26 6.90 NOTE
r-patched-solaris-sparc 0.0-8 110.80 OK
r-patched-solaris-x86 0.0-8 21.70 OK
r-release-linux-ix86 0.0-8 1.02 10.37 11.39 OK
r-release-linux-x86_64 0.0-8 0.68 6.57 7.25 NOTE
r-release-osx-x86_64-mavericks 0.0-8 OK
r-release-windows-ix86+x86_64 0.0-8 3.00 19.00 22.00 OK
r-oldrel-windows-ix86+x86_64 0.0-8 2.00 11.00 13.00 OK

Check Details

Version: 0.0-8
Check: top-level files
Result: NOTE
    Non-standard file/directory found at top level:
     ‘changelog’
Flavors: r-devel-linux-x86_64-debian-clang, r-devel-linux-x86_64-debian-gcc, r-devel-linux-x86_64-fedora-clang, r-devel-linux-x86_64-fedora-gcc, r-patched-linux-x86_64, r-release-linux-x86_64