CRAN Package Check Results for Package gamair

Last updated on 2017-03-25 15:47:46.

Flavor Version Tinstall Tcheck Ttotal Status Flags
r-devel-linux-x86_64-debian-clang 1.0-0 1.01 47.88 48.89 OK
r-devel-linux-x86_64-debian-gcc 1.0-0 1.10 47.07 48.16 OK
r-devel-linux-x86_64-fedora-clang 1.0-0 93.65 OK --no-stop-on-test-error
r-devel-linux-x86_64-fedora-gcc 1.0-0 86.44 OK --no-stop-on-test-error
r-devel-macos-x86_64-clang 1.0-0 66.57 OK --no-stop-on-test-error
r-devel-windows-ix86+x86_64 1.0-0 3.00 77.00 80.00 OK
r-patched-linux-x86_64 1.0-0 1.04 46.50 47.54 OK
r-patched-solaris-sparc 1.0-0 632.00 NOTE
r-patched-solaris-x86 1.0-0 116.30 NOTE
r-release-linux-x86_64 1.0-0 1.01 44.02 45.03 OK
r-release-osx-x86_64-mavericks 1.0-0 OK
r-release-windows-ix86+x86_64 1.0-0 5.00 98.00 103.00 OK
r-oldrel-windows-ix86+x86_64 1.0-0 5.00 101.00 106.00 OK

Check Details

Version: 1.0-0
Check: package dependencies
Result: NOTE
    Package suggested but not available for checking: ‘geoR’
Flavors: r-patched-solaris-sparc, r-patched-solaris-x86