CRAN Package Check Results for Package gamair

Last updated on 2014-04-25 09:52:14.

Flavor Version Tinstall Tcheck Ttotal Status Flags
r-devel-linux-x86_64-debian-clang 0.0-8 0.70 6.63 7.33 OK
r-devel-linux-x86_64-debian-gcc 0.0-8 0.74 6.22 6.95 OK
r-devel-linux-x86_64-fedora-clang 0.0-8 14.03 NOTE
r-devel-linux-x86_64-fedora-gcc 0.0-8 14.23 NOTE
r-devel-osx-x86_64-clang 0.0-8 15.65 OK
r-devel-osx-x86_64-gcc 0.0-8 OK
r-devel-windows-ix86+x86_64 0.0-8 2.00 11.00 13.00 OK
r-patched-linux-x86_64 0.0-8 0.69 6.38 7.07 OK
r-patched-solaris-sparc 0.0-8 83.60 OK
r-patched-solaris-x86 0.0-8 22.00 OK
r-release-linux-ix86 0.0-8 1.00 15.00 16.00 OK
r-release-linux-x86_64 0.0-8 0.70 6.64 7.34 OK
r-release-osx-x86_64-mavericks 0.0-8 OK
r-release-windows-ix86+x86_64 0.0-8 5.00 15.00 20.00 OK
r-oldrel-windows-ix86+x86_64 0.0-8 2.00 11.00 13.00 OK

Check Details

Version: 0.0-8
Check: top-level files
Result: NOTE
    Non-standard file/directory found at top level:
     ‘changelog’
Flavors: r-devel-linux-x86_64-fedora-clang, r-devel-linux-x86_64-fedora-gcc