CRAN Package Check Results for Package gamair

Last updated on 2015-07-03 23:47:33.

Flavor Version Tinstall Tcheck Ttotal Status Flags
r-devel-linux-x86_64-debian-clang 0.0-8 0.62 6.06 6.68 NOTE
r-devel-linux-x86_64-debian-gcc 0.0-8 0.67 6.34 7.02 NOTE
r-devel-linux-x86_64-fedora-clang 0.0-8 13.09 NOTE
r-devel-linux-x86_64-fedora-gcc 0.0-8 12.43 NOTE
r-devel-osx-x86_64-clang 0.0-8 15.31 OK
r-devel-windows-ix86+x86_64 0.0-8 5.00 11.00 16.00 OK
r-patched-linux-x86_64 0.0-8 0.65 6.52 7.17 NOTE
r-patched-solaris-sparc 0.0-8 93.10 OK
r-patched-solaris-x86 0.0-8 20.80 OK
r-release-linux-x86_64 0.0-8 0.65 6.72 7.36 NOTE
r-release-osx-x86_64-mavericks 0.0-8 OK
r-release-windows-ix86+x86_64 0.0-8 3.00 12.00 15.00 OK
r-oldrel-windows-ix86+x86_64 0.0-8 4.00 12.00 16.00 OK

Check Details

Version: 0.0-8
Check: top-level files
Result: NOTE
    Non-standard file/directory found at top level:
     ‘changelog’
Flavors: r-devel-linux-x86_64-debian-clang, r-devel-linux-x86_64-debian-gcc, r-devel-linux-x86_64-fedora-clang, r-devel-linux-x86_64-fedora-gcc, r-patched-linux-x86_64, r-release-linux-x86_64