CRAN Package Check Results for Package gamair

Last updated on 2015-03-06 23:48:17.

Flavor Version Tinstall Tcheck Ttotal Status Flags
r-devel-linux-x86_64-debian-clang 0.0-8 0.68 6.64 7.32 NOTE
r-devel-linux-x86_64-debian-gcc 0.0-8 0.65 7.05 7.70 NOTE
r-devel-linux-x86_64-fedora-clang 0.0-8 14.12 NOTE
r-devel-linux-x86_64-fedora-gcc 0.0-8 14.03 NOTE
r-devel-osx-x86_64-clang 0.0-8 17.93 OK
r-devel-windows-ix86+x86_64 0.0-8 4.00 12.00 16.00 OK
r-patched-linux-x86_64 0.0-8 0.68 6.49 7.17 NOTE
r-patched-solaris-sparc 0.0-8 115.70 OK
r-patched-solaris-x86 0.0-8 23.40 OK
r-release-linux-ix86 0.0-8 1.07 10.77 11.84 NOTE
r-release-linux-x86_64 0.0-8 0.68 6.76 7.44 NOTE
r-release-osx-x86_64-mavericks 0.0-8 OK
r-release-windows-ix86+x86_64 0.0-8 3.00 17.00 20.00 OK
r-oldrel-windows-ix86+x86_64 0.0-8 2.00 11.00 13.00 OK

Check Details

Version: 0.0-8
Check: top-level files
Result: NOTE
    Non-standard file/directory found at top level:
     ‘changelog’
Flavors: r-devel-linux-x86_64-debian-clang, r-devel-linux-x86_64-debian-gcc, r-devel-linux-x86_64-fedora-clang, r-devel-linux-x86_64-fedora-gcc, r-patched-linux-x86_64, r-release-linux-ix86, r-release-linux-x86_64