CRAN Package Check Results for Package gamair

Last updated on 2014-12-22 17:51:24.

Flavor Version Tinstall Tcheck Ttotal Status Flags
r-devel-linux-x86_64-debian-clang 0.0-8 0.70 6.82 7.51 NOTE
r-devel-linux-x86_64-debian-gcc 0.0-8 0.72 6.78 7.50 NOTE
r-devel-linux-x86_64-fedora-clang 0.0-8 15.94 NOTE
r-devel-linux-x86_64-fedora-gcc 0.0-8 16.05 NOTE
r-devel-osx-x86_64-clang 0.0-8 18.31 OK
r-devel-windows-ix86+x86_64 0.0-8 4.00 17.00 21.00 OK
r-patched-linux-x86_64 0.0-8 0.73 6.62 7.35 NOTE
r-patched-solaris-sparc 0.0-8 88.10 OK
r-patched-solaris-x86 0.0-8 23.40 OK
r-release-linux-ix86 0.0-8 0.99 10.40 11.39 OK
r-release-linux-x86_64 0.0-8 0.71 6.54 7.25 NOTE
r-release-osx-x86_64-mavericks 0.0-8 OK
r-release-windows-ix86+x86_64 0.0-8 3.00 17.00 20.00 OK
r-oldrel-windows-ix86+x86_64 0.0-8 2.00 11.00 13.00 OK

Check Details

Version: 0.0-8
Check: top-level files
Result: NOTE
    Non-standard file/directory found at top level:
     ‘changelog’
Flavors: r-devel-linux-x86_64-debian-clang, r-devel-linux-x86_64-debian-gcc, r-devel-linux-x86_64-fedora-clang, r-devel-linux-x86_64-fedora-gcc, r-patched-linux-x86_64, r-release-linux-x86_64