CRAN Package Check Results for Package gamboostLSS

Last updated on 2014-09-02 05:46:33.

Flavor Version Tinstall Tcheck Ttotal Status Flags
r-devel-linux-x86_64-debian-clang 1.1-2 3.70 81.91 85.62 NOTE
r-devel-linux-x86_64-debian-gcc 1.1-2 3.71 80.10 83.81 NOTE
r-devel-linux-x86_64-fedora-clang 1.1-2 202.65 NOTE
r-devel-linux-x86_64-fedora-gcc 1.1-2 193.88 NOTE
r-devel-osx-x86_64-clang 1.1-2 139.23 NOTE
r-devel-windows-ix86+x86_64 1.1-2 10.00 115.00 125.00 NOTE
r-patched-linux-x86_64 1.1-2 3.88 84.41 88.29 OK
r-patched-solaris-sparc 1.1-2 1115.60 OK
r-patched-solaris-x86 1.1-2 247.70 OK
r-release-linux-ix86 1.1-2 4.52 104.82 109.35 OK
r-release-linux-x86_64 1.1-2 4.66 86.33 90.99 OK
r-release-osx-x86_64-mavericks 1.1-2 OK
r-release-osx-x86_64-snowleopard 1.1-2 OK
r-release-windows-ix86+x86_64 1.1-2 10.00 124.00 134.00 OK
r-oldrel-windows-ix86+x86_64 1.1-2 11.00 113.00 124.00 OK

Check Details

Version: 1.1-2
Check: R code for possible problems
Result: NOTE
    as.families: no visible global function definition for ‘gamlss.family’
    cvrisk.mboostLSS: no visible binding for global variable ‘mclapply’
    gamlss1parMu: no visible global function definition for
     ‘as.gamlss.family’
    gamlss2parMu: no visible global function definition for
     ‘as.gamlss.family’
    gamlss2parSigma: no visible global function definition for
     ‘as.gamlss.family’
    gamlss3parMu: no visible global function definition for
     ‘as.gamlss.family’
    gamlss3parNu: no visible global function definition for
     ‘as.gamlss.family’
    gamlss3parSigma: no visible global function definition for
     ‘as.gamlss.family’
    gamlss4parMu: no visible global function definition for
     ‘as.gamlss.family’
    gamlss4parNu: no visible global function definition for
     ‘as.gamlss.family’
    gamlss4parSigma: no visible global function definition for
     ‘as.gamlss.family’
    gamlss4parTau: no visible global function definition for
     ‘as.gamlss.family’
    qBeta: no visible global function definition for ‘qBE’
    qGamma: no visible global function definition for ‘qGA’
    qNBinomial: no visible global function definition for ‘qNBI’
Flavors: r-devel-linux-x86_64-debian-clang, r-devel-linux-x86_64-debian-gcc, r-devel-linux-x86_64-fedora-clang, r-devel-linux-x86_64-fedora-gcc, r-devel-osx-x86_64-clang, r-devel-windows-ix86+x86_64