CRAN Package Check Results for Package gamboostLSS

Last updated on 2018-06-24 16:48:49 CEST.

Flavor Version Tinstall Tcheck Ttotal Status Flags
r-devel-linux-x86_64-debian-clang 2.0-1 8.99 294.55 303.54 OK
r-devel-linux-x86_64-debian-gcc 2.0-1 6.60 216.25 222.85 OK
r-devel-linux-x86_64-fedora-clang 2.0-1 355.71 OK
r-devel-linux-x86_64-fedora-gcc 2.0-1 353.70 OK
r-devel-windows-ix86+x86_64 2.0-1 17.00 303.00 320.00 OK
r-patched-linux-x86_64 2.0-1 6.29 274.31 280.60 OK
r-patched-solaris-x86 2.0-1 324.60 OK --no-vignettes
r-release-linux-x86_64 2.0-1 7.57 269.02 276.59 OK
r-release-windows-ix86+x86_64 2.0-1 16.00 266.00 282.00 OK
r-release-osx-x86_64 2.0-1 OK
r-oldrel-windows-ix86+x86_64 2.0-1 11.00 296.00 307.00 OK
r-oldrel-osx-x86_64 2.0-0 NOTE

Check Details

Version: 2.0-0
Check: re-building of vignette outputs
Result: NOTE
    Error in re-building vignettes:
     ...
    
    
    Attaching package: 'gamboostLSS'
    
    The following object is masked from 'package:stats':
    
     model.weights
    
    Loading required namespace: BayesX
    Error in texi2dvi(file = file, pdf = TRUE, clean = clean, quiet = quiet, :
     Running 'texi2dvi' on 'gamboostLSS_Tutorial.tex' failed.
    LaTeX errors:
    ! LaTeX Error: File `multirow.sty' not found.
    
    Type X to quit or <RETURN> to proceed,
    or enter new name. (Default extension: sty)
    
    ! Emergency stop.
    <read *>
    
    l.14 ^^M
    
    ! ==> Fatal error occurred, no output PDF file produced!
    Calls: buildVignettes -> texi2pdf -> texi2dvi
    Execution halted
Flavor: r-oldrel-osx-x86_64