CRAN Package Check Results for Package gamboostLSS

Last updated on 2016-04-29 19:49:47.

Flavor Version Tinstall Tcheck Ttotal Status Flags
r-devel-linux-x86_64-debian-gcc 1.2-1 4.14 159.57 163.72 OK
r-devel-linux-x86_64-fedora-clang 1.2-1 318.66 OK
r-devel-linux-x86_64-fedora-gcc 1.2-1 313.27 OK
r-devel-osx-x86_64-clang 1.2-1 289.23 OK
r-devel-windows-ix86+x86_64 1.2-1 10.00 260.00 270.00 OK
r-patched-linux-x86_64 1.2-1 3.75 154.67 158.42 OK
r-patched-solaris-sparc 1.2-1 1134.60 NOTE --no-vignettes
r-patched-solaris-x86 1.2-1 246.70 NOTE --no-vignettes
r-release-linux-x86_64 1.2-1 4.37 236.16 240.53 OK
r-release-osx-x86_64-mavericks 1.2-1 OK
r-release-windows-ix86+x86_64 1.2-1 11.00 344.00 355.00 OK
r-oldrel-windows-ix86+x86_64 1.2-1 24.00 562.00 586.00 OK

Check Details

Version: 1.2-1
Flags: --no-vignettes
Check: package dependencies
Result: NOTE
    Package suggested but not available for checking: ‘R2BayesX’
Flavors: r-patched-solaris-sparc, r-patched-solaris-x86