CRAN Package Check Results for Package gamboostLSS

Last updated on 2017-11-25 11:55:17 CET.

Flavor Version Tinstall Tcheck Ttotal Status Flags
r-devel-linux-x86_64-debian-clang 2.0-0 4.44 436.79 441.22 OK
r-devel-linux-x86_64-debian-gcc 2.0-0 3.90 353.12 357.02 OK
r-devel-linux-x86_64-fedora-clang 2.0-0 398.27 OK
r-devel-linux-x86_64-fedora-gcc 2.0-0 378.96 OK
r-devel-windows-ix86+x86_64 2.0-0 10.00 315.00 325.00 OK
r-patched-linux-x86_64 2.0-0 6.21 446.44 452.65 OK
r-patched-solaris-x86 2.0-0 390.90 NOTE --no-vignettes
r-release-linux-x86_64 2.0-0 4.57 453.06 457.63 OK
r-release-windows-ix86+x86_64 2.0-0 11.00 300.00 311.00 OK
r-release-osx-x86_64 2.0-0 NOTE
r-oldrel-windows-ix86+x86_64 2.0-0 10.00 333.00 343.00 OK
r-oldrel-osx-x86_64 2.0-0 OK

Check Details

Version: 2.0-0
Flags: --no-vignettes
Check: package dependencies
Result: NOTE
    Package suggested but not available for checking: ‘R2BayesX’
Flavor: r-patched-solaris-x86

Version: 2.0-0
Check: re-building of vignette outputs
Result: NOTE
    Error in re-building vignettes:
     ...
    
    
    Attaching package: 'gamboostLSS'
    
    The following object is masked from 'package:stats':
    
     model.weights
    
    Loading required namespace: BayesX
    Error in texi2dvi(file = file, pdf = TRUE, clean = clean, quiet = quiet, :
     Running 'texi2dvi' on 'gamboostLSS_Tutorial.tex' failed.
    LaTeX errors:
    ! LaTeX Error: File `multirow.sty' not found.
    
    Type X to quit or <RETURN> to proceed,
    or enter new name. (Default extension: sty)
    
    ! Emergency stop.
    <read *>
    
    l.14 ^^M
    
    ! ==> Fatal error occurred, no output PDF file produced!
    Calls: buildVignettes -> texi2pdf -> texi2dvi
    Execution halted
Flavor: r-release-osx-x86_64