CRAN Package Check Results for Package gamboostLSS

Last updated on 2015-08-31 12:47:42.

Flavor Version Tinstall Tcheck Ttotal Status Flags
r-devel-linux-x86_64-debian-clang 1.2-0 4.01 211.50 215.51 OK
r-devel-linux-x86_64-debian-gcc 1.2-0 3.02 205.14 208.16 OK
r-devel-linux-x86_64-fedora-clang 1.2-0 417.10 OK
r-devel-linux-x86_64-fedora-gcc 1.2-0 404.60 OK
r-devel-osx-x86_64-clang 1.2-0 295.90 OK
r-devel-windows-ix86+x86_64 1.2-0 11.00 409.00 420.00 OK
r-patched-linux-x86_64 1.2-0 3.58 216.16 219.73 OK
r-patched-solaris-sparc 1.2-0 1042.10 NOTE --no-vignettes
r-patched-solaris-x86 1.2-0 198.10 NOTE --no-vignettes
r-release-linux-x86_64 1.2-0 4.28 222.67 226.95 OK
r-release-osx-x86_64-mavericks 1.2-0 OK
r-release-windows-ix86+x86_64 1.2-0 12.00 347.00 359.00 OK
r-oldrel-windows-ix86+x86_64 1.2-0 18.00 528.00 546.00 OK

Check Details

Version: 1.2-0
Flags: --no-vignettes
Check: package dependencies
Result: NOTE
    Package suggested but not available for checking: ‘R2BayesX’
Flavors: r-patched-solaris-sparc, r-patched-solaris-x86