CRAN Package Check Results for Package gamboostLSS

Last updated on 2017-09-20 15:48:31.

Flavor Version Tinstall Tcheck Ttotal Status Flags
r-devel-linux-x86_64-debian-clang 2.0-0 3.74 210.04 213.78 OK
r-devel-linux-x86_64-debian-gcc 2.0-0 3.43 199.09 202.53 OK
r-devel-linux-x86_64-fedora-clang 2.0-0 423.37 OK
r-devel-linux-x86_64-fedora-gcc 2.0-0 416.88 OK
r-devel-windows-ix86+x86_64 2.0-0 10.00 403.00 413.00 OK
r-patched-linux-x86_64 2.0-0 3.62 197.78 201.40 OK
r-patched-solaris-x86 2.0-0 399.30 NOTE --no-vignettes
r-release-linux-x86_64 2.0-0 3.48 201.97 205.44 OK
r-release-windows-ix86+x86_64 2.0-0 10.00 340.00 350.00 OK
r-release-osx-x86_64 2.0-0 NOTE
r-oldrel-windows-ix86+x86_64 2.0-0 11.00 273.00 284.00 OK
r-oldrel-osx-x86_64 2.0-0 OK

Check Details

Version: 2.0-0
Flags: --no-vignettes
Check: package dependencies
Result: NOTE
    Package suggested but not available for checking: ‘R2BayesX’
Flavor: r-patched-solaris-x86

Version: 2.0-0
Check: re-building of vignette outputs
Result: NOTE
    Error in re-building vignettes:
     ...
    
    
    Attaching package: 'gamboostLSS'
    
    The following object is masked from 'package:stats':
    
     model.weights
    
    Loading required namespace: BayesX
    Error in texi2dvi(file = file, pdf = TRUE, clean = clean, quiet = quiet, :
     Running 'texi2dvi' on 'gamboostLSS_Tutorial.tex' failed.
    LaTeX errors:
    ! LaTeX Error: File `multirow.sty' not found.
    
    Type X to quit or <RETURN> to proceed,
    or enter new name. (Default extension: sty)
    
    ! Emergency stop.
    <read *>
    
    l.14 ^^M
    
    ! ==> Fatal error occurred, no output PDF file produced!
    Calls: buildVignettes -> texi2pdf -> texi2dvi
    Execution halted
Flavor: r-release-osx-x86_64