CRAN Package Check Results for Package gamboostLSS

Last updated on 2015-06-30 06:46:58.

Flavor Version Tinstall Tcheck Ttotal Status Flags
r-devel-linux-x86_64-debian-clang 1.1-3 2.84 69.79 72.62 NOTE
r-devel-linux-x86_64-debian-gcc 1.1-3 2.79 68.39 71.18 NOTE
r-devel-linux-x86_64-fedora-clang 1.1-3 143.43 OK
r-devel-linux-x86_64-fedora-gcc 1.1-3 135.81 OK
r-devel-osx-x86_64-clang 1.1-3 117.69 OK
r-devel-windows-ix86+x86_64 1.1-3 8.00 103.00 111.00 NOTE
r-patched-linux-x86_64 1.1-3 2.89 68.19 71.08 OK
r-patched-solaris-sparc 1.1-3 883.90 OK
r-patched-solaris-x86 1.1-3 188.70 OK
r-release-linux-x86_64 1.1-3 2.84 71.28 74.12 OK
r-release-osx-x86_64-mavericks 1.1-3 OK
r-release-windows-ix86+x86_64 1.1-3 12.00 106.00 118.00 OK
r-oldrel-windows-ix86+x86_64 1.1-3 16.00 142.00 158.00 OK

Check Details

Version: 1.1-3
Check: R code for possible problems
Result: NOTE
    BetaMu : loss: no visible global function definition for ‘plogis’
    BetaMu : ngradient: no visible global function definition for ‘qlogis’
    BetaMu : ngradient: no visible global function definition for ‘plogis’
    BetaMu : ngradient: no visible global function definition for ‘median’
    BetaMu : offset: no visible global function definition for ‘qlogis’
    BetaMu : offset: no visible global function definition for ‘var’
    BetaMu : offset: no visible global function definition for ‘optimize’
    BetaMu : <anonymous>: no visible global function definition for
     ‘plogis’
    BetaPhi : ngradient: no visible global function definition for ‘qlogis’
    BetaPhi : ngradient: no visible global function definition for ‘median’
    BetaPhi : offset: no visible global function definition for ‘optimize’
    GammaMu : ngradient: no visible global function definition for ‘median’
    GammaMu : offset: no visible global function definition for ‘var’
    GammaMu : offset: no visible global function definition for ‘optimize’
    GammaSigma : ngradient: no visible global function definition for
     ‘median’
    GammaSigma : offset: no visible global function definition for
     ‘optimize’
    GaussianMu : loss: no visible global function definition for ‘dnorm’
    GaussianMu : ngradient: no visible global function definition for
     ‘median’
    GaussianMu : offset: no visible global function definition for
     ‘weighted.mean’
    GaussianSigma : loss: no visible global function definition for ‘dnorm’
    GaussianSigma : ngradient: no visible global function definition for
     ‘median’
    LogLogMu : loss : logfw: no visible global function definition for
     ‘dlogis’
    LogLogMu : loss : logSw: no visible global function definition for
     ‘plogis’
    LogLogMu : ngradient: no visible global function definition for
     ‘median’
    LogLogMu : offset: no visible global function definition for ‘optimize’
    LogLogSigma : loss : logfw: no visible global function definition for
     ‘dlogis’
    LogLogSigma : loss : logSw: no visible global function definition for
     ‘pnorm’
    LogLogSigma : ngradient: no visible global function definition for
     ‘median’
    LogLogSigma : offset: no visible global function definition for
     ‘optimize’
    LogNormalMu : loss : logfw: no visible global function definition for
     ‘dnorm’
    LogNormalMu : loss : logSw: no visible global function definition for
     ‘pnorm’
    LogNormalMu : ngradient: no visible global function definition for
     ‘dnorm’
    LogNormalMu : ngradient: no visible global function definition for
     ‘pnorm’
    LogNormalMu : ngradient: no visible global function definition for
     ‘median’
    LogNormalMu : offset: no visible global function definition for
     ‘optimize’
    LogNormalSigma : loss : logfw: no visible global function definition
     for ‘dnorm’
    LogNormalSigma : loss : logSw: no visible global function definition
     for ‘pnorm’
    LogNormalSigma : ngradient: no visible global function definition for
     ‘dnorm’
    LogNormalSigma : ngradient: no visible global function definition for
     ‘pnorm’
    LogNormalSigma : ngradient: no visible global function definition for
     ‘median’
    LogNormalSigma : offset: no visible global function definition for
     ‘optimize’
    NBinomialMu : ngradient: no visible global function definition for
     ‘median’
    NBinomialMu : offset: no visible global function definition for ‘var’
    NBinomialMu : offset: no visible global function definition for
     ‘optimize’
    NBinomialSigma : ngradient: no visible global function definition for
     ‘median’
    NBinomialSigma : offset: no visible global function definition for
     ‘optimize’
    PI: no visible global function definition for ‘predict’
    StudentTDf : ngradient: no visible global function definition for
     ‘median’
    StudentTDf : offset: no visible global function definition for
     ‘optimize’
    StudentTMu : ngradient: no visible global function definition for
     ‘median’
    StudentTMu : offset: no visible global function definition for
     ‘optimize’
    StudentTSigma : ngradient: no visible global function definition for
     ‘median’
    StudentTSigma : offset: no visible global function definition for
     ‘optimize’
    WeibullMu : ngradient: no visible global function definition for
     ‘median’
    WeibullMu : offset: no visible global function definition for
     ‘optimize’
    WeibullSigma : ngradient: no visible global function definition for
     ‘median’
    WeibullSigma : offset: no visible global function definition for
     ‘optimize’
    coef.mboostLSS : <anonymous>: no visible global function definition for
     ‘coef’
    cvrisk.mboostLSS: no visible global function definition for ‘rmultinom’
    cvrisk.mboostLSS : dummyfct: no visible global function definition for
     ‘update’
    fitted.mboostLSS : <anonymous>: no visible global function definition
     for ‘fitted’
    gamlss2parMu : ngradient: no visible global function definition for
     ‘median’
    gamlss2parSigma : ngradient: no visible global function definition for
     ‘median’
    gamlss3parMu : ngradient: no visible global function definition for
     ‘median’
    gamlss3parNu : ngradient: no visible global function definition for
     ‘median’
    gamlss3parSigma : ngradient: no visible global function definition for
     ‘median’
    gamlss4parMu : ngradient: no visible global function definition for
     ‘median’
    gamlss4parNu : ngradient: no visible global function definition for
     ‘median’
    gamlss4parSigma : ngradient: no visible global function definition for
     ‘median’
    gamlss4parTau : ngradient: no visible global function definition for
     ‘median’
    mboostLSS_fit: no visible global function definition for ‘fitted’
    mboostLSS_fit : iBoost: no visible global function definition for
     ‘fitted’
    plot.cvriskLSS: no visible global function definition for ‘plot’
    plot.cvriskLSS : <anonymous>: no visible global function definition for
     ‘lines’
    plot.cvriskLSS: no visible global function definition for ‘lines’
    plot.cvriskLSS: no visible global function definition for ‘axis’
    plot.cvriskLSS: no visible global function definition for ‘box’
    plot.cvriskLSS: no visible global function definition for ‘grey’
    plot.cvriskLSS : make_plot: no visible global function definition for
     ‘plot’
    plot.cvriskLSS : make_plot: no visible global function definition for
     ‘points’
    plot.cvriskLSS : make_plot: no visible global function definition for
     ‘lines’
    plot.gamboostLSS : <anonymous>: no visible global function definition
     for ‘plot’
    plot.glmboostLSS : <anonymous>: no visible global function definition
     for ‘plot’
    plot.glmboostLSS: no visible global function definition for ‘coef’
    plot.predint: no visible global function definition for ‘tail’
    plot.predint: no visible global function definition for ‘plot’
    plot.predint: no visible global function definition for ‘rgb’
    plot.predint: no visible global function definition for ‘lines’
    predict.mboostLSS : <anonymous>: no visible global function definition
     for ‘predict’
    predint: no visible global function definition for ‘predict’
    qLogNormal: no visible global function definition for ‘qlnorm’
    qNormal: no visible global function definition for ‘qnorm’
    qT: no visible global function definition for ‘qt’
    qWeibull: no visible global function definition for ‘qweibull’
    weighted.sd: no visible global function definition for ‘weighted.mean’
Flavors: r-devel-linux-x86_64-debian-clang, r-devel-linux-x86_64-debian-gcc, r-devel-windows-ix86+x86_64