CRAN Package Check Results for Package gamboostLSS

Last updated on 2017-01-23 14:48:04.

Flavor Version Tinstall Tcheck Ttotal Status Flags
r-devel-linux-x86_64-debian-clang 1.2-2 3.34 191.20 194.55 OK
r-devel-linux-x86_64-debian-gcc 1.2-2 4.00 182.73 186.73 OK
r-devel-linux-x86_64-fedora-clang 1.2-2 365.99 OK --no-stop-on-test-error
r-devel-linux-x86_64-fedora-gcc 1.2-2 356.60 OK --no-stop-on-test-error
r-devel-macos-x86_64-clang 1.2-2 223.96 OK --no-stop-on-test-error
r-devel-windows-ix86+x86_64 1.2-2 11.00 288.00 299.00 OK
r-patched-linux-x86_64 1.2-2 3.28 173.39 176.67 OK
r-patched-solaris-sparc 1.2-2 1147.20 NOTE --no-vignettes
r-patched-solaris-x86 1.2-2 240.90 NOTE --no-vignettes
r-release-linux-x86_64 1.2-2 3.46 172.74 176.20 OK
r-release-osx-x86_64-mavericks 1.2-2 OK
r-release-windows-ix86+x86_64 1.2-2 22.00 316.00 338.00 OK
r-oldrel-windows-ix86+x86_64 1.2-2 17.00 539.00 556.00 OK

Check Details

Version: 1.2-2
Flags: --no-vignettes
Check: package dependencies
Result: NOTE
    Package suggested but not available for checking: ‘R2BayesX’
Flavors: r-patched-solaris-sparc, r-patched-solaris-x86