CRAN Package Check Results for Package gamboostLSS

Last updated on 2015-05-28 03:47:25.

Flavor Version Tinstall Tcheck Ttotal Status Flags
r-devel-linux-x86_64-debian-clang 1.1-3 2.97 73.73 76.70 OK
r-devel-linux-x86_64-debian-gcc 1.1-3 2.87 70.37 73.24 OK
r-devel-linux-x86_64-fedora-clang 1.1-3 147.25 OK
r-devel-linux-x86_64-fedora-gcc 1.1-3 143.00 OK
r-devel-osx-x86_64-clang 1.1-3 114.00 OK
r-devel-windows-ix86+x86_64 1.1-3 7.00 105.00 112.00 OK
r-patched-linux-x86_64 1.1-3 2.89 69.72 72.61 OK
r-patched-solaris-sparc 1.1-3 883.90 OK
r-patched-solaris-x86 1.1-3 189.10 OK
r-release-linux-x86_64 1.1-3 2.90 71.05 73.96 OK
r-release-osx-x86_64-mavericks 1.1-3 OK
r-release-osx-x86_64-snowleopard 1.1-3 ERROR
r-release-windows-ix86+x86_64 1.1-3 9.00 104.00 113.00 OK
r-oldrel-windows-ix86+x86_64 1.1-3 12.00 112.00 124.00 OK

Check Details

Version: 1.1-3
Check: package dependencies
Result: ERROR
    Package required but not available: ‘mboost’
    
    Package suggested but not available for checking: ‘BayesX’
    
    See section ‘The DESCRIPTION file’ in the ‘Writing R Extensions’
    manual.
Flavor: r-release-osx-x86_64-snowleopard