CRAN Package Check Results for Package gamboostLSS

Last updated on 2016-09-30 23:47:54.

Flavor Version Tinstall Tcheck Ttotal Status Flags
r-devel-linux-x86_64-debian-clang 1.2-1 3.60 185.75 189.35 OK
r-devel-linux-x86_64-debian-gcc 1.2-1 3.42 172.76 176.17 OK
r-devel-linux-x86_64-fedora-clang 1.2-1 350.00 OK
r-devel-linux-x86_64-fedora-gcc 1.2-1 323.54 OK
r-devel-macos-x86_64-clang 1.2-1 202.67 OK
r-devel-windows-ix86+x86_64 1.2-1 18.00 306.00 324.00 OK
r-patched-linux-x86_64 1.2-1 3.46 172.09 175.54 OK
r-patched-solaris-sparc 1.2-1 1138.70 NOTE --no-vignettes
r-patched-solaris-x86 1.2-1 237.80 NOTE --no-vignettes
r-release-linux-x86_64 1.2-1 3.66 177.21 180.87 OK
r-release-osx-x86_64-mavericks 1.2-1 OK
r-release-windows-ix86+x86_64 1.2-1 9.00 244.00 253.00 OK
r-oldrel-windows-ix86+x86_64 1.2-1 14.00 439.00 453.00 OK

Check Details

Version: 1.2-1
Flags: --no-vignettes
Check: package dependencies
Result: NOTE
    Package suggested but not available for checking: ‘R2BayesX’
Flavors: r-patched-solaris-sparc, r-patched-solaris-x86