CRAN Package Check Results for Package gamboostLSS

Last updated on 2014-04-25 05:47:15.

Flavor Version Tinstall Tcheck Ttotal Status Flags
r-devel-linux-x86_64-debian-clang 1.0-3 3.77 173.70 177.48 NOTE
r-devel-linux-x86_64-debian-gcc 1.0-3 3.66 173.56 177.23 NOTE
r-devel-linux-x86_64-fedora-clang 1.0-3 394.48 NOTE
r-devel-linux-x86_64-fedora-gcc 1.0-3 376.47 NOTE
r-devel-osx-x86_64-clang 1.0-3 244.64 NOTE
r-devel-osx-x86_64-gcc 1.0-3 ERROR
r-devel-windows-ix86+x86_64 1.0-3 9.00 246.00 255.00 NOTE
r-patched-linux-x86_64 1.0-3 3.61 171.58 175.19 NOTE
r-patched-solaris-sparc 1.0-3 2121.20 NOTE
r-patched-solaris-x86 1.0-3 429.60 NOTE
r-release-linux-ix86 1.0-3 6.00 262.00 268.00 NOTE
r-release-linux-x86_64 1.0-3 3.66 176.47 180.13 NOTE
r-release-osx-x86_64-mavericks 1.0-3 WARN
r-release-osx-x86_64-snowleopard 1.0-3 NOTE
r-release-windows-ix86+x86_64 1.0-3 8.00 257.00 265.00 NOTE
r-oldrel-windows-ix86+x86_64 1.0-3 8.00 230.00 238.00 NOTE

Check Details

Version: 1.0-3
Check: dependencies in R code
Result: NOTE
    Package in Depends field not imported from: ‘methods’
     These packages need to be imported from (in the NAMESPACE file)
     for when this namespace is loaded but not attached.
    Unexported objects imported by ':::' calls:
     ‘mboost:::do_trace’ ‘mboost:::rescale_weights’
     See the note in ?`:::` about the use of this operator.
    See the information on DESCRIPTION files in the chapter ‘Creating R
    packages’ of the ‘Writing R Extensions’ manual.
Flavors: r-devel-linux-x86_64-debian-clang, r-devel-linux-x86_64-debian-gcc, r-devel-linux-x86_64-fedora-clang, r-devel-linux-x86_64-fedora-gcc, r-devel-osx-x86_64-clang, r-devel-windows-ix86+x86_64, r-patched-linux-x86_64, r-patched-solaris-sparc, r-patched-solaris-x86, r-release-linux-ix86, r-release-linux-x86_64, r-release-osx-x86_64-mavericks, r-release-windows-ix86+x86_64, r-oldrel-windows-ix86+x86_64

Version: 1.0-3
Check: package dependencies
Result: ERROR
    Package required but not available: ‘mboost’
    
    See the information on DESCRIPTION files in the chapter ‘Creating R
    packages’ of the ‘Writing R Extensions’ manual.
Flavor: r-devel-osx-x86_64-gcc

Version: 1.0-3
Check: PDF version of manual
Result: WARNING
    LaTeX errors when creating PDF version.
    This typically indicates Rd problems.
    LaTeX errors found:
    ! LaTeX Error: File `upquote.sty' not found.
    
    Type X to quit or <RETURN> to proceed,
    or enter new name. (Default extension: sty)
    
    1db8ebc/Rd2.tex:8: ==> Fatal error occurred, no output PDF file produced!
Flavor: r-release-osx-x86_64-mavericks

Version: 1.0-3
Check: dependencies in R code
Result: NOTE
    Package in Depends field not imported from: 'methods'
     These packages need to be imported from for the case when
     this namespace is loaded but not attached.
    Unexported objects imported by ':::' calls:
     'mboost:::do_trace' 'mboost:::rescale_weights'
     See the note in ?`:::` about the use of this operator.
    See the information on DESCRIPTION files in the chapter 'Creating R
    packages' of the 'Writing R Extensions' manual.
Flavor: r-release-osx-x86_64-snowleopard