CRAN Package Check Results for Package gamboostLSS

Last updated on 2017-07-25 07:46:43.

Flavor Version Tinstall Tcheck Ttotal Status Flags
r-devel-linux-x86_64-debian-clang 2.0-0 3.85 214.55 218.39 OK
r-devel-linux-x86_64-debian-gcc 2.0-0 3.48 206.35 209.83 OK
r-devel-linux-x86_64-fedora-clang 2.0-0 464.42 OK
r-devel-linux-x86_64-fedora-gcc 2.0-0 446.24 OK
r-devel-windows-ix86+x86_64 2.0-0 18.00 320.00 338.00 OK
r-patched-linux-x86_64 2.0-0 3.69 209.32 213.01 OK
r-patched-solaris-x86 2.0-0 374.60 NOTE --no-vignettes
r-release-linux-x86_64 2.0-0 3.46 202.02 205.48 OK
r-release-windows-ix86+x86_64 2.0-0 11.00 425.00 436.00 OK
r-release-osx-x86_64 2.0-0 NOTE
r-oldrel-windows-ix86+x86_64 2.0-0 10.00 290.00 300.00 OK
r-oldrel-osx-x86_64 2.0-0 OK

Check Details

Version: 2.0-0
Flags: --no-vignettes
Check: package dependencies
Result: NOTE
    Package suggested but not available for checking: ‘R2BayesX’
Flavor: r-patched-solaris-x86

Version: 2.0-0
Check: re-building of vignette outputs
Result: NOTE
    Error in re-building vignettes:
     ...
    
    
    Attaching package: 'gamboostLSS'
    
    The following object is masked from 'package:stats':
    
     model.weights
    
    Loading required namespace: BayesX
    Error in texi2dvi(file = file, pdf = TRUE, clean = clean, quiet = quiet, :
     Running 'texi2dvi' on 'gamboostLSS_Tutorial.tex' failed.
    LaTeX errors:
    ! LaTeX Error: File `multirow.sty' not found.
    
    Type X to quit or <RETURN> to proceed,
    or enter new name. (Default extension: sty)
    
    ! Emergency stop.
    <read *>
    
    l.14 ^^M
    
    ! ==> Fatal error occurred, no output PDF file produced!
    Calls: buildVignettes -> texi2pdf -> texi2dvi
    Execution halted
Flavor: r-release-osx-x86_64