CRAN Package Check Results for Package gamboostLSS

Last updated on 2018-02-17 21:49:21 CET.

Flavor Version Tinstall Tcheck Ttotal Status Flags
r-devel-linux-x86_64-debian-clang 2.0-0 7.79 296.33 304.12 OK
r-devel-linux-x86_64-debian-gcc 2.0-0 7.56 220.04 227.60 OK
r-devel-linux-x86_64-fedora-clang 2.0-0 364.75 OK
r-devel-linux-x86_64-fedora-gcc 2.0-0 355.68 OK
r-devel-windows-ix86+x86_64 2.0-0 14.00 302.00 316.00 OK
r-patched-linux-x86_64 2.0-0 4.82 321.46 326.28 OK
r-patched-solaris-x86 2.0-0 377.60 NOTE --no-vignettes
r-release-linux-x86_64 2.0-0 5.29 325.83 331.12 OK
r-release-windows-ix86+x86_64 2.0-0 17.00 408.00 425.00 OK
r-release-osx-x86_64 2.0-0 NOTE
r-oldrel-windows-ix86+x86_64 2.0-0 8.00 372.00 380.00 OK
r-oldrel-osx-x86_64 2.0-0 OK

Check Details

Version: 2.0-0
Flags: --no-vignettes
Check: package dependencies
Result: NOTE
    Package suggested but not available for checking: ‘R2BayesX’
Flavor: r-patched-solaris-x86

Version: 2.0-0
Check: re-building of vignette outputs
Result: NOTE
    Error in re-building vignettes:
     ...
    
    
    Attaching package: 'gamboostLSS'
    
    The following object is masked from 'package:stats':
    
     model.weights
    
    Loading required namespace: BayesX
    Error in texi2dvi(file = file, pdf = TRUE, clean = clean, quiet = quiet, :
     Running 'texi2dvi' on 'gamboostLSS_Tutorial.tex' failed.
    LaTeX errors:
    ! LaTeX Error: File `multirow.sty' not found.
    
    Type X to quit or <RETURN> to proceed,
    or enter new name. (Default extension: sty)
    
    ! Emergency stop.
    <read *>
    
    l.14 ^^M
    
    ! ==> Fatal error occurred, no output PDF file produced!
    Calls: buildVignettes -> texi2pdf -> texi2dvi
    Execution halted
Flavor: r-release-osx-x86_64