CRAN Package Check Results for Package gamboostLSS

Last updated on 2016-02-06 15:51:36.

Flavor Version Tinstall Tcheck Ttotal Status Flags
r-devel-linux-x86_64-debian-gcc 1.2-0 3.54 154.02 157.57 OK
r-devel-linux-x86_64-fedora-clang 1.2-0 307.43 OK
r-devel-linux-x86_64-fedora-gcc 1.2-0 293.47 OK
r-devel-osx-x86_64-clang 1.2-0 269.55 OK
r-devel-windows-ix86+x86_64 1.2-0 12.00 262.00 274.00 OK
r-patched-linux-x86_64 1.2-0 3.52 221.55 225.06 OK
r-patched-solaris-sparc 1.2-0 1112.40 NOTE --no-vignettes
r-patched-solaris-x86 1.2-0 227.50 NOTE --no-vignettes
r-release-linux-x86_64 1.2-0 3.52 227.64 231.15 OK
r-release-osx-x86_64-mavericks 1.2-0 OK
r-release-windows-ix86+x86_64 1.2-0 8.00 318.00 326.00 OK
r-oldrel-windows-ix86+x86_64 1.2-0 17.00 474.00 491.00 OK

Check Details

Version: 1.2-0
Flags: --no-vignettes
Check: package dependencies
Result: NOTE
    Package suggested but not available for checking: ‘R2BayesX’
Flavors: r-patched-solaris-sparc, r-patched-solaris-x86