Last updated on 2018-04-24 19:54:04 CEST.
Flavor | Version | Tinstall | Tcheck | Ttotal | Status | Flags |
---|---|---|---|---|---|---|
r-devel-linux-x86_64-debian-clang | 2.0-0 | 7.74 | 303.43 | 311.17 | OK | |
r-devel-linux-x86_64-debian-gcc | 2.0-0 | 6.83 | 215.99 | 222.82 | OK | |
r-devel-linux-x86_64-fedora-clang | 2.0-0 | 367.64 | OK | |||
r-devel-linux-x86_64-fedora-gcc | 2.0-0 | 356.51 | OK | |||
r-devel-windows-ix86+x86_64 | 2.0-0 | 21.00 | 285.00 | 306.00 | OK | |
r-patched-linux-x86_64 | 2.0-0 | 7.21 | 281.48 | 288.69 | OK | |
r-patched-solaris-x86 | 2.0-0 | 363.30 | OK | --no-vignettes | ||
r-release-linux-x86_64 | 2.0-0 | 7.80 | 278.92 | 286.72 | OK | |
r-release-windows-ix86+x86_64 | 2.0-0 | 21.00 | 285.00 | 306.00 | OK | |
r-release-osx-x86_64 | 2.0-0 | OK | ||||
r-oldrel-windows-ix86+x86_64 | 2.0-0 | 9.00 | 439.00 | 448.00 | OK | |
r-oldrel-osx-x86_64 | 2.0-0 | NOTE |
Version: 2.0-0
Check: re-building of vignette outputs
Result: NOTE
Error in re-building vignettes:
...
Attaching package: 'gamboostLSS'
The following object is masked from 'package:stats':
model.weights
Loading required namespace: BayesX
Error in texi2dvi(file = file, pdf = TRUE, clean = clean, quiet = quiet, :
Running 'texi2dvi' on 'gamboostLSS_Tutorial.tex' failed.
LaTeX errors:
! LaTeX Error: File `multirow.sty' not found.
Type X to quit or <RETURN> to proceed,
or enter new name. (Default extension: sty)
! Emergency stop.
<read *>
l.14 ^^M
! ==> Fatal error occurred, no output PDF file produced!
Calls: buildVignettes -> texi2pdf -> texi2dvi
Execution halted
Flavor: r-oldrel-osx-x86_64