CRAN Package Check Results for Package gamboostLSS

Last updated on 2017-05-26 03:48:21.

Flavor Version Tinstall Tcheck Ttotal Status Flags
r-devel-linux-x86_64-debian-clang 2.0-0 3.62 213.61 217.22 OK
r-devel-linux-x86_64-debian-gcc 2.0-0 3.48 200.78 204.27 OK
r-devel-linux-x86_64-fedora-clang 2.0-0 465.58 OK --no-stop-on-test-error
r-devel-linux-x86_64-fedora-gcc 2.0-0 449.34 OK --no-stop-on-test-error
r-devel-windows-ix86+x86_64 2.0-0 9.00 335.00 344.00 OK
r-patched-linux-x86_64 2.0-0 3.57 200.29 203.86 OK
r-patched-solaris-sparc 2.0-0 1711.50 NOTE --no-vignettes
r-patched-solaris-x86 2.0-0 368.30 NOTE --no-vignettes
r-release-linux-x86_64 2.0-0 3.41 203.31 206.73 OK
r-release-windows-ix86+x86_64 2.0-0 11.00 432.00 443.00 OK
r-release-osx-x86_64 2.0-0 NOTE
r-oldrel-windows-ix86+x86_64 2.0-0 17.00 304.00 321.00 OK
r-oldrel-osx-x86_64 2.0-0 OK

Check Details

Version: 2.0-0
Flags: --no-vignettes
Check: package dependencies
Result: NOTE
    Package suggested but not available for checking: ‘R2BayesX’
Flavors: r-patched-solaris-sparc, r-patched-solaris-x86

Version: 2.0-0
Check: re-building of vignette outputs
Result: NOTE
    Error in re-building vignettes:
     ...
    
    
    Attaching package: 'gamboostLSS'
    
    The following object is masked from 'package:stats':
    
     model.weights
    
    Loading required namespace: BayesX
    Error in texi2dvi(file = file, pdf = TRUE, clean = clean, quiet = quiet, :
     Running 'texi2dvi' on 'gamboostLSS_Tutorial.tex' failed.
    LaTeX errors:
    ! LaTeX Error: File `multirow.sty' not found.
    
    Type X to quit or <RETURN> to proceed,
    or enter new name. (Default extension: sty)
    
    ! Emergency stop.
    <read *>
    
    l.14 ^^M
    
    ! ==> Fatal error occurred, no output PDF file produced!
    Calls: buildVignettes -> texi2pdf -> texi2dvi
    Execution halted
Flavor: r-release-osx-x86_64