CRAN Package Check Results for Package gamboostLSS

Last updated on 2017-03-30 19:47:44.

Flavor Version Tinstall Tcheck Ttotal Status Flags
r-devel-linux-x86_64-debian-clang 1.2-2 3.47 168.25 171.72 OK
r-devel-linux-x86_64-debian-gcc 1.2-2 3.50 160.81 164.31 OK
r-devel-linux-x86_64-fedora-clang 1.2-2 388.71 OK --no-stop-on-test-error
r-devel-linux-x86_64-fedora-gcc 1.2-2 360.52 OK --no-stop-on-test-error
r-devel-macos-x86_64-clang 1.2-2 232.94 OK --no-stop-on-test-error
r-devel-windows-ix86+x86_64 1.2-2 11.00 264.00 275.00 OK
r-patched-linux-x86_64 1.2-2 3.55 160.58 164.12 OK
r-patched-solaris-sparc 1.2-2 1300.00 NOTE --no-vignettes
r-release-linux-x86_64 1.2-2 3.56 152.32 155.87 OK
r-release-osx-x86_64-mavericks 1.2-2 OK
r-release-windows-ix86+x86_64 1.2-2 21.00 314.00 335.00 OK
r-oldrel-windows-ix86+x86_64 1.2-2 13.00 466.00 479.00 OK

Check Details

Version: 1.2-2
Flags: --no-vignettes
Check: package dependencies
Result: NOTE
    Package suggested but not available for checking: ‘R2BayesX’
Flavor: r-patched-solaris-sparc