CRAN Package Check Results for Package gamboostLSS

Last updated on 2016-06-01 00:47:20.

Flavor Version Tinstall Tcheck Ttotal Status Flags
r-devel-linux-x86_64-debian-gcc 1.2-1 4.62 163.86 168.48 OK
r-devel-linux-x86_64-fedora-clang 1.2-1 363.44 OK
r-devel-linux-x86_64-fedora-gcc 1.2-1 315.52 OK
r-devel-osx-x86_64-clang 1.2-1 285.02 OK
r-devel-windows-ix86+x86_64 1.2-1 18.00 265.00 283.00 OK
r-patched-linux-x86_64 1.2-1 4.04 161.09 165.13 OK
r-patched-solaris-sparc 1.2-1 1143.70 NOTE --no-vignettes
r-patched-solaris-x86 1.2-1 239.80 NOTE --no-vignettes
r-release-linux-x86_64 1.2-1 4.26 158.32 162.58 OK
r-release-osx-x86_64-mavericks 1.2-1 OK
r-release-windows-ix86+x86_64 1.2-1 15.00 262.00 277.00 OK
r-oldrel-windows-ix86+x86_64 1.2-1 12.00 380.00 392.00 OK

Check Details

Version: 1.2-1
Flags: --no-vignettes
Check: package dependencies
Result: NOTE
    Package suggested but not available for checking: ‘R2BayesX’
Flavors: r-patched-solaris-sparc, r-patched-solaris-x86