CRAN Package Check Results for Package gamboostLSS

Last updated on 2016-07-30 12:48:11.

Flavor Version Tinstall Tcheck Ttotal Status Flags
r-devel-linux-x86_64-debian-clang 1.2-1 4.30 185.58 189.87 OK
r-devel-linux-x86_64-debian-gcc 1.2-1 3.97 179.51 183.48 OK
r-devel-linux-x86_64-fedora-clang 1.2-1 320.12 OK
r-devel-linux-x86_64-fedora-gcc 1.2-1 304.10 OK
r-devel-osx-x86_64-clang 1.2-1 212.44 OK
r-devel-windows-ix86+x86_64 1.2-1 10.00 263.00 273.00 OK
r-patched-linux-x86_64 1.2-1 4.04 175.52 179.56 OK
r-patched-solaris-sparc 1.2-1 1138.70 NOTE --no-vignettes
r-patched-solaris-x86 1.2-1 237.80 NOTE --no-vignettes
r-release-linux-x86_64 1.2-1 4.83 192.10 196.93 OK
r-release-osx-x86_64-mavericks 1.2-1 OK
r-release-windows-ix86+x86_64 1.2-1 15.00 343.00 358.00 OK
r-oldrel-windows-ix86+x86_64 1.2-1 17.00 372.00 389.00 OK

Check Details

Version: 1.2-1
Flags: --no-vignettes
Check: package dependencies
Result: NOTE
    Package suggested but not available for checking: ‘R2BayesX’
Flavors: r-patched-solaris-sparc, r-patched-solaris-x86