CRAN Package Check Results for Package gamboostLSS

Last updated on 2016-08-25 10:47:22.

Flavor Version Tinstall Tcheck Ttotal Status Flags
r-devel-linux-x86_64-debian-clang 1.2-1 4.15 184.27 188.42 OK
r-devel-linux-x86_64-debian-gcc 1.2-1 4.12 173.35 177.46 OK
r-devel-linux-x86_64-fedora-clang 1.2-1 348.26 OK
r-devel-linux-x86_64-fedora-gcc 1.2-1 326.34 OK
r-devel-osx-x86_64-clang 1.2-1 212.50 OK
r-devel-windows-ix86+x86_64 1.2-1 14.00 239.00 253.00 OK
r-patched-linux-x86_64 1.2-1 3.92 174.38 178.31 OK
r-patched-solaris-sparc 1.2-1 1138.70 NOTE --no-vignettes
r-patched-solaris-x86 1.2-1 243.90 NOTE --no-vignettes
r-release-linux-x86_64 1.2-1 4.01 178.28 182.29 OK
r-release-osx-x86_64-mavericks 1.2-1 OK
r-release-windows-ix86+x86_64 1.2-1 13.00 245.00 258.00 OK
r-oldrel-windows-ix86+x86_64 1.2-1 12.00 379.00 391.00 OK

Check Details

Version: 1.2-1
Flags: --no-vignettes
Check: package dependencies
Result: NOTE
    Package suggested but not available for checking: ‘R2BayesX’
Flavors: r-patched-solaris-sparc, r-patched-solaris-x86