CRAN Package Check Results for Package gamboostLSS

Last updated on 2016-12-03 15:47:25.

Flavor Version Tinstall Tcheck Ttotal Status Flags
r-devel-linux-x86_64-debian-clang 1.2-2 3.60 193.74 197.35 OK
r-devel-linux-x86_64-debian-gcc 1.2-2 3.79 186.99 190.78 OK
r-devel-linux-x86_64-fedora-clang 1.2-2 382.49 OK
r-devel-linux-x86_64-fedora-gcc 1.2-2 371.50 OK
r-devel-macos-x86_64-clang 1.2-2 231.05 OK
r-devel-windows-ix86+x86_64 1.2-2 9.00 253.00 262.00 OK
r-patched-linux-x86_64 1.2-2 3.38 172.03 175.41 OK
r-patched-solaris-sparc 1.2-2 1088.40 NOTE --no-vignettes
r-patched-solaris-x86 1.2-2 239.90 NOTE --no-vignettes
r-release-linux-x86_64 1.2-2 3.24 171.72 174.96 OK
r-release-osx-x86_64-mavericks 1.2-2 OK
r-release-windows-ix86+x86_64 1.2-2 12.00 326.00 338.00 OK
r-oldrel-windows-ix86+x86_64 1.2-2 12.00 441.00 453.00 OK

Check Details

Version: 1.2-2
Flags: --no-vignettes
Check: package dependencies
Result: NOTE
    Package suggested but not available for checking: ‘R2BayesX’
Flavors: r-patched-solaris-sparc, r-patched-solaris-x86