CRAN Package Check Results for Package gamboostLSS

Last updated on 2014-11-21 17:48:03.

Flavor Version Tinstall Tcheck Ttotal Status Flags
r-devel-linux-x86_64-debian-clang 1.1-2 3.65 82.48 86.13 NOTE
r-devel-linux-x86_64-debian-gcc 1.1-2 3.57 81.99 85.56 NOTE
r-devel-linux-x86_64-fedora-clang 1.1-2 196.59 NOTE
r-devel-linux-x86_64-fedora-gcc 1.1-2 189.19 NOTE
r-devel-osx-x86_64-clang 1.1-2 150.06 NOTE
r-devel-windows-ix86+x86_64 1.1-2 10.00 122.00 132.00 NOTE
r-patched-linux-x86_64 1.1-2 4.16 85.43 89.59 NOTE
r-patched-solaris-sparc 1.1-2 1096.30 NOTE
r-patched-solaris-x86 1.1-2 250.80 NOTE
r-release-linux-ix86 1.1-2 4.44 100.42 104.86 NOTE
r-release-linux-x86_64 1.1-2 4.71 83.57 88.28 NOTE
r-release-osx-x86_64-mavericks 1.1-2 OK
r-release-osx-x86_64-snowleopard 1.1-2 OK
r-release-windows-ix86+x86_64 1.1-2 13.00 126.00 139.00 NOTE
r-oldrel-windows-ix86+x86_64 1.1-2 10.00 115.00 125.00 OK

Check Details

Version: 1.1-2
Check: R code for possible problems
Result: NOTE
    as.families: no visible global function definition for ‘gamlss.family’
    cvrisk.mboostLSS: no visible binding for global variable ‘mclapply’
    gamlss1parMu: no visible global function definition for
     ‘as.gamlss.family’
    gamlss2parMu: no visible global function definition for
     ‘as.gamlss.family’
    gamlss2parSigma: no visible global function definition for
     ‘as.gamlss.family’
    gamlss3parMu: no visible global function definition for
     ‘as.gamlss.family’
    gamlss3parNu: no visible global function definition for
     ‘as.gamlss.family’
    gamlss3parSigma: no visible global function definition for
     ‘as.gamlss.family’
    gamlss4parMu: no visible global function definition for
     ‘as.gamlss.family’
    gamlss4parNu: no visible global function definition for
     ‘as.gamlss.family’
    gamlss4parSigma: no visible global function definition for
     ‘as.gamlss.family’
    gamlss4parTau: no visible global function definition for
     ‘as.gamlss.family’
    qBeta: no visible global function definition for ‘qBE’
    qGamma: no visible global function definition for ‘qGA’
    qNBinomial: no visible global function definition for ‘qNBI’
Flavors: r-devel-linux-x86_64-debian-clang, r-devel-linux-x86_64-debian-gcc, r-devel-linux-x86_64-fedora-clang, r-devel-linux-x86_64-fedora-gcc, r-devel-osx-x86_64-clang, r-devel-windows-ix86+x86_64, r-patched-linux-x86_64, r-patched-solaris-sparc, r-patched-solaris-x86, r-release-linux-ix86, r-release-linux-x86_64, r-release-windows-ix86+x86_64