CRAN Package Check Results for Package gamboostLSS

Last updated on 2017-02-25 23:47:40.

Flavor Version Tinstall Tcheck Ttotal Status Flags
r-devel-linux-x86_64-debian-clang 1.2-2 3.84 175.21 179.04 OK
r-devel-linux-x86_64-debian-gcc 1.2-2 3.64 159.80 163.44 OK
r-devel-linux-x86_64-fedora-clang 1.2-2 400.71 OK --no-stop-on-test-error
r-devel-linux-x86_64-fedora-gcc 1.2-2 362.31 OK --no-stop-on-test-error
r-devel-macos-x86_64-clang 1.2-2 234.51 OK --no-stop-on-test-error
r-devel-windows-ix86+x86_64 1.2-2 16.00 326.00 342.00 OK
r-patched-linux-x86_64 1.2-2 3.18 153.63 156.81 OK
r-patched-solaris-sparc 1.2-2 1147.20 NOTE --no-vignettes
r-patched-solaris-x86 1.2-2 240.30 NOTE --no-vignettes
r-release-linux-x86_64 1.2-2 3.22 152.99 156.22 OK
r-release-osx-x86_64-mavericks 1.2-2 OK
r-release-windows-ix86+x86_64 1.2-2 13.00 248.00 261.00 OK
r-oldrel-windows-ix86+x86_64 1.2-2 14.00 437.00 451.00 OK

Check Details

Version: 1.2-2
Flags: --no-vignettes
Check: package dependencies
Result: NOTE
    Package suggested but not available for checking: ‘R2BayesX’
Flavors: r-patched-solaris-sparc, r-patched-solaris-x86