CRAN Package Check Results for Package gamboostLSS

Last updated on 2014-12-21 03:48:15.

Flavor Version Tinstall Tcheck Ttotal Status Flags
r-devel-linux-x86_64-debian-clang 1.1-2 3.66 81.57 85.23 NOTE
r-devel-linux-x86_64-debian-gcc 1.1-2 3.50 78.88 82.38 NOTE
r-devel-linux-x86_64-fedora-clang 1.1-2 199.54 NOTE
r-devel-linux-x86_64-fedora-gcc 1.1-2 179.30 NOTE
r-devel-osx-x86_64-clang 1.1-2 149.71 NOTE
r-devel-windows-ix86+x86_64 1.1-2 10.00 111.00 121.00 NOTE
r-patched-linux-x86_64 1.1-2 3.76 83.43 87.19 NOTE
r-patched-solaris-sparc 1.1-2 1096.30 NOTE
r-patched-solaris-x86 1.1-2 249.90 NOTE
r-release-linux-ix86 1.1-2 4.41 100.58 105.00 NOTE
r-release-linux-x86_64 1.1-2 3.78 83.50 87.27 NOTE
r-release-osx-x86_64-mavericks 1.1-2 OK
r-release-osx-x86_64-snowleopard 1.1-2 OK
r-release-windows-ix86+x86_64 1.1-2 12.00 121.00 133.00 NOTE
r-oldrel-windows-ix86+x86_64 1.1-2 11.00 119.00 130.00 OK

Check Details

Version: 1.1-2
Check: R code for possible problems
Result: NOTE
    as.families: no visible global function definition for ‘gamlss.family’
    cvrisk.mboostLSS: no visible binding for global variable ‘mclapply’
    gamlss1parMu: no visible global function definition for
     ‘as.gamlss.family’
    gamlss2parMu: no visible global function definition for
     ‘as.gamlss.family’
    gamlss2parSigma: no visible global function definition for
     ‘as.gamlss.family’
    gamlss3parMu: no visible global function definition for
     ‘as.gamlss.family’
    gamlss3parNu: no visible global function definition for
     ‘as.gamlss.family’
    gamlss3parSigma: no visible global function definition for
     ‘as.gamlss.family’
    gamlss4parMu: no visible global function definition for
     ‘as.gamlss.family’
    gamlss4parNu: no visible global function definition for
     ‘as.gamlss.family’
    gamlss4parSigma: no visible global function definition for
     ‘as.gamlss.family’
    gamlss4parTau: no visible global function definition for
     ‘as.gamlss.family’
    qBeta: no visible global function definition for ‘qBE’
    qGamma: no visible global function definition for ‘qGA’
    qNBinomial: no visible global function definition for ‘qNBI’
Flavors: r-devel-linux-x86_64-debian-clang, r-devel-linux-x86_64-debian-gcc, r-devel-linux-x86_64-fedora-clang, r-devel-linux-x86_64-fedora-gcc, r-devel-osx-x86_64-clang, r-devel-windows-ix86+x86_64, r-patched-linux-x86_64, r-patched-solaris-sparc, r-patched-solaris-x86, r-release-linux-ix86, r-release-linux-x86_64, r-release-windows-ix86+x86_64