CRAN Package Check Results for Package gamboostLSS

Last updated on 2014-10-25 11:48:36.

Flavor Version Tinstall Tcheck Ttotal Status Flags
r-devel-linux-x86_64-debian-clang 1.1-2 3.70 81.78 85.48 NOTE
r-devel-linux-x86_64-debian-gcc 1.1-2 3.60 82.60 86.20 NOTE
r-devel-linux-x86_64-fedora-clang 1.1-2 202.18 NOTE
r-devel-linux-x86_64-fedora-gcc 1.1-2 192.33 NOTE
r-devel-osx-x86_64-clang 1.1-2 147.93 NOTE
r-devel-windows-ix86+x86_64 1.1-2 9.00 105.00 114.00 NOTE
r-patched-linux-x86_64 1.1-2 3.77 84.00 87.77 NOTE
r-patched-solaris-sparc 1.1-2 1096.30 NOTE
r-patched-solaris-x86 1.1-2 248.60 NOTE
r-release-linux-ix86 1.1-2 4.64 107.03 111.66 OK
r-release-linux-x86_64 1.1-2 4.25 85.78 90.02 OK
r-release-osx-x86_64-mavericks 1.1-2 OK
r-release-osx-x86_64-snowleopard 1.1-2 OK
r-release-windows-ix86+x86_64 1.1-2 11.00 122.00 133.00 OK
r-oldrel-windows-ix86+x86_64 1.1-2 10.00 126.00 136.00 OK

Check Details

Version: 1.1-2
Check: R code for possible problems
Result: NOTE
    as.families: no visible global function definition for ‘gamlss.family’
    cvrisk.mboostLSS: no visible binding for global variable ‘mclapply’
    gamlss1parMu: no visible global function definition for
     ‘as.gamlss.family’
    gamlss2parMu: no visible global function definition for
     ‘as.gamlss.family’
    gamlss2parSigma: no visible global function definition for
     ‘as.gamlss.family’
    gamlss3parMu: no visible global function definition for
     ‘as.gamlss.family’
    gamlss3parNu: no visible global function definition for
     ‘as.gamlss.family’
    gamlss3parSigma: no visible global function definition for
     ‘as.gamlss.family’
    gamlss4parMu: no visible global function definition for
     ‘as.gamlss.family’
    gamlss4parNu: no visible global function definition for
     ‘as.gamlss.family’
    gamlss4parSigma: no visible global function definition for
     ‘as.gamlss.family’
    gamlss4parTau: no visible global function definition for
     ‘as.gamlss.family’
    qBeta: no visible global function definition for ‘qBE’
    qGamma: no visible global function definition for ‘qGA’
    qNBinomial: no visible global function definition for ‘qNBI’
Flavors: r-devel-linux-x86_64-debian-clang, r-devel-linux-x86_64-debian-gcc, r-devel-linux-x86_64-fedora-clang, r-devel-linux-x86_64-fedora-gcc, r-devel-osx-x86_64-clang, r-devel-windows-ix86+x86_64, r-patched-linux-x86_64, r-patched-solaris-sparc, r-patched-solaris-x86