CRAN Package Check Results for Package gamboostMSM

Last updated on 2020-07-04 14:48:17 CEST.

Flavor Version Tinstall Tcheck Ttotal Status Flags
r-devel-linux-x86_64-debian-clang 1.1.87 7.40 60.63 68.03 NOTE
r-devel-linux-x86_64-debian-gcc 1.1.87 6.26 47.46 53.72 NOTE
r-devel-linux-x86_64-fedora-clang 1.1.87 88.67 NOTE
r-devel-linux-x86_64-fedora-gcc 1.1.87 80.82 NOTE
r-devel-windows-ix86+x86_64 1.1.87 20.00 103.00 123.00 NOTE
r-patched-linux-x86_64 1.1.87 7.77 58.92 66.69 NOTE
r-patched-solaris-x86 1.1.87 124.60 NOTE
r-release-linux-x86_64 1.1.87 8.40 59.44 67.84 NOTE
r-release-osx-x86_64 1.1.87 NOTE
r-release-windows-ix86+x86_64 1.1.87 16.00 65.00 81.00 NOTE
r-oldrel-osx-x86_64 1.1.87 NOTE
r-oldrel-windows-ix86+x86_64 1.1.87 50.00 89.00 139.00 NOTE

Check Details

Version: 1.1.87
Check: DESCRIPTION meta-information
Result: NOTE
    Malformed Description field: should contain one or more complete sentences.
Flavors: r-devel-linux-x86_64-debian-clang, r-devel-linux-x86_64-debian-gcc, r-devel-linux-x86_64-fedora-clang, r-devel-linux-x86_64-fedora-gcc, r-devel-windows-ix86+x86_64, r-patched-linux-x86_64, r-patched-solaris-x86, r-release-linux-x86_64, r-release-osx-x86_64, r-release-windows-ix86+x86_64, r-oldrel-osx-x86_64, r-oldrel-windows-ix86+x86_64

Version: 1.1.87
Check: R code for possible problems
Result: NOTE
    cvriskMSM: no visible global function definition for 'predict'
    plotcvriskMSM: no visible binding for global variable 'lines'
    plotcvriskMSM: no visible global function definition for 'lines'
    Undefined global functions or variables:
     lines predict
    Consider adding
     importFrom("graphics", "lines")
     importFrom("stats", "predict")
    to your NAMESPACE file.
Flavors: r-devel-linux-x86_64-debian-clang, r-devel-linux-x86_64-debian-gcc, r-devel-linux-x86_64-fedora-clang, r-devel-linux-x86_64-fedora-gcc, r-devel-windows-ix86+x86_64, r-patched-linux-x86_64, r-patched-solaris-x86, r-release-linux-x86_64, r-release-osx-x86_64, r-release-windows-ix86+x86_64

Version: 1.1.87
Check: R code for possible problems
Result: NOTE
    cvriskMSM: no visible global function definition for ‘predict’
    plotcvriskMSM: no visible global function definition for ‘plot’
    plotcvriskMSM: no visible binding for global variable ‘lines’
    plotcvriskMSM: no visible global function definition for ‘lines’
    Undefined global functions or variables:
     lines plot predict
    Consider adding
     importFrom("graphics", "lines", "plot")
     importFrom("stats", "predict")
    to your NAMESPACE file.
Flavors: r-oldrel-osx-x86_64, r-oldrel-windows-ix86+x86_64