CRAN Package Check Results for Package gamclass

Last updated on 2015-03-27 12:48:32.

Flavor Version Tinstall Tcheck Ttotal Status Flags
r-devel-linux-x86_64-debian-clang 0.55 6.94 229.98 236.92 NOTE
r-devel-linux-x86_64-debian-gcc 0.55 6.70 219.32 226.02 NOTE
r-devel-linux-x86_64-fedora-clang 0.55 431.19 NOTE
r-devel-linux-x86_64-fedora-gcc 0.55 408.72 NOTE
r-devel-osx-x86_64-clang 0.55 390.17 NOTE
r-prerel-windows-ix86+x86_64 0.55 16.00 285.00 301.00 NOTE
r-prerel-linux-x86_64 0.55 7.36 219.20 226.56 NOTE
r-prerel-solaris-sparc 0.55 2770.20 NOTE
r-prerel-solaris-x86 0.55 584.40 NOTE
r-release-linux-x86_64 0.55 9.44 256.84 266.29 OK
r-release-osx-x86_64-mavericks 0.55 OK
r-release-osx-x86_64-snowleopard 0.55 OK
r-release-windows-ix86+x86_64 0.55 22.00 345.00 367.00 OK
r-oldrel-windows-ix86+x86_64 0.55 24.00 351.00 375.00 OK

Check Details

Version: 0.55
Check: DESCRIPTION meta-information
Result: NOTE
    Malformed Description field: should contain one or more complete sentences.
Flavors: r-devel-linux-x86_64-debian-clang, r-devel-linux-x86_64-debian-gcc, r-devel-linux-x86_64-fedora-clang, r-devel-linux-x86_64-fedora-gcc, r-devel-osx-x86_64-clang, r-prerel-windows-ix86+x86_64, r-prerel-linux-x86_64, r-prerel-solaris-sparc, r-prerel-solaris-x86