CRAN Package Check Results for Package gamclass

Last updated on 2017-04-27 05:51:42.

Flavor Version Tinstall Tcheck Ttotal Status Flags
r-devel-linux-x86_64-debian-clang 0.56 7.09 157.42 164.51 OK
r-devel-linux-x86_64-debian-gcc 0.56 6.78 152.95 159.74 OK
r-devel-linux-x86_64-fedora-clang 0.56 304.97 OK --no-stop-on-test-error
r-devel-linux-x86_64-fedora-gcc 0.56 300.85 OK --no-stop-on-test-error
r-devel-windows-ix86+x86_64 0.56 18.00 344.00 362.00 OK
r-patched-linux-x86_64 0.56 7.17 155.00 162.17 OK
r-patched-solaris-sparc 0.56 1848.50 OK
r-patched-solaris-x86 0.56 407.80 OK
r-release-linux-x86_64 0.56 7.37 152.40 159.77 OK
r-release-windows-ix86+x86_64 0.56 18.00 254.00 272.00 OK
r-release-osx-x86_64 0.56 NOTE
r-oldrel-windows-ix86+x86_64 0.56 17.00 222.00 239.00 OK
r-oldrel-osx-x86_64 0.56 OK

Check Details

Version: 0.56
Check: package dependencies
Result: NOTE
    Package suggested but not available for checking: ‘DAAGbio’
Flavor: r-release-osx-x86_64