CRAN Package Check Results for Package gamclass

Last updated on 2015-02-26 23:47:43.

Flavor Version Tinstall Tcheck Ttotal Status Flags
r-devel-linux-x86_64-debian-clang 0.55 6.76 225.22 231.98 NOTE
r-devel-linux-x86_64-debian-gcc 0.55 6.57 220.22 226.79 NOTE
r-devel-linux-x86_64-fedora-clang 0.55 434.18 NOTE
r-devel-linux-x86_64-fedora-gcc 0.55 406.15 NOTE
r-devel-osx-x86_64-clang 0.55 373.67 NOTE
r-devel-windows-ix86+x86_64 0.55 22.00 293.00 315.00 NOTE
r-patched-linux-x86_64 0.55 9.62 257.00 266.62 OK
r-patched-solaris-sparc 0.55 2912.20 OK
r-patched-solaris-x86 0.55 708.80 OK
r-release-linux-ix86 0.55 12.39 310.38 322.76 OK
r-release-linux-x86_64 0.55 10.11 0.25 10.36 OK
r-release-osx-x86_64-mavericks 0.55 OK
r-release-osx-x86_64-snowleopard 0.55 OK
r-release-windows-ix86+x86_64 0.55 24.00 354.00 378.00 OK
r-oldrel-windows-ix86+x86_64 0.55 22.00 374.00 396.00 OK

Check Details

Version: 0.55
Check: DESCRIPTION meta-information
Result: NOTE
    Malformed Description field: should contain one or more complete sentences.
Flavors: r-devel-linux-x86_64-debian-clang, r-devel-linux-x86_64-debian-gcc, r-devel-linux-x86_64-fedora-clang, r-devel-linux-x86_64-fedora-gcc, r-devel-osx-x86_64-clang, r-devel-windows-ix86+x86_64