CRAN Package Check Results for Package gamclass

Last updated on 2017-06-25 18:47:28.

Flavor Version Tinstall Tcheck Ttotal Status Flags
r-devel-linux-x86_64-debian-clang 0.56 6.94 154.04 160.98 OK
r-devel-linux-x86_64-debian-gcc 0.56 6.89 153.39 160.29 OK
r-devel-linux-x86_64-fedora-clang 0.56 301.35 OK
r-devel-linux-x86_64-fedora-gcc 0.56 294.17 OK
r-devel-windows-ix86+x86_64 0.56 22.00 318.00 340.00 OK
r-patched-linux-x86_64 0.56 6.85 151.72 158.57 OK
r-patched-solaris-sparc 0.56 1848.50 OK
r-patched-solaris-x86 0.56 405.30 OK
r-release-linux-x86_64 0.56 7.17 152.88 160.05 OK
r-release-windows-ix86+x86_64 0.56 28.00 315.00 343.00 OK
r-release-osx-x86_64 0.56 NOTE
r-oldrel-windows-ix86+x86_64 0.56 17.00 289.00 306.00 OK
r-oldrel-osx-x86_64 0.56 OK

Check Details

Version: 0.56
Check: package dependencies
Result: NOTE
    Package suggested but not available for checking: ‘DAAGbio’
Flavor: r-release-osx-x86_64