CRAN Package Check Results for Package gamclass

Last updated on 2017-08-16 16:46:34.

Flavor Version Tinstall Tcheck Ttotal Status Flags
r-devel-linux-x86_64-debian-clang 0.56 6.68 145.98 152.67 OK
r-devel-linux-x86_64-debian-gcc 0.56 6.62 144.88 151.50 OK
r-devel-linux-x86_64-fedora-clang 0.56 309.94 OK
r-devel-linux-x86_64-fedora-gcc 0.56 306.21 OK
r-devel-windows-ix86+x86_64 0.56 16.00 267.00 283.00 OK
r-patched-linux-x86_64 0.56 7.40 147.14 154.54 OK
r-patched-solaris-x86 0.56 406.20 OK
r-release-linux-x86_64 0.56 6.72 144.72 151.43 OK
r-release-windows-ix86+x86_64 0.56 18.00 308.00 326.00 OK
r-release-osx-x86_64 0.56 NOTE
r-oldrel-windows-ix86+x86_64 0.56 16.00 212.00 228.00 OK
r-oldrel-osx-x86_64 0.56 OK

Check Details

Version: 0.56
Check: package dependencies
Result: NOTE
    Package suggested but not available for checking: ‘DAAGbio’
Flavor: r-release-osx-x86_64