CRAN Package Check Results for Package gamclass

Last updated on 2014-08-29 03:47:09.

Flavor Version Tinstall Tcheck Ttotal Status Flags
r-devel-linux-x86_64-debian-clang 0.55 7.20 228.13 235.32 OK
r-devel-linux-x86_64-debian-gcc 0.55 7.38 213.90 221.28 OK
r-devel-linux-x86_64-fedora-clang 0.55 493.58 OK
r-devel-linux-x86_64-fedora-gcc 0.55 459.23 OK
r-devel-osx-x86_64-clang 0.55 378.15 OK
r-devel-windows-ix86+x86_64 0.55 18.00 298.00 316.00 OK
r-patched-linux-x86_64 0.55 7.15 228.24 235.39 OK
r-patched-solaris-sparc 0.55 2637.60 OK
r-patched-solaris-x86 0.55 567.40 OK
r-release-linux-ix86 0.55 9.89 282.48 292.37 OK
r-release-linux-x86_64 0.55 7.30 227.11 234.42 OK
r-release-osx-x86_64-mavericks 0.55 OK
r-release-osx-x86_64-snowleopard 0.52 ERROR
r-release-windows-ix86+x86_64 0.55 18.00 313.00 331.00 OK
r-oldrel-windows-ix86+x86_64 0.55 17.00 308.00 325.00 OK

Check Details

Version: 0.52
Check: package dependencies
Result: NOTE
    Package suggested but not available for checking: ‘DAAGbio’
Flavor: r-release-osx-x86_64-snowleopard

Version: 0.52
Check: whether package can be installed
Result: ERROR
    Installation failed.
Flavor: r-release-osx-x86_64-snowleopard