CRAN Package Check Results for Package gamclass

Last updated on 2017-10-21 18:47:11.

Flavor Version Tinstall Tcheck Ttotal Status Flags
r-devel-linux-x86_64-debian-clang 0.56 7.23 146.34 153.57 OK
r-devel-linux-x86_64-debian-gcc 0.56 7.07 159.12 166.19 OK
r-devel-linux-x86_64-fedora-clang 0.56 310.44 OK
r-devel-linux-x86_64-fedora-gcc 0.56 316.35 OK
r-devel-windows-ix86+x86_64 0.56 17.00 350.00 367.00 OK
r-patched-linux-x86_64 0.56 7.11 148.04 155.15 OK
r-patched-solaris-x86 0.56 436.70 OK
r-release-linux-x86_64 0.56 7.30 149.02 156.32 OK
r-release-windows-ix86+x86_64 0.56 25.00 328.00 353.00 OK
r-release-osx-x86_64 0.56 NOTE
r-oldrel-windows-ix86+x86_64 0.56 24.00 292.00 316.00 OK
r-oldrel-osx-x86_64 0.56 OK

Check Details

Version: 0.56
Check: package dependencies
Result: NOTE
    Package suggested but not available for checking: ‘DAAGbio’
Flavor: r-release-osx-x86_64