CRAN Package Check Results for Package gamclass

Last updated on 2018-02-25 19:48:59 CET.

Flavor Version Tinstall Tcheck Ttotal Status Flags
r-devel-linux-x86_64-debian-clang 0.56 9.30 218.70 228.00 OK
r-devel-linux-x86_64-debian-gcc 0.56 7.94 173.41 181.35 OK
r-devel-linux-x86_64-fedora-clang 0.56 281.87 NOTE
r-devel-linux-x86_64-fedora-gcc 0.56 276.63 NOTE
r-devel-windows-ix86+x86_64 0.56 21.00 301.00 322.00 OK
r-patched-linux-x86_64 0.56 8.22 237.39 245.61 OK
r-patched-solaris-x86 0.56 418.80 OK
r-release-linux-x86_64 0.56 9.51 235.67 245.18 OK
r-release-windows-ix86+x86_64 0.56 24.00 323.00 347.00 OK
r-release-osx-x86_64 0.56 NOTE
r-oldrel-windows-ix86+x86_64 0.56 16.00 241.00 257.00 OK
r-oldrel-osx-x86_64 0.56 OK

Check Details

Version: 0.56
Check: package dependencies
Result: NOTE
    Package suggested but not available for checking: ‘DAAGbio’
Flavors: r-devel-linux-x86_64-fedora-clang, r-devel-linux-x86_64-fedora-gcc, r-release-osx-x86_64