CRAN Package Check Results for Package gamclass

Last updated on 2014-04-25 05:47:16.

Flavor Version Tinstall Tcheck Ttotal Status Flags
r-devel-linux-x86_64-debian-clang 0.52 7.17 203.71 210.88 OK
r-devel-linux-x86_64-debian-gcc 0.52 7.15 199.27 206.42 OK
r-devel-linux-x86_64-fedora-clang 0.52 440.53 OK
r-devel-linux-x86_64-fedora-gcc 0.52 428.50 OK
r-devel-osx-x86_64-clang 0.52 317.77 OK
r-devel-osx-x86_64-gcc 0.52 ERROR
r-devel-windows-ix86+x86_64 0.52 16.00 256.00 272.00 OK
r-patched-linux-x86_64 0.52 7.17 204.11 211.28 OK
r-patched-solaris-sparc 0.52 2504.20 OK
r-patched-solaris-x86 0.52 573.30 OK
r-release-linux-ix86 0.52 13.00 315.00 328.00 OK
r-release-linux-x86_64 0.52 7.18 201.82 209.00 OK
r-release-osx-x86_64-mavericks 0.52 WARN
r-release-osx-x86_64-snowleopard 0.52 ERROR
r-release-windows-ix86+x86_64 0.52 15.00 269.00 284.00 OK
r-oldrel-windows-ix86+x86_64 0.52 16.00 277.00 293.00 OK

Check Details

Version: 0.52
Check: package dependencies
Result: ERROR
    Packages required but not available: ‘car’ ‘DAAG’ ‘latticeExtra’
    
    Packages suggested but not available for checking:
     ‘quantreg’ ‘forecast’ ‘Ecdat’ ‘DAAGbio’ ‘knitr’
    
    Files named as vignettes but with no recognized vignette engine:
     ‘inst/doc/figs1.Rnw’
     ‘inst/doc/figs2.Rnw’
     ‘inst/doc/figs3.Rnw’
     ‘inst/doc/figs4.Rnw’
     ‘inst/doc/figs5.Rnw’
     ‘inst/doc/figs6.Rnw’
     ‘inst/doc/figs7.Rnw’
     ‘inst/doc/figs8.Rnw’
     ‘inst/doc/figs9.Rnw’
    (Is a VignetteBuilder field missing?)
    
    See the information on DESCRIPTION files in the chapter ‘Creating R
    packages’ of the ‘Writing R Extensions’ manual.
Flavor: r-devel-osx-x86_64-gcc

Version: 0.52
Check: package dependencies
Result: NOTE
    Packages suggested but not available for checking: ‘forecast’ ‘DAAGbio’
Flavor: r-release-osx-x86_64-mavericks

Version: 0.52
Check: running R code from vignettes
Result: WARNING
    Errors in running code in vignettes:
    when running code in ‘figs6.Rnw’
     ...
    > fig6.14()
    
    > fig6.15()
    Loading required package: forecast
    Warning in library(package, lib.loc = lib.loc, character.only = TRUE, logical.return = TRUE, :
     there is no package called ‘forecast’
    
     When sourcing ‘figs6.R’:
    Error: Package 'forecast' must be installed
    Execution halted
    when running code in ‘figs9.Rnw’
     ...
     there is no package called ‘DAAGbio’
    
    > if (any(!z)) {
    + notAvail <- paste(names(z)[!z], collapse = ", ")
    + stop(paste("The following packages should be installed:",
    + not .... [TRUNCATED]
    
     When sourcing ‘figs9.R’:
    Error: The following packages should be installed: DAAGbio
    Execution halted
Flavor: r-release-osx-x86_64-mavericks

Version: 0.52
Check: re-building of vignette outputs
Result: NOTE
    Error in re-building vignettes:
     ...
    Warning: running command 'kpsewhich framed.sty' had status 1
    Warning in test_latex_pkg("framed", system.file("misc", "framed.sty", package = "knitr")) :
     unable to find LaTeX package 'framed'; will use a copy from knitr
    Quitting from lines 542-543 (figs6.Rnw)
    Error: processing vignette 'figs6.Rnw' failed with diagnostics:
    Package 'forecast' must be installed
    Execution halted
Flavor: r-release-osx-x86_64-mavericks

Version: 0.52
Check: PDF version of manual
Result: WARNING
    LaTeX errors when creating PDF version.
    This typically indicates Rd problems.
    LaTeX errors found:
    ! LaTeX Error: File `upquote.sty' not found.
    
    Type X to quit or <RETURN> to proceed,
    or enter new name. (Default extension: sty)
    
    0fe8cbd/Rd2.tex:8: ==> Fatal error occurred, no output PDF file produced!
Flavor: r-release-osx-x86_64-mavericks

Version: 0.52
Check: package dependencies
Result: NOTE
    Package suggested but not available for checking: ‘DAAGbio’
Flavor: r-release-osx-x86_64-snowleopard

Version: 0.52
Check: whether package can be installed
Result: ERROR
    Installation failed.
    See ‘/Volumes/XT3/Builds/R-dev-web/QA/Simon/packages/snowleopard-x86_64/results/3.1/gamclass.Rcheck/00install.out’ for details.
Flavor: r-release-osx-x86_64-snowleopard