CRAN Package Check Results for Package gamclass

Last updated on 2017-12-13 03:47:51 CET.

Flavor Version Tinstall Tcheck Ttotal Status Flags
r-devel-linux-x86_64-debian-clang 0.56 8.56 220.90 229.46 OK
r-devel-linux-x86_64-debian-gcc 0.56 7.78 178.26 186.04 OK
r-devel-linux-x86_64-fedora-clang 0.56 277.52 OK
r-devel-windows-ix86+x86_64 0.56 19.00 316.00 335.00 OK
r-patched-linux-x86_64 0.56 8.77 231.19 239.96 OK
r-patched-solaris-x86 0.56 425.00 OK
r-release-linux-x86_64 0.56 8.45 232.42 240.87 OK
r-release-windows-ix86+x86_64 0.56 18.00 251.00 269.00 OK
r-release-osx-x86_64 0.56 NOTE
r-oldrel-windows-ix86+x86_64 0.56 17.00 282.00 299.00 OK
r-oldrel-osx-x86_64 0.56 OK

Check Details

Version: 0.56
Check: package dependencies
Result: NOTE
    Package suggested but not available for checking: ‘DAAGbio’
Flavor: r-release-osx-x86_64