CRAN Package Check Results for Package gamclass

Last updated on 2014-07-25 03:49:46.

Flavor Version Tinstall Tcheck Ttotal Status Flags
r-devel-linux-x86_64-debian-clang 0.52 7.00 200.94 207.94 OK
r-devel-linux-x86_64-debian-gcc 0.52 6.85 196.18 203.04 OK
r-devel-linux-x86_64-fedora-clang 0.52 452.53 OK
r-devel-linux-x86_64-fedora-gcc 0.52 440.41 OK
r-devel-osx-x86_64-clang 0.52 344.53 OK
r-devel-windows-ix86+x86_64 0.52 15.00 261.00 276.00 OK
r-patched-linux-x86_64 0.52 7.00 199.25 206.25 OK
r-patched-solaris-sparc 0.52 2504.20 OK
r-patched-solaris-x86 0.52 604.40 OK
r-release-linux-ix86 0.52 9.78 243.58 253.36 OK
r-release-linux-x86_64 0.52 7.09 200.52 207.61 OK
r-release-osx-x86_64-mavericks 0.52 WARN
r-release-osx-x86_64-snowleopard 0.52 ERROR
r-release-windows-ix86+x86_64 0.52 17.00 275.00 292.00 OK
r-oldrel-windows-ix86+x86_64 0.52 16.00 276.00 292.00 OK

Check Details

Version: 0.52
Check: package dependencies
Result: NOTE
    Packages suggested but not available for checking: ‘forecast’ ‘DAAGbio’
Flavor: r-release-osx-x86_64-mavericks

Version: 0.52
Check: running R code from vignettes
Result: WARNING
    Errors in running code in vignettes:
    when running code in ‘figs6.Rnw’
     ...
    > fig6.14()
    
    > fig6.15()
    Loading required package: forecast
    Warning in library(package, lib.loc = lib.loc, character.only = TRUE, logical.return = TRUE, :
     there is no package called ‘forecast’
    
     When sourcing ‘figs6.R’:
    Error: Package 'forecast' must be installed
    Execution halted
    when running code in ‘figs9.Rnw’
     ...
     there is no package called ‘DAAGbio’
    
    > if (any(!z)) {
    + notAvail <- paste(names(z)[!z], collapse = ", ")
    + stop(paste("The following packages should be installed:",
    + not .... [TRUNCATED]
    
     When sourcing ‘figs9.R’:
    Error: The following packages should be installed: DAAGbio
    Execution halted
Flavor: r-release-osx-x86_64-mavericks

Version: 0.52
Check: re-building of vignette outputs
Result: NOTE
    Error in re-building vignettes:
     ...
    Warning: running command 'kpsewhich framed.sty' had status 1
    Warning in test_latex_pkg("framed", system.file("misc", "framed.sty", package = "knitr")) :
     unable to find LaTeX package 'framed'; will use a copy from knitr
    Quitting from lines 542-543 (figs6.Rnw)
    Error: processing vignette 'figs6.Rnw' failed with diagnostics:
    Package 'forecast' must be installed
    Execution halted
Flavor: r-release-osx-x86_64-mavericks

Version: 0.52
Check: package dependencies
Result: NOTE
    Package suggested but not available for checking: ‘DAAGbio’
Flavor: r-release-osx-x86_64-snowleopard

Version: 0.52
Check: whether package can be installed
Result: ERROR
    Installation failed.
    See ‘/Volumes/XT3/Builds/R-dev-web/QA/Simon/packages/snowleopard-x86_64/results/3.1/gamclass.Rcheck/00install.out’ for details.
Flavor: r-release-osx-x86_64-snowleopard