CRAN Package Check Results for Package gamclass

Last updated on 2015-05-25 03:47:38.

Flavor Version Tinstall Tcheck Ttotal Status Flags
r-devel-linux-x86_64-debian-clang 0.55 6.77 147.16 153.92 NOTE
r-devel-linux-x86_64-debian-gcc 0.55 6.71 144.11 150.82 NOTE
r-devel-linux-x86_64-fedora-clang 0.55 291.14 NOTE
r-devel-linux-x86_64-fedora-gcc 0.55 281.09 NOTE
r-devel-osx-x86_64-clang 0.55 253.36 NOTE
r-devel-windows-ix86+x86_64 0.55 16.00 210.00 226.00 NOTE
r-patched-linux-x86_64 0.55 7.42 142.34 149.76 NOTE
r-patched-solaris-sparc 0.55 1827.20 NOTE
r-patched-solaris-x86 0.55 381.00 NOTE
r-release-linux-x86_64 0.55 7.05 143.37 150.42 NOTE
r-release-osx-x86_64-mavericks 0.55 WARN
r-release-osx-x86_64-snowleopard 0.55 ERROR
r-release-windows-ix86+x86_64 0.55 16.00 193.00 209.00 NOTE
r-oldrel-windows-ix86+x86_64 0.55 28.00 235.00 263.00 OK

Check Details

Version: 0.55
Check: DESCRIPTION meta-information
Result: NOTE
    Malformed Description field: should contain one or more complete sentences.
Flavors: r-devel-linux-x86_64-debian-clang, r-devel-linux-x86_64-debian-gcc, r-devel-linux-x86_64-fedora-clang, r-devel-linux-x86_64-fedora-gcc, r-devel-osx-x86_64-clang, r-devel-windows-ix86+x86_64, r-patched-linux-x86_64, r-patched-solaris-sparc, r-patched-solaris-x86, r-release-linux-x86_64, r-release-osx-x86_64-mavericks, r-release-windows-ix86+x86_64

Version: 0.55
Check: package dependencies
Result: NOTE
    Package suggested but not available for checking: ‘Ecdat’
Flavor: r-release-osx-x86_64-mavericks

Version: 0.55
Check: running R code from vignettes
Result: WARN
    Errors in running code in vignettes:
    when running code in ‘figs2.Rnw’
     ...
    + gph <- fig2.2()
    + update(gph, main = list("2.2: Wage data, broken down by worker",
    + fontface = "plain"))
    + }
    Warning in library(package, lib.loc = lib.loc, character.only = TRUE, logical.return = TRUE, :
     there is no package called ‘Ecdat’
    
     When sourcing ‘figs2.R’:
    Error: subscript out of bounds
    Execution halted
    when running code in ‘figs6.Rnw’
     ...
    + if (!require(sp))
    + .... [TRUNCATED]
    Will try to load dataset 'meuse' from package 'sp'Loading required package: sp
    Will try to load dataset 'Electricity' from package 'Ecdat'Loading required package: Ecdat
    Warning in library(package, lib.loc = lib.loc, character.only = TRUE, logical.return = TRUE, :
     there is no package called ‘Ecdat’
    
     When sourcing ‘figs6.R’:
    Error: Package 'Ecdat' is not installed
    Execution halted
Flavor: r-release-osx-x86_64-mavericks

Version: 0.55
Check: re-building of vignette outputs
Result: NOTE
    Error in re-building vignettes:
     ...
    Loading required package: latticeExtra
    Loading required package: RColorBrewer
    Loading required package: DAAGbio
    Loading required package: limma
    Loading required package: oz
    Loading required package: ape
    Quitting from lines 252-255 (figs2.Rnw)
    Error: processing vignette 'figs2.Rnw' failed with diagnostics:
    subscript out of bounds
    Execution halted
Flavor: r-release-osx-x86_64-mavericks

Version: 0.55
Check: package dependencies
Result: ERROR
    Packages required but not available: ‘car’ ‘DAAG’ ‘latticeExtra’
    
    Packages suggested but not available for checking:
     ‘quantreg’ ‘forecast’ ‘Ecdat’ ‘DAAGbio’ ‘knitr’
    
    VignetteBuilder package required for checking but not installed: ‘knitr’
    
    Files named as vignettes but with no recognized vignette engine:
     ‘inst/doc/figs1.Rnw’
     ‘inst/doc/figs10.Rnw’
     ‘inst/doc/figs11.Rnw’
     ‘inst/doc/figs2.Rnw’
     ‘inst/doc/figs3.Rnw’
     ‘inst/doc/figs4.Rnw’
     ‘inst/doc/figs5.Rnw’
     ‘inst/doc/figs6.Rnw’
     ‘inst/doc/figs7.Rnw’
     ‘inst/doc/figs8.Rnw’
     ‘inst/doc/figs9.Rnw’
    (Is a VignetteBuilder field missing?)
    
    See section ‘The DESCRIPTION file’ in the ‘Writing R Extensions’
    manual.
Flavor: r-release-osx-x86_64-snowleopard