CRAN Package Check Results for Package games

Last updated on 2015-05-27 09:47:51.

Flavor Version Tinstall Tcheck Ttotal Status Flags
r-devel-linux-x86_64-debian-clang 1.1.2 1.20 38.75 39.94 OK
r-devel-linux-x86_64-debian-gcc 1.1.2 1.11 38.84 39.95 OK
r-devel-linux-x86_64-fedora-clang 1.1.2 77.29 OK
r-devel-linux-x86_64-fedora-gcc 1.1.2 75.59 OK
r-devel-osx-x86_64-clang 1.1.2 65.54 OK
r-devel-windows-ix86+x86_64 1.1.2 5.00 55.00 60.00 OK
r-patched-linux-x86_64 1.1.2 1.12 37.88 39.00 OK
r-patched-solaris-sparc 1.1.2 468.40 OK
r-patched-solaris-x86 1.1.2 99.50 OK
r-release-linux-x86_64 1.1.2 1.56 38.48 40.04 OK
r-release-osx-x86_64-mavericks 1.1.2 OK
r-release-osx-x86_64-snowleopard 1.1.2 ERROR
r-release-windows-ix86+x86_64 1.1.2 4.00 54.00 58.00 OK
r-oldrel-windows-ix86+x86_64 1.1.2 7.00 67.00 74.00 OK

Check Details

Version: 1.1.2
Check: package dependencies
Result: ERROR
    Package required but not available: ‘maxLik’
    
    See section ‘The DESCRIPTION file’ in the ‘Writing R Extensions’
    manual.
Flavor: r-release-osx-x86_64-snowleopard