CRAN Package Check Results for Package games

Last updated on 2015-04-21 11:52:55.

Flavor Version Tinstall Tcheck Ttotal Status Flags
r-devel-linux-x86_64-debian-clang 1.1.2 1.18 39.11 40.29 OK
r-devel-linux-x86_64-debian-gcc 1.1.2 1.46 38.38 39.84 OK
r-devel-linux-x86_64-fedora-clang 1.1.2 75.99 OK
r-devel-linux-x86_64-fedora-gcc 1.1.2 72.47 OK
r-devel-osx-x86_64-clang 1.1.2 64.24 OK
r-devel-windows-ix86+x86_64 1.1.2 7.00 60.00 67.00 OK
r-patched-linux-x86_64 1.1.2 1.13 45.89 47.02 OK
r-patched-solaris-sparc 1.1.2 460.90 OK
r-patched-solaris-x86 1.1.2 92.00 OK
r-release-linux-x86_64 1.1.2 1.08 40.98 42.05 OK
r-release-osx-x86_64-mavericks 1.1.2 OK
r-release-osx-x86_64-snowleopard 1.1.2 ERROR
r-release-windows-ix86+x86_64 1.1.2 3.00 55.00 58.00 OK
r-oldrel-windows-ix86+x86_64 1.1.2 6.00 62.00 68.00 OK

Check Details

Version: 1.1.2
Check: package dependencies
Result: ERROR
    Package required but not available: ‘maxLik’
    
    See section ‘The DESCRIPTION file’ in the ‘Writing R Extensions’
    manual.
Flavor: r-release-osx-x86_64-snowleopard