CRAN Package Check Results for Package games

Last updated on 2014-04-23 17:47:44.

Flavor Version Tinstall Tcheck Ttotal Status Flags
r-devel-linux-x86_64-debian-clang 1.1-1 1.38 49.87 51.26 OK
r-devel-linux-x86_64-debian-gcc 1.1-1 1.38 49.73 51.11 OK
r-devel-linux-x86_64-fedora-clang 1.1-1 100.03 OK
r-devel-linux-x86_64-fedora-gcc 1.1-1 95.81 OK
r-devel-osx-x86_64-clang 1.1-1 75.35 OK
r-devel-osx-x86_64-gcc 1.1-1 ERROR
r-devel-windows-ix86+x86_64 1.1-1 5.00 65.00 70.00 OK
r-patched-linux-x86_64 1.1-1 1.36 49.44 50.80 OK
r-patched-solaris-sparc 1.1-1 522.20 OK
r-patched-solaris-x86 1.1-1 114.20 OK
r-release-linux-ix86 1.1-1 2.00 77.00 79.00 OK
r-release-linux-x86_64 1.1-1 1.39 50.07 51.46 OK
r-release-osx-x86_64-mavericks 1.1-1 WARN
r-release-osx-x86_64-snowleopard 1.1-1 OK
r-release-windows-ix86+x86_64 1.1-1 7.00 71.00 78.00 OK
r-oldrel-windows-ix86+x86_64 1.1-1 6.00 65.00 71.00 OK

Check Details

Version: 1.1-1
Check: package dependencies
Result: ERROR
    Package required but not available: ‘maxLik’
    
    See the information on DESCRIPTION files in the chapter ‘Creating R
    packages’ of the ‘Writing R Extensions’ manual.
Flavor: r-devel-osx-x86_64-gcc

Version: 1.1-1
Check: PDF version of manual
Result: WARNING
    LaTeX errors when creating PDF version.
    This typically indicates Rd problems.
    LaTeX errors found:
    ! LaTeX Error: File `upquote.sty' not found.
    
    Type X to quit or <RETURN> to proceed,
    or enter new name. (Default extension: sty)
    
    7bcb1dee/Rd2.tex:8: ==> Fatal error occurred, no output PDF file produced!
Flavor: r-release-osx-x86_64-mavericks