CRAN Package Check Results for Package games

Last updated on 2015-07-05 06:46:32.

Flavor Version Tinstall Tcheck Ttotal Status Flags
r-devel-linux-x86_64-debian-clang 1.1.2 1.19 38.82 40.01 NOTE
r-devel-linux-x86_64-debian-gcc 1.1.2 1.12 38.10 39.23 NOTE
r-devel-linux-x86_64-fedora-clang 1.1.2 75.86 NOTE
r-devel-linux-x86_64-fedora-gcc 1.1.2 71.47 NOTE
r-devel-osx-x86_64-clang 1.1.2 63.28 OK
r-devel-windows-ix86+x86_64 1.1.2 4.00 64.00 68.00 NOTE
r-patched-linux-x86_64 1.1.2 1.15 38.94 40.10 OK
r-patched-solaris-sparc 1.1.2 468.40 OK
r-patched-solaris-x86 1.1.2 99.60 OK
r-release-linux-x86_64 1.1.2 1.73 38.65 40.38 OK
r-release-osx-x86_64-mavericks 1.1.2 OK
r-release-windows-ix86+x86_64 1.1.2 7.00 61.00 68.00 OK
r-oldrel-windows-ix86+x86_64 1.1.2 7.00 71.00 78.00 OK

Check Details

Version: 1.1.2
Check: R code for possible problems
Result: NOTE
    CIfromBoot: no visible global function definition for ‘predict’
    CIfromBoot: no visible global function definition for ‘txtProgressBar’
    CIfromBoot: no visible global function definition for
     ‘setTxtProgressBar’
    CIfromBoot : <anonymous>: no visible binding for global variable
     ‘quantile’
    egame12: no visible global function definition for ‘update’
    egame12: no visible global function definition for ‘formula’
    egame12: no visible global function definition for ‘model.matrix’
    egame12: no visible global function definition for ‘hasArg’
    egame12: no visible global function definition for ‘runif’
    egame12: no visible global function definition for ‘.getXlevels’
    egame122: no visible global function definition for ‘update’
    egame122: no visible global function definition for ‘formula’
    egame122: no visible global function definition for ‘model.matrix’
    egame122: no visible global function definition for ‘hasArg’
    egame122: no visible global function definition for ‘runif’
    egame122: no visible global function definition for ‘.getXlevels’
    egame123: no visible global function definition for ‘update’
    egame123: no visible global function definition for ‘formula’
    egame123: no visible global function definition for ‘model.matrix’
    egame123: no visible global function definition for ‘hasArg’
    egame123: no visible global function definition for ‘runif’
    egame123: no visible global function definition for ‘.getXlevels’
    gameBoot: no visible global function definition for ‘txtProgressBar’
    gameBoot: no visible global function definition for ‘setTxtProgressBar’
    indivLogLiks: no visible global function definition for ‘weights’
    indivLogLiks: no visible global function definition for ‘predict’
    indivLogLiks: no visible global function definition for ‘fitted.values’
    indivLogLiks: no visible global function definition for ‘dnorm’
    latexTable: no visible global function definition for ‘coef’
    logLikGrad12: no visible global function definition for ‘dnorm’
    logLikGrad12: no visible binding for global variable ‘dlogis’
    logLikGrad12: no visible binding for global variable ‘dnorm’
    logLikGrad122: no visible global function definition for ‘dnorm’
    logLikGrad122: no visible binding for global variable ‘dlogis’
    logLikGrad122: no visible binding for global variable ‘dnorm’
    logLikGrad123: no visible global function definition for ‘dnorm’
    logLikGrad123: no visible binding for global variable ‘dlogis’
    logLikGrad123: no visible binding for global variable ‘dnorm’
    logLikGradUlt: no visible global function definition for ‘head’
    logLikGradUlt: no visible global function definition for ‘tail’
    logLikUlt: no visible global function definition for ‘head’
    logLikUlt: no visible global function definition for ‘tail’
    makeFormulas: no visible global function definition for ‘menu’
    makeProbs12 : <anonymous>: no visible global function definition for
     ‘plogis’
    makeProbs12: no visible binding for global variable ‘pnorm’
    makeProbs122 : <anonymous>: no visible global function definition for
     ‘plogis’
    makeProbs122: no visible binding for global variable ‘pnorm’
    makeProbs123 : <anonymous>: no visible global function definition for
     ‘plogis’
    makeProbs123: no visible binding for global variable ‘pnorm’
    makeProfile: no visible global function definition for ‘median’
    nonnest : anyWeights: no visible global function definition for
     ‘weights’
    nparams: no visible global function definition for ‘logLik’
    nparams: no visible global function definition for ‘coef’
    plot.predProbs: no visible global function definition for ‘menu’
    plot.preplot.predProbs: no visible global function definition for ‘bxp’
    plot.preplot.predProbs: no visible global function definition for
     ‘plot’
    plot.preplot.predProbs: no visible global function definition for
     ‘lines’
    plot.profile.game: no visible global function definition for ‘coef’
    plot.profile.game: no visible global function definition for ‘par’
    plot.profile.game: no visible global function definition for ‘spline’
    plot.profile.game: no visible global function definition for ‘plot’
    plot.profile.game: no visible global function definition for ‘points’
    plot.profile.game: no visible global function definition for ‘lines’
    predProbs: no visible global function definition for ‘predict’
    predProbs: no visible global function definition for ‘vcov’
    predProbs: no visible global function definition for ‘coef’
    predProbs: no visible global function definition for ‘plot’
    predict.egame12: no visible binding for global variable ‘na.pass’
    predict.egame12: no visible global function definition for
     ‘delete.response’
    predict.egame12: no visible global function definition for ‘terms’
    predict.egame12: no visible global function definition for ‘formula’
    predict.egame12: no visible global function definition for
     ‘model.frame’
    predict.egame12: no visible global function definition for
     ‘.checkMFClasses’
    predict.egame12: no visible global function definition for
     ‘model.matrix’
    predict.egame122: no visible binding for global variable ‘na.pass’
    predict.egame122: no visible global function definition for
     ‘delete.response’
    predict.egame122: no visible global function definition for ‘terms’
    predict.egame122: no visible global function definition for ‘formula’
    predict.egame122: no visible global function definition for
     ‘model.frame’
    predict.egame122: no visible global function definition for
     ‘.checkMFClasses’
    predict.egame122: no visible global function definition for
     ‘model.matrix’
    predict.egame123: no visible binding for global variable ‘na.pass’
    predict.egame123: no visible global function definition for
     ‘delete.response’
    predict.egame123: no visible global function definition for ‘terms’
    predict.egame123: no visible global function definition for ‘formula’
    predict.egame123: no visible global function definition for
     ‘model.frame’
    predict.egame123: no visible global function definition for
     ‘.checkMFClasses’
    predict.egame123: no visible global function definition for
     ‘model.matrix’
    predict.ultimatum: no visible binding for global variable ‘na.pass’
    predict.ultimatum: no visible global function definition for
     ‘delete.response’
    predict.ultimatum: no visible global function definition for ‘terms’
    predict.ultimatum: no visible global function definition for ‘formula’
    predict.ultimatum: no visible global function definition for
     ‘model.frame’
    predict.ultimatum: no visible global function definition for
     ‘.checkMFClasses’
    predict.ultimatum: no visible global function definition for
     ‘model.matrix’
    predict.ultimatum: no visible global function definition for ‘head’
    predict.ultimatum: no visible global function definition for ‘tail’
    predict.ultimatum: no visible global function definition for ‘rlogis’
    print.nonnest.test: no visible global function definition for ‘pnorm’
    print.nonnest.test: no visible global function definition for ‘pbinom’
    print.summary.game: no visible global function definition for
     ‘printCoefmat’
    print.summary.game: no visible global function definition for ‘AIC’
    profile.game: no visible global function definition for ‘model.matrix’
    profile.game: no visible global function definition for
     ‘txtProgressBar’
    profile.game: no visible global function definition for
     ‘setTxtProgressBar’
    sbi12: Error while checking: invalid ‘envir’ argument
    sbi122: Error while checking: invalid ‘envir’ argument
    sbi123: Error while checking: invalid ‘envir’ argument
    summary.game: no visible global function definition for ‘var’
    summary.game: no visible global function definition for ‘pnorm’
    ultimatum: no visible global function definition for ‘model.matrix’
    ultimatum: no visible global function definition for ‘sd’
    ultimatum: no visible global function definition for ‘glm.fit’
    ultimatum: Error while checking: invalid ‘envir’ argument
    vuong: no visible global function definition for ‘sd’
    Undefined global functions or variables:
     .checkMFClasses .getXlevels AIC bxp coef delete.response dlogis dnorm
     fitted.values formula glm.fit hasArg head lines logLik median menu
     model.frame model.matrix na.pass par pbinom plogis plot pnorm points
     predict printCoefmat quantile rlogis runif sd setTxtProgressBar
     spline tail terms txtProgressBar update var vcov weights
Flavors: r-devel-linux-x86_64-debian-clang, r-devel-linux-x86_64-debian-gcc, r-devel-linux-x86_64-fedora-clang, r-devel-linux-x86_64-fedora-gcc

Version: 1.1.2
Check: R code for possible problems
Result: NOTE
    CIfromBoot: no visible global function definition for 'predict'
    CIfromBoot: no visible global function definition for 'txtProgressBar'
    CIfromBoot: no visible global function definition for
     'setTxtProgressBar'
    CIfromBoot : <anonymous>: no visible binding for global variable
     'quantile'
    egame12: no visible global function definition for 'update'
    egame12: no visible global function definition for 'formula'
    egame12: no visible global function definition for 'model.matrix'
    egame12: no visible global function definition for 'hasArg'
    egame12: no visible global function definition for 'runif'
    egame12: no visible global function definition for '.getXlevels'
    egame122: no visible global function definition for 'update'
    egame122: no visible global function definition for 'formula'
    egame122: no visible global function definition for 'model.matrix'
    egame122: no visible global function definition for 'hasArg'
    egame122: no visible global function definition for 'runif'
    egame122: no visible global function definition for '.getXlevels'
    egame123: no visible global function definition for 'update'
    egame123: no visible global function definition for 'formula'
    egame123: no visible global function definition for 'model.matrix'
    egame123: no visible global function definition for 'hasArg'
    egame123: no visible global function definition for 'runif'
    egame123: no visible global function definition for '.getXlevels'
    gameBoot: no visible global function definition for 'txtProgressBar'
    gameBoot: no visible global function definition for 'setTxtProgressBar'
    indivLogLiks: no visible global function definition for 'weights'
    indivLogLiks: no visible global function definition for 'predict'
    indivLogLiks: no visible global function definition for 'fitted.values'
    indivLogLiks: no visible global function definition for 'dnorm'
    latexTable: no visible global function definition for 'coef'
    logLikGrad12: no visible global function definition for 'dnorm'
    logLikGrad12: no visible binding for global variable 'dlogis'
    logLikGrad12: no visible binding for global variable 'dnorm'
    logLikGrad122: no visible global function definition for 'dnorm'
    logLikGrad122: no visible binding for global variable 'dlogis'
    logLikGrad122: no visible binding for global variable 'dnorm'
    logLikGrad123: no visible global function definition for 'dnorm'
    logLikGrad123: no visible binding for global variable 'dlogis'
    logLikGrad123: no visible binding for global variable 'dnorm'
    logLikGradUlt: no visible global function definition for 'head'
    logLikGradUlt: no visible global function definition for 'tail'
    logLikUlt: no visible global function definition for 'head'
    logLikUlt: no visible global function definition for 'tail'
    makeFormulas: no visible global function definition for 'menu'
    makeProbs12 : <anonymous>: no visible global function definition for
     'plogis'
    makeProbs12: no visible binding for global variable 'pnorm'
    makeProbs122 : <anonymous>: no visible global function definition for
     'plogis'
    makeProbs122: no visible binding for global variable 'pnorm'
    makeProbs123 : <anonymous>: no visible global function definition for
     'plogis'
    makeProbs123: no visible binding for global variable 'pnorm'
    makeProfile: no visible global function definition for 'median'
    nonnest : anyWeights: no visible global function definition for
     'weights'
    nparams: no visible global function definition for 'logLik'
    nparams: no visible global function definition for 'coef'
    plot.predProbs: no visible global function definition for 'menu'
    plot.preplot.predProbs: no visible global function definition for 'bxp'
    plot.preplot.predProbs: no visible global function definition for
     'plot'
    plot.preplot.predProbs: no visible global function definition for
     'lines'
    plot.profile.game: no visible global function definition for 'coef'
    plot.profile.game: no visible global function definition for 'par'
    plot.profile.game: no visible global function definition for 'spline'
    plot.profile.game: no visible global function definition for 'plot'
    plot.profile.game: no visible global function definition for 'points'
    plot.profile.game: no visible global function definition for 'lines'
    predProbs: no visible global function definition for 'predict'
    predProbs: no visible global function definition for 'vcov'
    predProbs: no visible global function definition for 'coef'
    predProbs: no visible global function definition for 'plot'
    predict.egame12: no visible binding for global variable 'na.pass'
    predict.egame12: no visible global function definition for
     'delete.response'
    predict.egame12: no visible global function definition for 'terms'
    predict.egame12: no visible global function definition for 'formula'
    predict.egame12: no visible global function definition for
     'model.frame'
    predict.egame12: no visible global function definition for
     '.checkMFClasses'
    predict.egame12: no visible global function definition for
     'model.matrix'
    predict.egame122: no visible binding for global variable 'na.pass'
    predict.egame122: no visible global function definition for
     'delete.response'
    predict.egame122: no visible global function definition for 'terms'
    predict.egame122: no visible global function definition for 'formula'
    predict.egame122: no visible global function definition for
     'model.frame'
    predict.egame122: no visible global function definition for
     '.checkMFClasses'
    predict.egame122: no visible global function definition for
     'model.matrix'
    predict.egame123: no visible binding for global variable 'na.pass'
    predict.egame123: no visible global function definition for
     'delete.response'
    predict.egame123: no visible global function definition for 'terms'
    predict.egame123: no visible global function definition for 'formula'
    predict.egame123: no visible global function definition for
     'model.frame'
    predict.egame123: no visible global function definition for
     '.checkMFClasses'
    predict.egame123: no visible global function definition for
     'model.matrix'
    predict.ultimatum: no visible binding for global variable 'na.pass'
    predict.ultimatum: no visible global function definition for
     'delete.response'
    predict.ultimatum: no visible global function definition for 'terms'
    predict.ultimatum: no visible global function definition for 'formula'
    predict.ultimatum: no visible global function definition for
     'model.frame'
    predict.ultimatum: no visible global function definition for
     '.checkMFClasses'
    predict.ultimatum: no visible global function definition for
     'model.matrix'
    predict.ultimatum: no visible global function definition for 'head'
    predict.ultimatum: no visible global function definition for 'tail'
    predict.ultimatum: no visible global function definition for 'rlogis'
    print.nonnest.test: no visible global function definition for 'pnorm'
    print.nonnest.test: no visible global function definition for 'pbinom'
    print.summary.game: no visible global function definition for
     'printCoefmat'
    print.summary.game: no visible global function definition for 'AIC'
    profile.game: no visible global function definition for 'model.matrix'
    profile.game: no visible global function definition for
     'txtProgressBar'
    profile.game: no visible global function definition for
     'setTxtProgressBar'
    sbi12: no visible global function definition for 'binomial'
    sbi12: no visible global function definition for 'glm.fit'
    sbi12: no visible global function definition for 'coef'
    sbi12: no visible global function definition for 'pnorm'
    sbi12: no visible global function definition for 'plogis'
    sbi122: no visible global function definition for 'binomial'
    sbi122: no visible global function definition for 'glm.fit'
    sbi122: no visible global function definition for 'coef'
    sbi122: no visible global function definition for 'pnorm'
    sbi122: no visible global function definition for 'plogis'
    sbi123: no visible global function definition for 'binomial'
    sbi123: no visible binding for global variable 'pnorm'
    sbi123: no visible binding for global variable 'plogis'
    sbi123: no visible global function definition for 'glm.fit'
    sbi123: no visible global function definition for 'coef'
    summary.game: no visible global function definition for 'var'
    summary.game: no visible global function definition for 'pnorm'
    ultimatum: no visible global function definition for 'model.matrix'
    ultimatum: no visible global function definition for 'sd'
    ultimatum: no visible global function definition for 'glm.fit'
    ultimatum: no visible global function definition for 'binomial'
    ultimatum: no visible global function definition for 'lsfit'
    ultimatum: no visible global function definition for '.getXlevels'
    vuong: no visible global function definition for 'sd'
    Undefined global functions or variables:
     .checkMFClasses .getXlevels AIC binomial bxp coef delete.response
     dlogis dnorm fitted.values formula glm.fit hasArg head lines logLik
     lsfit median menu model.frame model.matrix na.pass par pbinom plogis
     plot pnorm points predict printCoefmat quantile rlogis runif sd
     setTxtProgressBar spline tail terms txtProgressBar update var vcov
     weights
Flavor: r-devel-windows-ix86+x86_64