CRAN Package Check Results for Package gamlr

Last updated on 2018-04-24 15:47:55 CEST.

Flavor Version Tinstall Tcheck Ttotal Status Flags
r-devel-linux-x86_64-debian-clang 1.13-4 5.70 59.00 64.70 WARN
r-devel-linux-x86_64-debian-gcc 1.13-4 4.23 47.30 51.53 WARN
r-devel-linux-x86_64-fedora-clang 1.13-4 80.06 WARN
r-devel-linux-x86_64-fedora-gcc 1.13-4 77.57 WARN
r-devel-windows-ix86+x86_64 1.13-4 17.00 94.00 111.00 WARN
r-patched-linux-x86_64 1.13-4 5.11 57.71 62.82 WARN
r-patched-solaris-x86 1.13-4 146.60 WARN
r-release-linux-x86_64 1.13-4 5.47 57.49 62.96 WARN
r-release-windows-ix86+x86_64 1.13-4 17.00 94.00 111.00 WARN
r-release-osx-x86_64 1.13-4 OK
r-oldrel-windows-ix86+x86_64 1.13-4 13.00 119.00 132.00 WARN
r-oldrel-osx-x86_64 1.13-4 OK

Check Details

Version: 1.13-4
Check: examples
Result: WARN
    Found the following significant warnings:
    
     Warning: 'cBind' is deprecated.
    Deprecated functions may be defunct as soon as of the next release of
    R.
    See ?Deprecated.
    Examples with CPU or elapsed time > 5s
     user system elapsed
    hockey 5.802 0.078 8.142
Flavor: r-devel-linux-x86_64-debian-clang

Version: 1.13-4
Check: examples
Result: WARN
    Found the following significant warnings:
    
     Warning: 'cBind' is deprecated.
    Deprecated functions may be defunct as soon as of the next release of
    R.
    See ?Deprecated.
    Examples with CPU or elapsed time > 5s
     user system elapsed
    hockey 4.651 0.028 7.178
Flavor: r-devel-linux-x86_64-debian-gcc

Version: 1.13-4
Check: examples
Result: WARN
    Found the following significant warnings:
    
     Warning: 'cBind' is deprecated.
    Deprecated functions may be defunct as soon as of the next release of
    R.
    See ?Deprecated.
Flavors: r-devel-linux-x86_64-fedora-clang, r-devel-linux-x86_64-fedora-gcc, r-patched-solaris-x86

Version: 1.13-4
Check: running examples for arch ‘i386’
Result: WARN
    Found the following significant warnings:
    
     Warning: 'cBind' is deprecated.
    Deprecated functions may be defunct as soon as of the next release of
    R.
    See ?Deprecated.
Flavors: r-devel-windows-ix86+x86_64, r-release-windows-ix86+x86_64, r-oldrel-windows-ix86+x86_64

Version: 1.13-4
Check: running examples for arch ‘x64’
Result: WARN
    Found the following significant warnings:
    
     Warning: 'cBind' is deprecated.
    Deprecated functions may be defunct as soon as of the next release of
    R.
    See ?Deprecated.
Flavors: r-devel-windows-ix86+x86_64, r-release-windows-ix86+x86_64, r-oldrel-windows-ix86+x86_64

Version: 1.13-4
Check: examples
Result: WARN
    Found the following significant warnings:
    
     Warning: 'cBind' is deprecated.
    Deprecated functions may be defunct as soon as of the next release of
    R.
    See ?Deprecated.
    Examples with CPU or elapsed time > 5s
     user system elapsed
    hockey 5.892 0.067 7.393
Flavor: r-patched-linux-x86_64

Version: 1.13-4
Check: examples
Result: WARN
    Found the following significant warnings:
    
     Warning: 'cBind' is deprecated.
    Deprecated functions may be defunct as soon as of the next release of
    R.
    See ?Deprecated.
    Examples with CPU or elapsed time > 5s
     user system elapsed
    hockey 5.778 0.066 7.156
Flavor: r-release-linux-x86_64