CRAN Package Check Results for Package gamlr

Last updated on 2015-07-03 23:47:33.

Flavor Version Tinstall Tcheck Ttotal Status Flags
r-devel-linux-x86_64-debian-clang 1.13-1 3.14 37.27 40.41 NOTE
r-devel-linux-x86_64-debian-gcc 1.13-1 3.17 36.12 39.28 NOTE
r-devel-linux-x86_64-fedora-clang 1.13-1 80.37 NOTE
r-devel-linux-x86_64-fedora-gcc 1.13-1 78.71 NOTE
r-devel-osx-x86_64-clang 1.13-1 71.82 OK
r-devel-windows-ix86+x86_64 1.13-1 19.00 72.00 91.00 NOTE
r-patched-linux-x86_64 1.13-1 3.29 36.56 39.84 OK
r-patched-solaris-sparc 1.13-1 567.90 OK
r-patched-solaris-x86 1.13-1 131.50 OK
r-release-linux-x86_64 1.13-1 3.27 36.67 39.94 OK
r-release-osx-x86_64-mavericks 1.13-1 OK
r-release-windows-ix86+x86_64 1.13-1 16.00 75.00 91.00 OK
r-oldrel-windows-ix86+x86_64 1.13-1 15.00 82.00 97.00 OK

Check Details

Version: 1.13-1
Check: R code for possible problems
Result: NOTE
    AICc: no visible global function definition for ‘logLik’
    coef.cv.gamlr: no visible global function definition for ‘coef’
    cv.gamlr : folddev: no visible global function definition for ‘predict’
    cv.gamlr: no visible binding for global variable ‘sd’
    gamlr: no visible global function definition for ‘na.omit’
    gamlr: no visible global function definition for ‘as’
    plot.cv.gamlr: no visible binding for global variable ‘plot’
    plot.cv.gamlr: no visible global function definition for ‘segments’
    plot.cv.gamlr: no visible binding for global variable ‘points’
    plot.cv.gamlr: no visible global function definition for ‘abline’
    plot.cv.gamlr: no visible global function definition for ‘axTicks’
    plot.cv.gamlr: no visible global function definition for ‘axis’
    plot.gamlr: no visible binding for global variable ‘plot’
    plot.gamlr: no visible global function definition for ‘matplot’
    plot.gamlr: no visible global function definition for ‘axTicks’
    plot.gamlr: no visible global function definition for ‘axis’
    plot.gamlr: no visible global function definition for ‘abline’
    predict.gamlr: no visible global function definition for ‘coef’
    Undefined global functions or variables:
     abline as axTicks axis coef logLik matplot na.omit plot points
     predict sd segments
Flavors: r-devel-linux-x86_64-debian-clang, r-devel-linux-x86_64-debian-gcc, r-devel-linux-x86_64-fedora-clang, r-devel-linux-x86_64-fedora-gcc, r-devel-windows-ix86+x86_64