CRAN Package Check Results for Package gamlr

Last updated on 2017-03-29 11:49:28.

Flavor Version Tinstall Tcheck Ttotal Status Flags
r-devel-linux-x86_64-debian-clang 1.13-3 3.24 38.09 41.34 NOTE
r-devel-linux-x86_64-debian-gcc 1.13-3 3.05 36.86 39.91 NOTE
r-devel-linux-x86_64-fedora-clang 1.13-3 103.40 NOTE --no-stop-on-test-error
r-devel-linux-x86_64-fedora-gcc 1.13-3 94.86 NOTE --no-stop-on-test-error
r-devel-macos-x86_64-clang 1.13-3 68.06 NOTE --no-stop-on-test-error
r-devel-windows-ix86+x86_64 1.13-3 14.00 96.00 110.00 OK
r-patched-linux-x86_64 1.13-3 3.20 36.99 40.19 NOTE
r-patched-solaris-sparc 1.13-3 582.90 OK
r-patched-solaris-x86 1.13-3 140.40 OK
r-release-linux-x86_64 1.13-3 3.06 33.57 36.63 OK
r-release-osx-x86_64-mavericks 1.13-3 OK
r-release-windows-ix86+x86_64 1.13-3 18.00 140.00 158.00 OK
r-oldrel-windows-ix86+x86_64 1.13-3 13.00 86.00 99.00 OK

Check Details

Version: 1.13-3
Check: compiled code
Result: NOTE
    File ‘gamlr/libs/gamlr.so’:
     Found no calls to: ‘R_registerRoutines’, ‘R_useDynamicSymbols’
    
    It is good practice to register native routines and to disable symbol
    search.
    
    See ‘Writing portable packages’ in the ‘Writing R Extensions’ manual.
Flavors: r-devel-linux-x86_64-debian-clang, r-devel-linux-x86_64-debian-gcc, r-patched-linux-x86_64

Version: 1.13-3
Flags: --no-stop-on-test-error
Check: compiled code
Result: NOTE
    File ‘gamlr/libs/gamlr.so’:
     Found no calls to: ‘R_registerRoutines’, ‘R_useDynamicSymbols’
    
    It is good practice to register native routines and to disable symbol
    search.
    
    See ‘Writing portable packages’ in the ‘Writing R Extensions’ manual.
Flavors: r-devel-linux-x86_64-fedora-clang, r-devel-linux-x86_64-fedora-gcc, r-devel-macos-x86_64-clang