CRAN Package Check Results for Package gamlr

Last updated on 2017-09-21 05:48:26.

Flavor Version Tinstall Tcheck Ttotal Status Flags
r-devel-linux-x86_64-debian-clang 1.13-3 3.53 37.82 41.35 NOTE
r-devel-linux-x86_64-debian-gcc 1.13-3 3.09 36.90 39.99 NOTE
r-devel-linux-x86_64-fedora-clang 1.13-3 93.98 NOTE
r-devel-linux-x86_64-fedora-gcc 1.13-3 93.66 NOTE
r-devel-windows-ix86+x86_64 1.13-3 12.00 114.00 126.00 OK
r-patched-linux-x86_64 1.13-3 3.32 37.72 41.04 NOTE
r-patched-solaris-x86 1.13-3 153.10 OK
r-release-linux-x86_64 1.13-3 3.10 37.70 40.80 NOTE
r-release-windows-ix86+x86_64 1.13-3 12.00 93.00 105.00 OK
r-release-osx-x86_64 1.13-3 OK
r-oldrel-windows-ix86+x86_64 1.13-3 11.00 80.00 91.00 OK
r-oldrel-osx-x86_64 1.13-3 OK

Check Details

Version: 1.13-3
Check: compiled code
Result: NOTE
    File ‘gamlr/libs/gamlr.so’:
     Found no calls to: ‘R_registerRoutines’, ‘R_useDynamicSymbols’
    
    It is good practice to register native routines and to disable symbol
    search.
    
    See ‘Writing portable packages’ in the ‘Writing R Extensions’ manual.
Flavors: r-devel-linux-x86_64-debian-clang, r-devel-linux-x86_64-debian-gcc, r-devel-linux-x86_64-fedora-clang, r-devel-linux-x86_64-fedora-gcc, r-patched-linux-x86_64, r-release-linux-x86_64