CRAN Package Check Results for Package gamlr

Last updated on 2017-02-22 03:47:23.

Flavor Version Tinstall Tcheck Ttotal Status Flags
r-devel-linux-x86_64-debian-clang 1.13-3 3.24 37.03 40.27 NOTE
r-devel-linux-x86_64-debian-gcc 1.13-3 3.49 36.40 39.89 NOTE
r-devel-linux-x86_64-fedora-clang 1.13-3 92.25 NOTE --no-stop-on-test-error
r-devel-linux-x86_64-fedora-gcc 1.13-3 90.35 NOTE --no-stop-on-test-error
r-devel-macos-x86_64-clang 1.13-3 68.74 NOTE --no-stop-on-test-error
r-devel-windows-ix86+x86_64 1.13-3 17.00 147.00 164.00 OK
r-patched-linux-x86_64 1.13-3 3.01 33.31 36.32 OK
r-patched-solaris-sparc 1.13-3 517.00 OK
r-patched-solaris-x86 1.13-3 123.90 OK
r-release-linux-x86_64 1.13-3 3.00 33.33 36.33 OK
r-release-osx-x86_64-mavericks 1.13-3 OK
r-release-windows-ix86+x86_64 1.13-3 29.00 111.00 140.00 OK
r-oldrel-windows-ix86+x86_64 1.13-3 17.00 112.00 129.00 OK

Check Details

Version: 1.13-3
Check: compiled code
Result: NOTE
    File ‘gamlr/libs/gamlr.so’:
     Found no calls to: ‘R_registerRoutines’, ‘R_useDynamicSymbols’
    
    It is good practice to register native routines and to disable symbol
    search.
    
    See ‘Writing portable packages’ in the ‘Writing R Extensions’ manual.
Flavors: r-devel-linux-x86_64-debian-clang, r-devel-linux-x86_64-debian-gcc

Version: 1.13-3
Flags: --no-stop-on-test-error
Check: compiled code
Result: NOTE
    File ‘gamlr/libs/gamlr.so’:
     Found no calls to: ‘R_registerRoutines’, ‘R_useDynamicSymbols’
    
    It is good practice to register native routines and to disable symbol
    search.
    
    See ‘Writing portable packages’ in the ‘Writing R Extensions’ manual.
Flavors: r-devel-linux-x86_64-fedora-clang, r-devel-linux-x86_64-fedora-gcc, r-devel-macos-x86_64-clang