CRAN Package Check Results for Package gamlr

Last updated on 2017-07-23 17:47:09.

Flavor Version Tinstall Tcheck Ttotal Status Flags
r-devel-linux-x86_64-debian-clang 1.13-3 3.30 43.29 46.60 NOTE
r-devel-linux-x86_64-debian-gcc 1.13-3 3.02 42.70 45.73 NOTE
r-devel-linux-x86_64-fedora-clang 1.13-3 92.27 NOTE
r-devel-linux-x86_64-fedora-gcc 1.13-3 89.72 NOTE
r-devel-windows-ix86+x86_64 1.13-3 20.00 110.00 130.00 OK
r-patched-linux-x86_64 1.13-3 3.28 43.00 46.27 NOTE
r-patched-solaris-x86 1.13-3 143.70 OK
r-release-linux-x86_64 1.13-3 3.19 43.24 46.43 NOTE
r-release-windows-ix86+x86_64 1.13-3 13.00 111.00 124.00 OK
r-release-osx-x86_64 1.13-3 OK
r-oldrel-windows-ix86+x86_64 1.13-3 18.00 108.00 126.00 OK
r-oldrel-osx-x86_64 1.13-3 OK

Check Details

Version: 1.13-3
Check: compiled code
Result: NOTE
    File ‘gamlr/libs/gamlr.so’:
     Found no calls to: ‘R_registerRoutines’, ‘R_useDynamicSymbols’
    
    It is good practice to register native routines and to disable symbol
    search.
    
    See ‘Writing portable packages’ in the ‘Writing R Extensions’ manual.
Flavors: r-devel-linux-x86_64-debian-clang, r-devel-linux-x86_64-debian-gcc, r-devel-linux-x86_64-fedora-clang, r-devel-linux-x86_64-fedora-gcc, r-patched-linux-x86_64, r-release-linux-x86_64