CRAN Package Check Results for Package gamlr

Last updated on 2017-05-28 23:49:58.

Flavor Version Tinstall Tcheck Ttotal Status Flags
r-devel-linux-x86_64-debian-clang 1.13-3 3.96 38.50 42.46 NOTE
r-devel-linux-x86_64-debian-gcc 1.13-3 3.15 36.33 39.47 NOTE
r-devel-linux-x86_64-fedora-clang 1.13-3 93.98 NOTE
r-devel-linux-x86_64-fedora-gcc 1.13-3 90.36 NOTE
r-devel-windows-ix86+x86_64 1.13-3 13.00 121.00 134.00 OK
r-patched-linux-x86_64 1.13-3 3.65 39.09 42.75 NOTE
r-patched-solaris-sparc 1.13-3 582.90 OK
r-patched-solaris-x86 1.13-3 142.80 OK
r-release-linux-x86_64 1.13-3 3.56 37.97 41.53 NOTE
r-release-windows-ix86+x86_64 1.13-3 17.00 84.00 101.00 OK
r-release-osx-x86_64 1.13-3 OK
r-oldrel-windows-ix86+x86_64 1.13-3 18.00 78.00 96.00 OK
r-oldrel-osx-x86_64 1.13-3 OK

Check Details

Version: 1.13-3
Check: compiled code
Result: NOTE
    File ‘gamlr/libs/gamlr.so’:
     Found no calls to: ‘R_registerRoutines’, ‘R_useDynamicSymbols’
    
    It is good practice to register native routines and to disable symbol
    search.
    
    See ‘Writing portable packages’ in the ‘Writing R Extensions’ manual.
Flavors: r-devel-linux-x86_64-debian-clang, r-devel-linux-x86_64-debian-gcc, r-devel-linux-x86_64-fedora-clang, r-devel-linux-x86_64-fedora-gcc, r-patched-linux-x86_64, r-release-linux-x86_64