CRAN Package Check Results for Package gamlr

Last updated on 2017-11-24 22:51:07 CET.

Flavor Version Tinstall Tcheck Ttotal Status Flags
r-devel-linux-x86_64-debian-clang 1.13-3 4.29 90.42 94.71 NOTE
r-devel-linux-x86_64-debian-gcc 1.13-3 3.44 80.35 83.80 NOTE
r-devel-linux-x86_64-fedora-clang 1.13-3 80.61 NOTE
r-devel-linux-x86_64-fedora-gcc 1.13-3 76.91 NOTE
r-devel-windows-ix86+x86_64 1.13-3 14.00 114.00 128.00 OK
r-patched-linux-x86_64 1.13-3 4.22 94.56 98.78 NOTE
r-patched-solaris-x86 1.13-3 152.80 OK
r-release-linux-x86_64 1.13-3 4.16 95.57 99.73 NOTE
r-release-windows-ix86+x86_64 1.13-3 13.00 83.00 96.00 OK
r-release-osx-x86_64 1.13-3 OK
r-oldrel-windows-ix86+x86_64 1.13-3 11.00 86.00 97.00 OK
r-oldrel-osx-x86_64 1.13-3 OK

Check Details

Version: 1.13-3
Check: compiled code
Result: NOTE
    File ‘gamlr/libs/gamlr.so’:
     Found no calls to: ‘R_registerRoutines’, ‘R_useDynamicSymbols’
    
    It is good practice to register native routines and to disable symbol
    search.
    
    See ‘Writing portable packages’ in the ‘Writing R Extensions’ manual.
Flavors: r-devel-linux-x86_64-debian-clang, r-devel-linux-x86_64-debian-gcc, r-devel-linux-x86_64-fedora-clang, r-devel-linux-x86_64-fedora-gcc, r-patched-linux-x86_64, r-release-linux-x86_64