CRAN Package Check Results for Package gamlss.add

Last updated on 2014-09-16 14:47:31.

Flavor Version Tinstall Tcheck Ttotal Status Flags
r-devel-linux-x86_64-debian-clang 4.3-0 4.07 56.73 60.80 NOTE
r-devel-linux-x86_64-debian-gcc 4.3-0 3.75 53.83 57.58 NOTE
r-devel-linux-x86_64-fedora-clang 4.3-0 139.40 NOTE
r-devel-linux-x86_64-fedora-gcc 4.3-0 131.43 NOTE
r-devel-osx-x86_64-clang 4.3-0 105.92 NOTE
r-devel-windows-ix86+x86_64 4.3-0 11.00 75.00 86.00 NOTE
r-patched-linux-x86_64 4.3-0 3.96 56.97 60.93 OK
r-patched-solaris-sparc 4.3-0 787.50 OK
r-patched-solaris-x86 4.3-0 179.40 OK
r-release-linux-ix86 4.3-0 4.78 70.82 75.60 OK
r-release-linux-x86_64 4.3-0 4.52 57.38 61.91 OK
r-release-osx-x86_64-mavericks 4.3-0 OK
r-release-osx-x86_64-snowleopard 4.3-0 OK
r-release-windows-ix86+x86_64 4.3-0 12.00 78.00 90.00 OK
r-oldrel-windows-ix86+x86_64 4.3-0 14.00 83.00 97.00 OK

Check Details

Version: 4.3-0
Check: package namespace information
Result: NOTE
     Namespaces with empty importFrom:
     ‘gamlss’ ‘mgcv’ ‘nnet’ ‘rpart’
Flavors: r-devel-linux-x86_64-debian-clang, r-devel-linux-x86_64-debian-gcc, r-devel-linux-x86_64-fedora-clang, r-devel-linux-x86_64-fedora-gcc, r-devel-osx-x86_64-clang, r-devel-windows-ix86+x86_64

Version: 4.3-0
Check: R code for possible problems
Result: NOTE
    fitFixedKnots : get.X.beta: no visible global function definition for
     ‘splineDesign’
    fitFixedKnots: no visible global function definition for ‘dNO’
    fitFreeKnots: no visible global function definition for ‘dNO’
    ga.control: no visible global function definition for ‘gam.control’
    gamlss.ga: no visible global function definition for ‘gam’
    gamlss.nn: no visible global function definition for ‘nnet’
    gamlss.tr: no visible global function definition for ‘rpart’
    penLags : fnGAIC: no visible global function definition for ‘dNO’
    penLags: no visible global function definition for ‘dNO’
    predict.FixBreakPointsReg : get.X.beta: no visible global function
     definition for ‘splineDesign’
    residuals.penlags: no visible global function definition for ‘qNO’
    residuals.penlags: no visible global function definition for ‘pNO’
    tr: no visible global function definition for ‘rpart.control’
    vcov.FreeBreakPointsReg : get.X.beta: no visible global function
     definition for ‘splineDesign’
    vcov.FreeBreakPointsReg : LL: no visible global function definition for
     ‘dNO’
Flavors: r-devel-linux-x86_64-debian-clang, r-devel-linux-x86_64-debian-gcc, r-devel-linux-x86_64-fedora-clang, r-devel-linux-x86_64-fedora-gcc, r-devel-osx-x86_64-clang, r-devel-windows-ix86+x86_64