CRAN Package Check Results for Package gamlss.add

Last updated on 2014-11-22 03:49:29.

Flavor Version Tinstall Tcheck Ttotal Status Flags
r-devel-linux-x86_64-debian-clang 4.3-0 3.87 57.40 61.28 NOTE
r-devel-linux-x86_64-debian-gcc 4.3-0 3.58 54.98 58.57 NOTE
r-devel-linux-x86_64-fedora-clang 4.3-0 140.72 NOTE
r-devel-linux-x86_64-fedora-gcc 4.3-0 135.18 NOTE
r-devel-osx-x86_64-clang 4.3-0 112.21 NOTE
r-devel-windows-ix86+x86_64 4.3-0 13.00 111.00 124.00 NOTE
r-patched-linux-x86_64 4.3-0 4.12 57.35 61.47 NOTE
r-patched-solaris-sparc 4.3-0 787.50 OK
r-patched-solaris-x86 4.3-0 180.10 NOTE
r-release-linux-ix86 4.3-0 4.53 67.86 72.39 NOTE
r-release-linux-x86_64 4.3-0 3.97 57.38 61.34 NOTE
r-release-osx-x86_64-mavericks 4.3-0 OK
r-release-osx-x86_64-snowleopard 4.3-0 OK
r-release-windows-ix86+x86_64 4.3-0 15.00 89.00 104.00 NOTE
r-oldrel-windows-ix86+x86_64 4.3-0 12.00 82.00 94.00 OK

Check Details

Version: 4.3-0
Check: package namespace information
Result: NOTE
     Namespaces with empty importFrom:
     ‘gamlss’ ‘mgcv’ ‘nnet’ ‘rpart’
Flavors: r-devel-linux-x86_64-debian-clang, r-devel-linux-x86_64-debian-gcc, r-devel-linux-x86_64-fedora-clang, r-devel-linux-x86_64-fedora-gcc, r-devel-osx-x86_64-clang, r-devel-windows-ix86+x86_64, r-patched-linux-x86_64, r-patched-solaris-x86, r-release-linux-ix86, r-release-linux-x86_64, r-release-windows-ix86+x86_64

Version: 4.3-0
Check: R code for possible problems
Result: NOTE
    fitFixedKnots : get.X.beta: no visible global function definition for
     ‘splineDesign’
    fitFixedKnots: no visible global function definition for ‘dNO’
    fitFreeKnots: no visible global function definition for ‘dNO’
    ga.control: no visible global function definition for ‘gam.control’
    gamlss.ga: no visible global function definition for ‘gam’
    gamlss.nn: no visible global function definition for ‘nnet’
    gamlss.tr: no visible global function definition for ‘rpart’
    penLags : fnGAIC: no visible global function definition for ‘dNO’
    penLags: no visible global function definition for ‘dNO’
    predict.FixBreakPointsReg : get.X.beta: no visible global function
     definition for ‘splineDesign’
    residuals.penlags: no visible global function definition for ‘qNO’
    residuals.penlags: no visible global function definition for ‘pNO’
    tr: no visible global function definition for ‘rpart.control’
    vcov.FreeBreakPointsReg : get.X.beta: no visible global function
     definition for ‘splineDesign’
    vcov.FreeBreakPointsReg : LL: no visible global function definition for
     ‘dNO’
Flavors: r-devel-linux-x86_64-debian-clang, r-devel-linux-x86_64-debian-gcc, r-devel-linux-x86_64-fedora-clang, r-devel-linux-x86_64-fedora-gcc, r-devel-osx-x86_64-clang, r-devel-windows-ix86+x86_64, r-patched-linux-x86_64, r-patched-solaris-x86, r-release-linux-ix86, r-release-linux-x86_64, r-release-windows-ix86+x86_64