CRAN Package Check Results for Package gamlss.add

Last updated on 2024-07-23 12:57:33 CEST.

Flavor Version Tinstall Tcheck Ttotal Status Flags
r-devel-linux-x86_64-debian-clang 5.1-13 10.91 92.34 103.25 OK
r-devel-linux-x86_64-debian-gcc 5.1-13 7.84 66.60 74.44 NOTE
r-devel-linux-x86_64-fedora-clang 5.1-13 131.38 OK
r-devel-linux-x86_64-fedora-gcc 5.1-13 116.94 OK
r-devel-windows-x86_64 5.1-13 9.00 84.00 93.00 NOTE
r-patched-linux-x86_64 5.1-13 11.20 89.29 100.49 OK
r-release-linux-x86_64 5.1-13 7.11 86.14 93.25 OK
r-release-macos-arm64 5.1-13 40.00 OK
r-release-macos-x86_64 5.1-13 56.00 OK
r-release-windows-x86_64 5.1-13 8.00 83.00 91.00 OK
r-oldrel-macos-arm64 5.1-13 45.00 OK
r-oldrel-macos-x86_64 5.1-13 87.00 OK
r-oldrel-windows-x86_64 5.1-13 11.00 99.00 110.00 OK

Check Details

Version: 5.1-13
Check: Rd cross-references
Result: NOTE Found the following Rd file(s) with Rd \link{} targets missing package anchors: centilesTwo.Rd: centiles Please provide package anchors for all Rd \link{} targets not in the package itself and the base packages. Flavors: r-devel-linux-x86_64-debian-gcc, r-devel-windows-x86_64