CRAN Package Check Results for Package gamlss.add

Last updated on 2014-04-25 05:47:16.

Flavor Version Tinstall Tcheck Ttotal Status Flags
r-devel-linux-x86_64-debian-clang 4.2-8 4.19 58.77 62.96 OK
r-devel-linux-x86_64-debian-gcc 4.2-8 4.12 58.80 62.93 OK
r-devel-linux-x86_64-fedora-clang 4.2-8 141.23 OK
r-devel-linux-x86_64-fedora-gcc 4.2-8 140.07 OK
r-devel-osx-x86_64-clang 4.2-8 102.29 OK
r-devel-osx-x86_64-gcc 4.2-8 OK
r-devel-windows-ix86+x86_64 4.2-8 11.00 78.00 89.00 OK
r-patched-linux-x86_64 4.2-8 4.15 57.37 61.52 OK
r-patched-solaris-sparc 4.2-8 708.10 OK
r-patched-solaris-x86 4.2-8 178.60 OK
r-release-linux-ix86 4.2-8 6.00 93.00 99.00 OK
r-release-linux-x86_64 4.2-8 4.18 57.52 61.70 OK
r-release-osx-x86_64-mavericks 4.2-8 WARN
r-release-osx-x86_64-snowleopard 4.2-8 OK
r-release-windows-ix86+x86_64 4.2-8 11.00 81.00 92.00 OK
r-oldrel-windows-ix86+x86_64 4.2-8 12.00 81.00 93.00 OK

Check Details

Version: 4.2-8
Check: PDF version of manual
Result: WARNING
    LaTeX errors when creating PDF version.
    This typically indicates Rd problems.
    LaTeX errors found:
    ! LaTeX Error: File `upquote.sty' not found.
    
    Type X to quit or <RETURN> to proceed,
    or enter new name. (Default extension: sty)
    
    1115ba4/Rd2.tex:8: ==> Fatal error occurred, no output PDF file produced!
Flavor: r-release-osx-x86_64-mavericks