CRAN Package Check Results for Package gamlss.add

Last updated on 2015-01-31 08:49:42.

Flavor Version Tinstall Tcheck Ttotal Status Flags
r-devel-linux-x86_64-debian-clang 4.3-0 2.99 46.93 49.92 NOTE
r-devel-linux-x86_64-debian-gcc 4.3-0 3.07 46.32 49.39 NOTE
r-devel-linux-x86_64-fedora-clang 4.3-0 132.84 NOTE
r-devel-linux-x86_64-fedora-gcc 4.3-0 127.33 NOTE
r-devel-osx-x86_64-clang 4.3-0 111.37 NOTE
r-devel-windows-ix86+x86_64 4.3-0 14.00 64.00 78.00 NOTE
r-patched-linux-x86_64 4.3-0 3.91 58.53 62.44 NOTE
r-patched-solaris-sparc 4.3-0 782.10 NOTE
r-patched-solaris-x86 4.3-0 177.70 NOTE
r-release-linux-ix86 4.3-0 4.49 67.67 72.16 NOTE
r-release-linux-x86_64 4.3-0 3.94 58.26 62.20 NOTE
r-release-osx-x86_64-mavericks 4.3-0 NOTE
r-release-osx-x86_64-snowleopard 4.3-0 OK
r-release-windows-ix86+x86_64 4.3-0 13.00 85.00 98.00 NOTE
r-oldrel-windows-ix86+x86_64 4.3-0 12.00 83.00 95.00 OK

Check Details

Version: 4.3-0
Check: package namespace information
Result: NOTE
     Namespaces with empty importFrom:
     ‘gamlss’ ‘mgcv’ ‘nnet’ ‘rpart’
Flavors: r-devel-linux-x86_64-debian-clang, r-devel-linux-x86_64-debian-gcc, r-devel-linux-x86_64-fedora-clang, r-devel-linux-x86_64-fedora-gcc, r-devel-osx-x86_64-clang, r-devel-windows-ix86+x86_64, r-patched-linux-x86_64, r-patched-solaris-sparc, r-patched-solaris-x86, r-release-linux-ix86, r-release-linux-x86_64, r-release-osx-x86_64-mavericks, r-release-windows-ix86+x86_64

Version: 4.3-0
Check: R code for possible problems
Result: NOTE
    fitFixedKnots : get.X.beta: no visible global function definition for
     ‘splineDesign’
    fitFixedKnots: no visible global function definition for ‘dNO’
    fitFreeKnots: no visible global function definition for ‘dNO’
    ga.control: no visible global function definition for ‘gam.control’
    gamlss.ga: no visible global function definition for ‘gam’
    gamlss.nn: no visible global function definition for ‘nnet’
    gamlss.tr: no visible global function definition for ‘rpart’
    penLags : fnGAIC: no visible global function definition for ‘dNO’
    penLags: no visible global function definition for ‘dNO’
    predict.FixBreakPointsReg : get.X.beta: no visible global function
     definition for ‘splineDesign’
    residuals.penlags: no visible global function definition for ‘qNO’
    residuals.penlags: no visible global function definition for ‘pNO’
    tr: no visible global function definition for ‘rpart.control’
    vcov.FreeBreakPointsReg : get.X.beta: no visible global function
     definition for ‘splineDesign’
    vcov.FreeBreakPointsReg : LL: no visible global function definition for
     ‘dNO’
Flavors: r-devel-linux-x86_64-debian-clang, r-devel-linux-x86_64-debian-gcc, r-devel-linux-x86_64-fedora-clang, r-devel-linux-x86_64-fedora-gcc, r-devel-osx-x86_64-clang, r-devel-windows-ix86+x86_64, r-patched-linux-x86_64, r-patched-solaris-sparc, r-patched-solaris-x86, r-release-linux-ix86, r-release-linux-x86_64, r-release-osx-x86_64-mavericks, r-release-windows-ix86+x86_64