CRAN Package Check Results for Package gamlss.add

Last updated on 2014-12-20 01:49:17.

Flavor Version Tinstall Tcheck Ttotal Status Flags
r-devel-linux-x86_64-debian-clang 4.3-0 4.24 56.46 60.71 NOTE
r-devel-linux-x86_64-debian-gcc 4.3-0 3.79 55.96 59.75 NOTE
r-devel-linux-x86_64-fedora-clang 4.3-0 139.89 NOTE
r-devel-linux-x86_64-fedora-gcc 4.3-0 129.38 NOTE
r-devel-osx-x86_64-clang 4.3-0 111.20 NOTE
r-devel-windows-ix86+x86_64 4.3-0 13.00 85.00 98.00 NOTE
r-patched-linux-x86_64 4.3-0 3.90 59.54 63.45 NOTE
r-patched-solaris-sparc 4.3-0 787.50 OK
r-patched-solaris-x86 4.3-0 177.10 NOTE
r-release-linux-ix86 4.3-0 4.54 67.68 72.22 NOTE
r-release-linux-x86_64 4.3-0 3.90 57.88 61.78 NOTE
r-release-osx-x86_64-mavericks 4.3-0 OK
r-release-osx-x86_64-snowleopard 4.3-0 OK
r-release-windows-ix86+x86_64 4.3-0 12.00 82.00 94.00 NOTE
r-oldrel-windows-ix86+x86_64 4.3-0 13.00 87.00 100.00 OK

Check Details

Version: 4.3-0
Check: package namespace information
Result: NOTE
     Namespaces with empty importFrom:
     ‘gamlss’ ‘mgcv’ ‘nnet’ ‘rpart’
Flavors: r-devel-linux-x86_64-debian-clang, r-devel-linux-x86_64-debian-gcc, r-devel-linux-x86_64-fedora-clang, r-devel-linux-x86_64-fedora-gcc, r-devel-osx-x86_64-clang, r-devel-windows-ix86+x86_64, r-patched-linux-x86_64, r-patched-solaris-x86, r-release-linux-ix86, r-release-linux-x86_64, r-release-windows-ix86+x86_64

Version: 4.3-0
Check: R code for possible problems
Result: NOTE
    fitFixedKnots : get.X.beta: no visible global function definition for
     ‘splineDesign’
    fitFixedKnots: no visible global function definition for ‘dNO’
    fitFreeKnots: no visible global function definition for ‘dNO’
    ga.control: no visible global function definition for ‘gam.control’
    gamlss.ga: no visible global function definition for ‘gam’
    gamlss.nn: no visible global function definition for ‘nnet’
    gamlss.tr: no visible global function definition for ‘rpart’
    penLags : fnGAIC: no visible global function definition for ‘dNO’
    penLags: no visible global function definition for ‘dNO’
    predict.FixBreakPointsReg : get.X.beta: no visible global function
     definition for ‘splineDesign’
    residuals.penlags: no visible global function definition for ‘qNO’
    residuals.penlags: no visible global function definition for ‘pNO’
    tr: no visible global function definition for ‘rpart.control’
    vcov.FreeBreakPointsReg : get.X.beta: no visible global function
     definition for ‘splineDesign’
    vcov.FreeBreakPointsReg : LL: no visible global function definition for
     ‘dNO’
Flavors: r-devel-linux-x86_64-debian-clang, r-devel-linux-x86_64-debian-gcc, r-devel-linux-x86_64-fedora-clang, r-devel-linux-x86_64-fedora-gcc, r-devel-osx-x86_64-clang, r-devel-windows-ix86+x86_64, r-patched-linux-x86_64, r-patched-solaris-x86, r-release-linux-ix86, r-release-linux-x86_64, r-release-windows-ix86+x86_64