CRAN Package Check Results for Package gamlss.add

Last updated on 2015-07-03 13:46:31.

Flavor Version Tinstall Tcheck Ttotal Status Flags
r-devel-linux-x86_64-debian-clang 4.3-3 2.92 51.14 54.06 NOTE
r-devel-linux-x86_64-debian-gcc 4.3-3 3.03 47.82 50.85 NOTE
r-devel-linux-x86_64-fedora-clang 4.3-3 106.35 NOTE
r-devel-linux-x86_64-fedora-gcc 4.3-3 100.96 NOTE
r-devel-osx-x86_64-clang 4.3-3 92.84 OK
r-devel-windows-ix86+x86_64 4.3-3 10.00 72.00 82.00 NOTE
r-patched-linux-x86_64 4.3-3 3.06 48.23 51.29 OK
r-patched-solaris-sparc 4.3-3 692.50 OK
r-patched-solaris-x86 4.3-3 151.90 OK
r-release-linux-x86_64 4.3-3 3.03 48.67 51.70 OK
r-release-osx-x86_64-mavericks 4.3-3 OK
r-release-windows-ix86+x86_64 4.3-3 8.00 73.00 81.00 OK
r-oldrel-windows-ix86+x86_64 4.3-3 14.00 89.00 103.00 OK

Check Details

Version: 4.3-3
Check: R code for possible problems
Result: NOTE
    AIC.penlags: no visible binding for global variable ‘is’
    AIC.penlags: no visible global function definition for ‘is’
    blag: no visible global function definition for ‘na.omit’
    fitFixedKnots : get.X.beta: no visible global function definition for
     ‘model.matrix’
    fitFixedKnots : get.X.trun: no visible global function definition for
     ‘model.matrix’
    fitFixedKnots: no visible global function definition for ‘lm.wfit’
    fitFixedKnots: no visible global function definition for ‘resid’
    fitFreeKnots: no visible global function definition for ‘optim’
    fitFreeKnots: no visible global function definition for ‘optimize’
    fitFreeKnots: no visible global function definition for ‘resid’
    ga: no visible global function definition for ‘is’
    ga: no visible global function definition for ‘model.frame’
    gamlss.ga: no visible global function definition for ‘as.formula’
    gamlss.nn: no visible global function definition for ‘as.formula’
    gamlss.nn: no visible global function definition for ‘resid’
    gamlss.tr: no visible global function definition for ‘as.formula’
    gamlss.tr: no visible global function definition for ‘resid’
    nn: no visible global function definition for ‘is’
    nn: no visible global function definition for ‘model.frame’
    penLags: no visible global function definition for ‘nlminb’
    penLags: no visible global function definition for ‘uniroot’
    penLags: no visible global function definition for ‘is.ts’
    penLags: no visible global function definition for ‘gray’
    penLags: no visible global function definition for ‘lines’
    plot.nnet : alpha: no visible global function definition for ‘col2rgb’
    plot.nnet : alpha: no visible global function definition for ‘rgb’
    plot.nnet : bias.lines: no visible global function definition for
     ‘segments’
    plot.nnet: no visible global function definition for ‘terms’
    plot.nnet: no visible global function definition for ‘plot’
    plot.nnet : layer.points: no visible global function definition for
     ‘points’
    plot.nnet : layer.points: no visible global function definition for
     ‘text’
    plot.nnet : bias.points: no visible global function definition for
     ‘points’
    plot.nnet : bias.points: no visible global function definition for
     ‘text’
    plot.nnet : layer.lines: no visible global function definition for
     ‘segments’
    plot.penlags: no visible global function definition for ‘resid’
    plot.penlags: no visible global function definition for ‘is’
    plot.penlags: no visible global function definition for ‘time’
    plot.penlags: no visible global function definition for ‘par’
    plot.penlags: no visible global function definition for ‘acf’
    plot.penlags: no visible global function definition for ‘plot’
    plot.penlags: no visible global function definition for ‘pacf’
    plot.penlags: no visible global function definition for ‘density’
    plot.penlags: no visible global function definition for ‘rug’
    plot.penlags: no visible global function definition for ‘qqnorm’
    plot.penlags: no visible global function definition for ‘lines’
    plot.penlags: no visible global function definition for ‘cor’
    plot.penlags: no visible global function definition for ‘var’
    predict.FixBreakPointsReg : get.X.beta: no visible global function
     definition for ‘model.matrix’
    predict.FixBreakPointsReg : get.X.trun: no visible global function
     definition for ‘model.matrix’
    predict.penlags: no visible global function definition for ‘tail’
    summary.FreeBreakPointsReg: no visible global function definition for
     ‘vcov’
    summary.FreeBreakPointsReg: no visible global function definition for
     ‘pnorm’
    summary.penlags: no visible global function definition for ‘pnorm’
    summary.penlags: no visible global function definition for
     ‘printCoefmat’
    tr: no visible global function definition for ‘is’
    tr: no visible global function definition for ‘model.frame’
    vcov.FreeBreakPointsReg : get.X.beta: no visible global function
     definition for ‘model.matrix’
    vcov.FreeBreakPointsReg : get.X.trun: no visible global function
     definition for ‘model.matrix’
    vcov.FreeBreakPointsReg: no visible global function definition for
     ‘cov2cor’
    wlag: no visible global function definition for ‘is’
    Undefined global functions or variables:
     acf as.formula col2rgb cor cov2cor density gray is is.ts lines
     lm.wfit model.frame model.matrix na.omit nlminb optim optimize pacf
     par plot pnorm points printCoefmat qqnorm resid rgb rug segments tail
     terms text time uniroot var vcov
Flavors: r-devel-linux-x86_64-debian-clang, r-devel-linux-x86_64-debian-gcc, r-devel-linux-x86_64-fedora-clang, r-devel-linux-x86_64-fedora-gcc, r-devel-windows-ix86+x86_64