CRAN Package Check Results for Package gamlss.cens

Last updated on 2017-03-23 06:48:02.

Flavor Version Tinstall Tcheck Ttotal Status Flags
r-devel-linux-x86_64-debian-clang 4.3-5 2.53 40.96 43.49 NOTE
r-devel-linux-x86_64-debian-gcc 4.3-5 2.50 39.60 42.10 NOTE
r-devel-linux-x86_64-fedora-clang 4.3-5 107.73 NOTE --no-stop-on-test-error
r-devel-linux-x86_64-fedora-gcc 4.3-5 100.30 NOTE --no-stop-on-test-error
r-devel-macos-x86_64-clang 4.3-5 73.30 NOTE --no-stop-on-test-error
r-devel-windows-ix86+x86_64 4.3-5 8.00 67.00 75.00 NOTE
r-patched-linux-x86_64 4.3-5 2.57 34.96 37.53 NOTE
r-patched-solaris-sparc 4.3-5 531.90 NOTE
r-patched-solaris-x86 4.3-5 125.60 NOTE
r-release-linux-x86_64 4.3-5 2.59 34.90 37.49 NOTE
r-release-osx-x86_64-mavericks 4.3-5 OK
r-release-windows-ix86+x86_64 4.3-5 9.00 63.00 72.00 NOTE
r-oldrel-windows-ix86+x86_64 4.3-5 13.00 99.00 112.00 NOTE

Check Details

Version: 4.3-5
Check: dependencies in R code
Result: NOTE
    Unexported object imported by a ':::' call: ‘gamlss:::numeric.deriv’
     See the note in ?`:::` about the use of this operator.
Flavors: r-devel-linux-x86_64-debian-clang, r-devel-linux-x86_64-debian-gcc, r-devel-windows-ix86+x86_64, r-patched-linux-x86_64, r-patched-solaris-sparc, r-patched-solaris-x86, r-release-linux-x86_64, r-release-windows-ix86+x86_64, r-oldrel-windows-ix86+x86_64

Version: 4.3-5
Flags: --no-stop-on-test-error
Check: dependencies in R code
Result: NOTE
    Unexported object imported by a ':::' call: ‘gamlss:::numeric.deriv’
     See the note in ?`:::` about the use of this operator.
Flavors: r-devel-linux-x86_64-fedora-clang, r-devel-linux-x86_64-fedora-gcc, r-devel-macos-x86_64-clang