CRAN Package Check Results for Package gamlss.cens

Last updated on 2017-02-22 07:48:15.

Flavor Version Tinstall Tcheck Ttotal Status Flags
r-devel-linux-x86_64-debian-clang 4.3-5 2.70 39.80 42.50 NOTE
r-devel-linux-x86_64-debian-gcc 4.3-5 2.52 39.57 42.10 NOTE
r-devel-linux-x86_64-fedora-clang 4.3-5 95.53 NOTE --no-stop-on-test-error
r-devel-linux-x86_64-fedora-gcc 4.3-5 95.18 NOTE --no-stop-on-test-error
r-devel-macos-x86_64-clang 4.3-5 73.82 NOTE --no-stop-on-test-error
r-devel-windows-ix86+x86_64 4.3-5 11.00 153.00 164.00 NOTE
r-patched-linux-x86_64 4.3-5 2.54 34.70 37.23 NOTE
r-patched-solaris-sparc 4.3-5 467.10 NOTE
r-patched-solaris-x86 4.3-5 105.80 NOTE
r-release-linux-x86_64 4.3-5 2.43 35.25 37.68 NOTE
r-release-osx-x86_64-mavericks 4.3-5 OK
r-release-windows-ix86+x86_64 4.3-5 18.00 69.00 87.00 NOTE
r-oldrel-windows-ix86+x86_64 4.3-5 12.00 89.00 101.00 NOTE

Check Details

Version: 4.3-5
Check: dependencies in R code
Result: NOTE
    Unexported object imported by a ':::' call: ‘gamlss:::numeric.deriv’
     See the note in ?`:::` about the use of this operator.
Flavors: r-devel-linux-x86_64-debian-clang, r-devel-linux-x86_64-debian-gcc, r-devel-windows-ix86+x86_64, r-patched-linux-x86_64, r-patched-solaris-sparc, r-patched-solaris-x86, r-release-linux-x86_64, r-release-windows-ix86+x86_64, r-oldrel-windows-ix86+x86_64

Version: 4.3-5
Flags: --no-stop-on-test-error
Check: dependencies in R code
Result: NOTE
    Unexported object imported by a ':::' call: ‘gamlss:::numeric.deriv’
     See the note in ?`:::` about the use of this operator.
Flavors: r-devel-linux-x86_64-fedora-clang, r-devel-linux-x86_64-fedora-gcc, r-devel-macos-x86_64-clang