CRAN Package Check Results for Package gamlss.cens

Last updated on 2017-05-22 16:48:37.

Flavor Version Tinstall Tcheck Ttotal Status Flags
r-devel-linux-x86_64-debian-clang 4.3-5 2.64 40.47 43.11 NOTE
r-devel-linux-x86_64-debian-gcc 4.3-5 2.62 40.41 43.04 NOTE
r-devel-linux-x86_64-fedora-clang 4.3-5 97.60 NOTE --no-stop-on-test-error
r-devel-linux-x86_64-fedora-gcc 4.3-5 95.91 NOTE --no-stop-on-test-error
r-devel-windows-ix86+x86_64 4.3-5 11.00 98.00 109.00 NOTE
r-patched-linux-x86_64 4.3-5 2.58 40.80 43.38 NOTE
r-patched-solaris-sparc 4.3-5 531.90 NOTE
r-patched-solaris-x86 4.3-5 128.60 NOTE
r-release-linux-x86_64 4.3-5 2.52 40.39 42.90 NOTE
r-release-windows-ix86+x86_64 4.3-5 7.00 98.00 105.00 NOTE
r-release-osx-x86_64 4.3-5 NOTE
r-oldrel-windows-ix86+x86_64 4.3-5 7.00 86.00 93.00 NOTE
r-oldrel-osx-x86_64 4.3-5 OK

Check Details

Version: 4.3-5
Check: dependencies in R code
Result: NOTE
    Unexported object imported by a ':::' call: ‘gamlss:::numeric.deriv’
     See the note in ?`:::` about the use of this operator.
Flavors: r-devel-linux-x86_64-debian-clang, r-devel-linux-x86_64-debian-gcc, r-devel-windows-ix86+x86_64, r-patched-linux-x86_64, r-patched-solaris-sparc, r-patched-solaris-x86, r-release-linux-x86_64, r-release-windows-ix86+x86_64, r-release-osx-x86_64, r-oldrel-windows-ix86+x86_64

Version: 4.3-5
Flags: --no-stop-on-test-error
Check: dependencies in R code
Result: NOTE
    Unexported object imported by a ':::' call: ‘gamlss:::numeric.deriv’
     See the note in ?`:::` about the use of this operator.
Flavors: r-devel-linux-x86_64-fedora-clang, r-devel-linux-x86_64-fedora-gcc