CRAN Package Check Results for Package gamlss.cens

Last updated on 2016-12-03 05:47:08.

Flavor Version Tinstall Tcheck Ttotal Status Flags
r-devel-linux-x86_64-debian-clang 4.3-5 2.48 38.98 41.47 NOTE
r-devel-linux-x86_64-debian-gcc 4.3-5 2.62 38.65 41.28 NOTE
r-devel-linux-x86_64-fedora-clang 4.3-5 96.38 NOTE
r-devel-linux-x86_64-fedora-gcc 4.3-5 94.75 NOTE
r-devel-macos-x86_64-clang 4.3-5 72.11 NOTE
r-devel-windows-ix86+x86_64 4.3-5 7.00 99.00 106.00 NOTE
r-patched-linux-x86_64 4.3-5 2.30 34.04 36.35 NOTE
r-patched-solaris-sparc 4.3-5 439.00 NOTE
r-patched-solaris-x86 4.3-5 103.10 NOTE
r-release-linux-x86_64 4.3-5 2.53 33.98 36.50 NOTE
r-release-osx-x86_64-mavericks 4.3-5 OK
r-release-windows-ix86+x86_64 4.3-5 10.00 100.00 110.00 NOTE
r-oldrel-windows-ix86+x86_64 4.3-5 10.00 62.00 72.00 NOTE

Check Details

Version: 4.3-5
Check: dependencies in R code
Result: NOTE
    Unexported object imported by a ':::' call: ‘gamlss:::numeric.deriv’
     See the note in ?`:::` about the use of this operator.
Flavors: r-devel-linux-x86_64-debian-clang, r-devel-linux-x86_64-debian-gcc, r-devel-linux-x86_64-fedora-clang, r-devel-linux-x86_64-fedora-gcc, r-devel-macos-x86_64-clang, r-devel-windows-ix86+x86_64, r-patched-linux-x86_64, r-patched-solaris-sparc, r-patched-solaris-x86, r-release-linux-x86_64, r-release-windows-ix86+x86_64, r-oldrel-windows-ix86+x86_64