CRAN Package Check Results for Package gamlss.cens

Last updated on 2015-01-27 05:47:33.

Flavor Version Tinstall Tcheck Ttotal Status Flags
r-devel-linux-x86_64-debian-clang 4.2.7 0.99 18.10 19.09 NOTE
r-devel-linux-x86_64-debian-gcc 4.2.7 0.96 17.96 18.91 NOTE
r-devel-linux-x86_64-fedora-clang 4.2.7 49.58 NOTE
r-devel-linux-x86_64-fedora-gcc 4.2.7 47.24 NOTE
r-devel-osx-x86_64-clang 4.2.7 45.11 NOTE
r-devel-windows-ix86+x86_64 4.2.7 5.00 27.00 32.00 NOTE
r-patched-linux-x86_64 4.2.7 1.41 22.33 23.74 NOTE
r-patched-solaris-sparc 4.2.7 254.50 NOTE
r-patched-solaris-x86 4.2.7 59.40 NOTE
r-release-linux-ix86 4.2.7 1.43 27.83 29.26 NOTE
r-release-linux-x86_64 4.2.7 1.13 21.75 22.88 NOTE
r-release-osx-x86_64-mavericks 4.2.7 NOTE
r-release-osx-x86_64-snowleopard 4.2.7 OK
r-release-windows-ix86+x86_64 4.2.7 9.00 39.00 48.00 NOTE
r-oldrel-windows-ix86+x86_64 4.2.7 8.00 42.00 50.00 OK

Check Details

Version: 4.2.7
Check: package namespace information
Result: NOTE
     Namespaces with empty importFrom:
     ‘gamlss’ ‘gamlss.dist’
Flavors: r-devel-linux-x86_64-debian-clang, r-devel-linux-x86_64-debian-gcc, r-devel-linux-x86_64-fedora-clang, r-devel-linux-x86_64-fedora-gcc, r-devel-osx-x86_64-clang, r-devel-windows-ix86+x86_64, r-patched-linux-x86_64, r-patched-solaris-sparc, r-patched-solaris-x86, r-release-linux-ix86, r-release-linux-x86_64, r-release-osx-x86_64-mavericks, r-release-windows-ix86+x86_64

Version: 4.2.7
Check: R code for possible problems
Result: NOTE
    cens: no visible global function definition for ‘as.gamlss.family’
    gen.cens: no visible global function definition for ‘as.gamlss.family’
Flavors: r-devel-linux-x86_64-debian-clang, r-devel-linux-x86_64-debian-gcc, r-devel-linux-x86_64-fedora-clang, r-devel-linux-x86_64-fedora-gcc, r-devel-osx-x86_64-clang, r-devel-windows-ix86+x86_64, r-patched-linux-x86_64, r-patched-solaris-sparc, r-patched-solaris-x86, r-release-linux-ix86, r-release-linux-x86_64, r-release-osx-x86_64-mavericks, r-release-windows-ix86+x86_64