CRAN Package Check Results for Package gamlss.cens

Last updated on 2017-12-13 15:48:20 CET.

Flavor Version Tinstall Tcheck Ttotal Status Flags
r-devel-linux-x86_64-debian-clang 4.3-5 3.58 58.49 62.07 NOTE
r-devel-linux-x86_64-debian-gcc 4.3-5 2.84 47.18 50.02 NOTE
r-devel-linux-x86_64-fedora-clang 4.3-5 82.78 NOTE
r-devel-linux-x86_64-fedora-gcc 4.3-5 82.63 NOTE
r-devel-windows-ix86+x86_64 4.3-5 10.00 109.00 119.00 NOTE
r-patched-linux-x86_64 4.3-5 3.68 64.71 68.39 NOTE
r-patched-solaris-x86 4.3-5 132.30 NOTE
r-release-linux-x86_64 4.3-5 3.61 66.14 69.75 NOTE
r-release-windows-ix86+x86_64 4.3-5 8.00 109.00 117.00 NOTE
r-release-osx-x86_64 4.3-5 NOTE
r-oldrel-windows-ix86+x86_64 4.3-5 6.00 102.00 108.00 NOTE
r-oldrel-osx-x86_64 4.3-5 OK

Check Details

Version: 4.3-5
Check: dependencies in R code
Result: NOTE
    Unexported object imported by a ':::' call: ‘gamlss:::numeric.deriv’
     See the note in ?`:::` about the use of this operator.
Flavors: r-devel-linux-x86_64-debian-clang, r-devel-linux-x86_64-debian-gcc, r-devel-linux-x86_64-fedora-clang, r-devel-linux-x86_64-fedora-gcc, r-devel-windows-ix86+x86_64, r-patched-linux-x86_64, r-patched-solaris-x86, r-release-linux-x86_64, r-release-windows-ix86+x86_64, r-release-osx-x86_64, r-oldrel-windows-ix86+x86_64