CRAN Package Check Results for Package gamlss.cens

Last updated on 2017-10-19 00:52:38.

Flavor Version Tinstall Tcheck Ttotal Status Flags
r-devel-linux-x86_64-debian-clang 4.3-5 2.78 40.30 43.07 NOTE
r-devel-linux-x86_64-debian-gcc 4.3-5 2.91 43.16 46.07 NOTE
r-devel-linux-x86_64-fedora-clang 4.3-5 104.21 NOTE
r-devel-linux-x86_64-fedora-gcc 4.3-5 104.03 NOTE
r-devel-windows-ix86+x86_64 4.3-5 7.00 71.00 78.00 NOTE
r-patched-linux-x86_64 4.3-5 2.59 40.68 43.26 NOTE
r-patched-solaris-x86 4.3-5 136.50 NOTE
r-release-linux-x86_64 4.3-5 2.86 41.72 44.57 NOTE
r-release-windows-ix86+x86_64 4.3-5 13.00 73.00 86.00 NOTE
r-release-osx-x86_64 4.3-5 NOTE
r-oldrel-windows-ix86+x86_64 4.3-5 11.00 87.00 98.00 NOTE
r-oldrel-osx-x86_64 4.3-5 OK

Check Details

Version: 4.3-5
Check: dependencies in R code
Result: NOTE
    Unexported object imported by a ':::' call: ‘gamlss:::numeric.deriv’
     See the note in ?`:::` about the use of this operator.
Flavors: r-devel-linux-x86_64-debian-clang, r-devel-linux-x86_64-debian-gcc, r-devel-linux-x86_64-fedora-clang, r-devel-linux-x86_64-fedora-gcc, r-devel-windows-ix86+x86_64, r-patched-linux-x86_64, r-patched-solaris-x86, r-release-linux-x86_64, r-release-windows-ix86+x86_64, r-release-osx-x86_64, r-oldrel-windows-ix86+x86_64