CRAN Package Check Results for Package gamlss.cens

Last updated on 2017-01-18 10:48:31.

Flavor Version Tinstall Tcheck Ttotal Status Flags
r-devel-linux-x86_64-debian-clang 4.3-5 2.57 38.51 41.08 NOTE
r-devel-linux-x86_64-debian-gcc 4.3-5 2.54 37.86 40.40 NOTE
r-devel-linux-x86_64-fedora-clang 4.3-5 93.40 NOTE --no-stop-on-test-error
r-devel-linux-x86_64-fedora-gcc 4.3-5 91.94 NOTE --no-stop-on-test-error
r-devel-macos-x86_64-clang 4.3-5 71.59 NOTE --no-stop-on-test-error
r-devel-windows-ix86+x86_64 4.3-5 11.00 68.00 79.00 NOTE
r-patched-linux-x86_64 4.3-5 2.43 34.12 36.55 NOTE
r-patched-solaris-sparc 4.3-5 467.10 NOTE
r-patched-solaris-x86 4.3-5 103.80 NOTE
r-release-linux-x86_64 4.3-5 2.65 33.84 36.49 NOTE
r-release-osx-x86_64-mavericks 4.3-5 OK
r-release-windows-ix86+x86_64 4.3-5 6.00 83.00 89.00 NOTE
r-oldrel-windows-ix86+x86_64 4.3-5 7.00 94.00 101.00 NOTE

Check Details

Version: 4.3-5
Check: dependencies in R code
Result: NOTE
    Unexported object imported by a ':::' call: ‘gamlss:::numeric.deriv’
     See the note in ?`:::` about the use of this operator.
Flavors: r-devel-linux-x86_64-debian-clang, r-devel-linux-x86_64-debian-gcc, r-devel-windows-ix86+x86_64, r-patched-linux-x86_64, r-patched-solaris-sparc, r-patched-solaris-x86, r-release-linux-x86_64, r-release-windows-ix86+x86_64, r-oldrel-windows-ix86+x86_64

Version: 4.3-5
Flags: --no-stop-on-test-error
Check: dependencies in R code
Result: NOTE
    Unexported object imported by a ':::' call: ‘gamlss:::numeric.deriv’
     See the note in ?`:::` about the use of this operator.
Flavors: r-devel-linux-x86_64-fedora-clang, r-devel-linux-x86_64-fedora-gcc, r-devel-macos-x86_64-clang