CRAN Package Check Results for Package gamlss.cens

Last updated on 2014-12-20 12:47:26.

Flavor Version Tinstall Tcheck Ttotal Status Flags
r-devel-linux-x86_64-debian-clang 4.2.7 1.08 22.30 23.37 NOTE
r-devel-linux-x86_64-debian-gcc 4.2.7 1.06 21.50 22.56 NOTE
r-devel-linux-x86_64-fedora-clang 4.2.7 46.93 NOTE
r-devel-linux-x86_64-fedora-gcc 4.2.7 42.93 NOTE
r-devel-osx-x86_64-clang 4.2.7 43.60 NOTE
r-devel-windows-ix86+x86_64 4.2.7 5.00 36.00 41.00 NOTE
r-patched-linux-x86_64 4.2.7 1.19 21.61 22.80 NOTE
r-patched-solaris-sparc 4.2.7 262.40 OK
r-patched-solaris-x86 4.2.7 59.40 NOTE
r-release-linux-ix86 4.2.7 1.45 27.63 29.08 NOTE
r-release-linux-x86_64 4.2.7 1.16 21.74 22.89 NOTE
r-release-osx-x86_64-mavericks 4.2.7 OK
r-release-osx-x86_64-snowleopard 4.2.7 OK
r-release-windows-ix86+x86_64 4.2.7 6.00 39.00 45.00 NOTE
r-oldrel-windows-ix86+x86_64 4.2.7 5.00 38.00 43.00 OK

Check Details

Version: 4.2.7
Check: package namespace information
Result: NOTE
     Namespaces with empty importFrom:
     ‘gamlss’ ‘gamlss.dist’
Flavors: r-devel-linux-x86_64-debian-clang, r-devel-linux-x86_64-debian-gcc, r-devel-linux-x86_64-fedora-clang, r-devel-linux-x86_64-fedora-gcc, r-devel-osx-x86_64-clang, r-devel-windows-ix86+x86_64, r-patched-linux-x86_64, r-patched-solaris-x86, r-release-linux-ix86, r-release-linux-x86_64, r-release-windows-ix86+x86_64

Version: 4.2.7
Check: R code for possible problems
Result: NOTE
    cens: no visible global function definition for ‘as.gamlss.family’
    gen.cens: no visible global function definition for ‘as.gamlss.family’
Flavors: r-devel-linux-x86_64-debian-clang, r-devel-linux-x86_64-debian-gcc, r-devel-linux-x86_64-fedora-clang, r-devel-linux-x86_64-fedora-gcc, r-devel-osx-x86_64-clang, r-devel-windows-ix86+x86_64, r-patched-linux-x86_64, r-patched-solaris-x86, r-release-linux-ix86, r-release-linux-x86_64, r-release-windows-ix86+x86_64