CRAN Package Check Results for Package gamlss.cens

Last updated on 2018-06-23 11:50:09 CEST.

Flavor Version Tinstall Tcheck Ttotal Status Flags
r-devel-linux-x86_64-debian-clang 5.0-1 5.34 69.69 75.03 OK
r-devel-linux-x86_64-debian-gcc 5.0-1 4.90 54.84 59.74 OK
r-devel-linux-x86_64-fedora-clang 5.0-1 88.06 OK
r-devel-linux-x86_64-fedora-gcc 5.0-1 84.09 OK
r-devel-windows-ix86+x86_64 5.0-1 8.00 107.00 115.00 OK
r-patched-linux-x86_64 5.0-1 4.18 59.62 63.80 OK
r-patched-solaris-x86 5.0-1 117.90 OK
r-release-linux-x86_64 5.0-1 4.77 59.16 63.93 OK
r-release-windows-ix86+x86_64 5.0-1 9.00 99.00 108.00 OK
r-release-osx-x86_64 5.0-1 OK
r-oldrel-windows-ix86+x86_64 5.0-1 11.00 102.00 113.00 OK
r-oldrel-osx-x86_64 4.3-5 NOTE

Check Details

Version: 4.3-5
Check: dependencies in R code
Result: NOTE
    Unexported object imported by a ':::' call: ‘gamlss:::numeric.deriv’
     See the note in ?`:::` about the use of this operator.
Flavor: r-oldrel-osx-x86_64