CRAN Package Check Results for Package gamlss.cens

Last updated on 2017-08-22 23:47:16.

Flavor Version Tinstall Tcheck Ttotal Status Flags
r-devel-linux-x86_64-debian-clang 4.3-5 2.55 41.91 44.46 NOTE
r-devel-linux-x86_64-debian-gcc 4.3-5 3.01 40.96 43.97 NOTE
r-devel-linux-x86_64-fedora-clang 4.3-5 108.69 NOTE
r-devel-linux-x86_64-fedora-gcc 4.3-5 101.40 NOTE
r-devel-windows-ix86+x86_64 4.3-5 7.00 98.00 105.00 NOTE
r-patched-linux-x86_64 4.3-5 2.50 41.09 43.59 NOTE
r-patched-solaris-x86 4.3-5 127.80 NOTE
r-release-linux-x86_64 4.3-5 2.92 40.73 43.65 NOTE
r-release-windows-ix86+x86_64 4.3-5 8.00 98.00 106.00 NOTE
r-release-osx-x86_64 4.3-5 NOTE
r-oldrel-windows-ix86+x86_64 4.3-5 7.00 60.00 67.00 NOTE
r-oldrel-osx-x86_64 4.3-5 OK

Check Details

Version: 4.3-5
Check: dependencies in R code
Result: NOTE
    Unexported object imported by a ':::' call: ‘gamlss:::numeric.deriv’
     See the note in ?`:::` about the use of this operator.
Flavors: r-devel-linux-x86_64-debian-clang, r-devel-linux-x86_64-debian-gcc, r-devel-linux-x86_64-fedora-clang, r-devel-linux-x86_64-fedora-gcc, r-devel-windows-ix86+x86_64, r-patched-linux-x86_64, r-patched-solaris-x86, r-release-linux-x86_64, r-release-windows-ix86+x86_64, r-release-osx-x86_64, r-oldrel-windows-ix86+x86_64