CRAN Package Check Results for Package gamlss.cens

Last updated on 2018-02-24 23:48:57 CET.

Flavor Version Tinstall Tcheck Ttotal Status Flags
r-devel-linux-x86_64-debian-clang 4.3-5 4.89 60.84 65.73 NOTE
r-devel-linux-x86_64-debian-gcc 4.3-5 4.41 47.45 51.86 NOTE
r-devel-linux-x86_64-fedora-clang 4.3-5 86.38 NOTE
r-devel-linux-x86_64-fedora-gcc 4.3-5 83.45 NOTE
r-devel-windows-ix86+x86_64 4.3-5 8.00 108.00 116.00 NOTE
r-patched-linux-x86_64 4.3-5 3.30 65.10 68.40 NOTE
r-patched-solaris-x86 4.3-5 130.40 NOTE
r-release-linux-x86_64 4.3-5 2.71 65.25 67.96 NOTE
r-release-windows-ix86+x86_64 4.3-5 15.00 111.00 126.00 NOTE
r-release-osx-x86_64 4.3-5 NOTE
r-oldrel-windows-ix86+x86_64 4.3-5 7.00 89.00 96.00 NOTE
r-oldrel-osx-x86_64 4.3-5 OK

Check Details

Version: 4.3-5
Check: dependencies in R code
Result: NOTE
    Unexported object imported by a ':::' call: ‘gamlss:::numeric.deriv’
     See the note in ?`:::` about the use of this operator.
Flavors: r-devel-linux-x86_64-debian-clang, r-devel-linux-x86_64-debian-gcc, r-devel-linux-x86_64-fedora-clang, r-devel-linux-x86_64-fedora-gcc, r-devel-windows-ix86+x86_64, r-patched-linux-x86_64, r-patched-solaris-x86, r-release-linux-x86_64, r-release-windows-ix86+x86_64, r-release-osx-x86_64, r-oldrel-windows-ix86+x86_64