CRAN Package Check Results for Package gamlss.cens

Last updated on 2017-06-23 15:48:01.

Flavor Version Tinstall Tcheck Ttotal Status Flags
r-devel-linux-x86_64-debian-clang 4.3-5 2.60 42.51 45.11 NOTE
r-devel-linux-x86_64-debian-gcc 4.3-5 3.06 40.29 43.35 NOTE
r-devel-linux-x86_64-fedora-clang 4.3-5 96.67 NOTE
r-devel-linux-x86_64-fedora-gcc 4.3-5 95.15 NOTE
r-devel-windows-ix86+x86_64 4.3-5 13.00 105.00 118.00 NOTE
r-patched-linux-x86_64 4.3-5 2.63 40.10 42.73 NOTE
r-patched-solaris-sparc 4.3-5 531.90 NOTE
r-patched-solaris-x86 4.3-5 127.70 NOTE
r-release-linux-x86_64 4.3-5 2.71 39.92 42.63 NOTE
r-release-windows-ix86+x86_64 4.3-5 7.00 102.00 109.00 NOTE
r-release-osx-x86_64 4.3-5 NOTE
r-oldrel-windows-ix86+x86_64 4.3-5 12.00 92.00 104.00 NOTE
r-oldrel-osx-x86_64 4.3-5 OK

Check Details

Version: 4.3-5
Check: dependencies in R code
Result: NOTE
    Unexported object imported by a ':::' call: ‘gamlss:::numeric.deriv’
     See the note in ?`:::` about the use of this operator.
Flavors: r-devel-linux-x86_64-debian-clang, r-devel-linux-x86_64-debian-gcc, r-devel-linux-x86_64-fedora-clang, r-devel-linux-x86_64-fedora-gcc, r-devel-windows-ix86+x86_64, r-patched-linux-x86_64, r-patched-solaris-sparc, r-patched-solaris-x86, r-release-linux-x86_64, r-release-windows-ix86+x86_64, r-release-osx-x86_64, r-oldrel-windows-ix86+x86_64