CRAN Package Check Results for Package gamlss.cens

Last updated on 2014-04-24 07:52:27.

Flavor Version Tinstall Tcheck Ttotal Status Flags
r-devel-linux-x86_64-debian-clang 4.2.7 1.09 21.93 23.02 OK
r-devel-linux-x86_64-debian-gcc 4.2.7 1.10 22.44 23.54 OK
r-devel-linux-x86_64-fedora-clang 4.2.7 45.15 OK
r-devel-linux-x86_64-fedora-gcc 4.2.7 43.67 OK
r-devel-osx-x86_64-clang 4.2.7 41.09 OK
r-devel-osx-x86_64-gcc 4.2.7 OK
r-devel-windows-ix86+x86_64 4.2.7 4.00 37.00 41.00 OK
r-patched-linux-x86_64 4.2.7 1.08 22.58 23.65 OK
r-patched-solaris-sparc 4.2.7 242.20 OK
r-patched-solaris-x86 4.2.7 58.30 OK
r-release-linux-ix86 4.2.7 2.00 41.00 43.00 OK
r-release-linux-x86_64 4.2.7 1.09 22.24 23.32 OK
r-release-osx-x86_64-mavericks 4.2.7 WARN
r-release-osx-x86_64-snowleopard 4.2.7 OK
r-release-windows-ix86+x86_64 4.2.7 4.00 33.00 37.00 OK
r-oldrel-windows-ix86+x86_64 4.2.7 5.00 37.00 42.00 OK

Check Details

Version: 4.2.7
Check: PDF version of manual
Result: WARNING
    LaTeX errors when creating PDF version.
    This typically indicates Rd problems.
    LaTeX errors found:
    ! LaTeX Error: File `upquote.sty' not found.
    
    Type X to quit or <RETURN> to proceed,
    or enter new name. (Default extension: sty)
    
    683d564/Rd2.tex:8: ==> Fatal error occurred, no output PDF file produced!
Flavor: r-release-osx-x86_64-mavericks