CRAN Package Check Results for Package gamlss.cens

Last updated on 2017-04-23 15:48:20.

Flavor Version Tinstall Tcheck Ttotal Status Flags
r-devel-linux-x86_64-debian-clang 4.3-5 2.62 40.64 43.26 NOTE
r-devel-linux-x86_64-debian-gcc 4.3-5 2.60 39.78 42.37 NOTE
r-devel-linux-x86_64-fedora-clang 4.3-5 98.24 NOTE --no-stop-on-test-error
r-devel-linux-x86_64-fedora-gcc 4.3-5 94.44 NOTE --no-stop-on-test-error
r-devel-windows-ix86+x86_64 4.3-5 16.00 82.00 98.00 NOTE
r-patched-linux-x86_64 4.3-5 2.52 39.57 42.08 NOTE
r-patched-solaris-sparc 4.3-5 531.90 NOTE
r-patched-solaris-x86 4.3-5 125.30 NOTE
r-release-linux-x86_64 4.3-5 2.51 39.96 42.47 NOTE
r-release-windows-ix86+x86_64 4.3-5 8.00 73.00 81.00 NOTE
r-release-osx-x86_64 4.3-5 NOTE
r-oldrel-windows-ix86+x86_64 4.3-5 7.00 62.00 69.00 NOTE
r-oldrel-osx-x86_64 4.3-5 OK

Check Details

Version: 4.3-5
Check: dependencies in R code
Result: NOTE
    Unexported object imported by a ':::' call: ‘gamlss:::numeric.deriv’
     See the note in ?`:::` about the use of this operator.
Flavors: r-devel-linux-x86_64-debian-clang, r-devel-linux-x86_64-debian-gcc, r-devel-windows-ix86+x86_64, r-patched-linux-x86_64, r-patched-solaris-sparc, r-patched-solaris-x86, r-release-linux-x86_64, r-release-windows-ix86+x86_64, r-release-osx-x86_64, r-oldrel-windows-ix86+x86_64

Version: 4.3-5
Flags: --no-stop-on-test-error
Check: dependencies in R code
Result: NOTE
    Unexported object imported by a ':::' call: ‘gamlss:::numeric.deriv’
     See the note in ?`:::` about the use of this operator.
Flavors: r-devel-linux-x86_64-fedora-clang, r-devel-linux-x86_64-fedora-gcc