CRAN Package Check Results for Package gamlss.cens

Last updated on 2014-11-01 07:48:49.

Flavor Version Tinstall Tcheck Ttotal Status Flags
r-devel-linux-x86_64-debian-clang 4.2.7 1.06 21.24 22.30 NOTE
r-devel-linux-x86_64-debian-gcc 4.2.7 1.04 21.14 22.19 NOTE
r-devel-linux-x86_64-fedora-clang 4.2.7 46.61 NOTE
r-devel-linux-x86_64-fedora-gcc 4.2.7 42.94 NOTE
r-devel-osx-x86_64-clang 4.2.7 43.35 NOTE
r-devel-windows-ix86+x86_64 4.2.7 4.00 35.00 39.00 NOTE
r-patched-linux-x86_64 4.2.7 1.10 21.48 22.57 NOTE
r-patched-solaris-sparc 4.2.7 262.40 OK
r-patched-solaris-x86 4.2.7 60.10 NOTE
r-release-linux-ix86 4.2.7 1.45 28.86 30.31 OK
r-release-linux-x86_64 4.2.7 1.04 22.17 23.21 OK
r-release-osx-x86_64-mavericks 4.2.7 OK
r-release-osx-x86_64-snowleopard 4.2.7 OK
r-release-windows-ix86+x86_64 4.2.7 5.00 35.00 40.00 OK
r-oldrel-windows-ix86+x86_64 4.2.7 5.00 37.00 42.00 OK

Check Details

Version: 4.2.7
Check: package namespace information
Result: NOTE
     Namespaces with empty importFrom:
     ‘gamlss’ ‘gamlss.dist’
Flavors: r-devel-linux-x86_64-debian-clang, r-devel-linux-x86_64-debian-gcc, r-devel-linux-x86_64-fedora-clang, r-devel-linux-x86_64-fedora-gcc, r-devel-osx-x86_64-clang, r-devel-windows-ix86+x86_64, r-patched-linux-x86_64, r-patched-solaris-x86

Version: 4.2.7
Check: R code for possible problems
Result: NOTE
    cens: no visible global function definition for ‘as.gamlss.family’
    gen.cens: no visible global function definition for ‘as.gamlss.family’
Flavors: r-devel-linux-x86_64-debian-clang, r-devel-linux-x86_64-debian-gcc, r-devel-linux-x86_64-fedora-clang, r-devel-linux-x86_64-fedora-gcc, r-devel-osx-x86_64-clang, r-devel-windows-ix86+x86_64, r-patched-linux-x86_64, r-patched-solaris-x86