CRAN Package Check Results for Package gamlss.cens

Last updated on 2014-09-24 01:49:29.

Flavor Version Tinstall Tcheck Ttotal Status Flags
r-devel-linux-x86_64-debian-clang 4.2.7 0.93 20.66 21.59 NOTE
r-devel-linux-x86_64-debian-gcc 4.2.7 0.92 20.86 21.79 NOTE
r-devel-linux-x86_64-fedora-clang 4.2.7 44.39 NOTE
r-devel-linux-x86_64-fedora-gcc 4.2.7 42.15 NOTE
r-devel-osx-x86_64-clang 4.2.7 44.50 NOTE
r-devel-windows-ix86+x86_64 4.2.7 4.00 34.00 38.00 NOTE
r-patched-linux-x86_64 4.2.7 0.99 21.94 22.93 OK
r-patched-solaris-sparc 4.2.7 262.40 OK
r-patched-solaris-x86 4.2.7 57.50 OK
r-release-linux-ix86 4.2.7 1.44 28.99 30.44 OK
r-release-linux-x86_64 4.2.7 1.05 22.55 23.60 OK
r-release-osx-x86_64-mavericks 4.2.7 OK
r-release-osx-x86_64-snowleopard 4.2.7 OK
r-release-windows-ix86+x86_64 4.2.7 5.00 36.00 41.00 OK
r-oldrel-windows-ix86+x86_64 4.2.7 6.00 36.00 42.00 OK

Check Details

Version: 4.2.7
Check: package namespace information
Result: NOTE
     Namespaces with empty importFrom:
     ‘gamlss’ ‘gamlss.dist’
Flavors: r-devel-linux-x86_64-debian-clang, r-devel-linux-x86_64-debian-gcc, r-devel-linux-x86_64-fedora-clang, r-devel-linux-x86_64-fedora-gcc, r-devel-osx-x86_64-clang, r-devel-windows-ix86+x86_64

Version: 4.2.7
Check: R code for possible problems
Result: NOTE
    cens: no visible global function definition for ‘as.gamlss.family’
    gen.cens: no visible global function definition for ‘as.gamlss.family’
Flavors: r-devel-linux-x86_64-debian-clang, r-devel-linux-x86_64-debian-gcc, r-devel-linux-x86_64-fedora-clang, r-devel-linux-x86_64-fedora-gcc, r-devel-osx-x86_64-clang, r-devel-windows-ix86+x86_64