CRAN Package Check Results for Package gamlss.countKinf

Last updated on 2023-02-06 02:52:37 CET.

Flavor Version Tinstall Tcheck Ttotal Status Flags
r-devel-linux-x86_64-debian-clang 3.5.1 18.33 118.37 136.70 NOTE
r-devel-linux-x86_64-debian-gcc 3.5.1 12.98 88.63 101.61 NOTE
r-devel-linux-x86_64-fedora-clang 3.5.1 165.41 NOTE
r-devel-linux-x86_64-fedora-gcc 3.5.1 160.98 NOTE
r-devel-windows-x86_64 3.5.1 92.00 144.00 236.00 NOTE
r-patched-linux-x86_64 3.5.1 20.03 114.62 134.65 NOTE
r-release-linux-x86_64 3.5.1 13.36 114.50 127.86 NOTE
r-release-macos-arm64 3.5.1 44.00 NOTE
r-release-macos-x86_64 3.5.1 58.00 NOTE
r-release-windows-x86_64 3.5.1 66.00 150.00 216.00 NOTE
r-oldrel-macos-arm64 3.5.1 49.00 NOTE
r-oldrel-macos-x86_64 3.5.1 65.00 NOTE
r-oldrel-windows-ix86+x86_64 3.5.1 30.00 136.00 166.00 NOTE

Check Details

Version: 3.5.1
Check: LazyData
Result: NOTE
     'LazyData' is specified without a 'data' directory
Flavors: r-devel-linux-x86_64-debian-clang, r-devel-linux-x86_64-debian-gcc, r-devel-linux-x86_64-fedora-clang, r-devel-linux-x86_64-fedora-gcc, r-devel-windows-x86_64, r-patched-linux-x86_64, r-release-linux-x86_64, r-release-macos-arm64, r-release-macos-x86_64, r-release-windows-x86_64, r-oldrel-macos-arm64, r-oldrel-macos-x86_64, r-oldrel-windows-ix86+x86_64