CRAN Package Check Results for Package gamlss.data

Last updated on 2015-05-30 21:46:33.

Flavor Version Tinstall Tcheck Ttotal Status Flags
r-devel-linux-x86_64-debian-clang 4.2-7 0.95 10.19 11.14 NOTE
r-devel-linux-x86_64-debian-gcc 4.2-7 1.10 9.85 10.96 NOTE
r-devel-linux-x86_64-fedora-clang 4.2-7 20.61 NOTE
r-devel-linux-x86_64-fedora-gcc 4.2-7 19.54 NOTE
r-devel-osx-x86_64-clang 4.2-7 24.77 NOTE
r-devel-windows-ix86+x86_64 4.2-7 5.00 18.00 23.00 NOTE
r-patched-linux-x86_64 4.2-7 0.97 10.14 11.10 NOTE
r-patched-solaris-sparc 4.2-7 137.40 NOTE
r-patched-solaris-x86 4.2-7 30.60 NOTE
r-release-linux-x86_64 4.2-7 0.95 10.12 11.08 NOTE
r-release-osx-x86_64-mavericks 4.2-7 NOTE
r-release-osx-x86_64-snowleopard 4.2-7 NOTE
r-release-windows-ix86+x86_64 4.2-7 2.00 22.00 24.00 NOTE
r-oldrel-windows-ix86+x86_64 4.2-7 7.00 18.00 25.00 OK

Check Details

Version: 4.2-7
Check: DESCRIPTION meta-information
Result: NOTE
    Malformed Title field: should not end in a period.
Flavors: r-devel-linux-x86_64-debian-clang, r-devel-linux-x86_64-debian-gcc, r-devel-linux-x86_64-fedora-clang, r-devel-linux-x86_64-fedora-gcc, r-devel-osx-x86_64-clang, r-devel-windows-ix86+x86_64, r-patched-linux-x86_64, r-patched-solaris-sparc, r-patched-solaris-x86, r-release-linux-x86_64, r-release-osx-x86_64-mavericks, r-release-osx-x86_64-snowleopard, r-release-windows-ix86+x86_64