CRAN Package Check Results for Package gamlss.data

Last updated on 2015-03-31 19:51:04.

Flavor Version Tinstall Tcheck Ttotal Status Flags
r-devel-linux-x86_64-debian-clang 4.2-7 1.02 10.11 11.13 NOTE
r-devel-linux-x86_64-debian-gcc 4.2-7 0.96 9.92 10.88 NOTE
r-devel-linux-x86_64-fedora-clang 4.2-7 21.11 NOTE
r-devel-linux-x86_64-fedora-gcc 4.2-7 21.36 NOTE
r-devel-osx-x86_64-clang 4.2-7 27.81 NOTE
r-prerel-windows-ix86+x86_64 4.2-7 7.00 18.00 25.00 NOTE
r-prerel-linux-x86_64 4.2-7 0.95 10.08 11.03 NOTE
r-prerel-solaris-sparc 4.2-7 123.60 NOTE
r-prerel-solaris-x86 4.2-7 30.20 NOTE
r-release-linux-x86_64 4.2-7 1.02 10.78 11.80 OK
r-release-osx-x86_64-mavericks 4.2-7 OK
r-release-osx-x86_64-snowleopard 4.2-7 OK
r-release-windows-ix86+x86_64 4.2-7 7.00 18.00 25.00 OK
r-oldrel-windows-ix86+x86_64 4.2-7 5.00 17.00 22.00 OK

Check Details

Version: 4.2-7
Check: DESCRIPTION meta-information
Result: NOTE
    Malformed Title field: should not end in a period.
Flavors: r-devel-linux-x86_64-debian-clang, r-devel-linux-x86_64-debian-gcc, r-devel-linux-x86_64-fedora-clang, r-devel-linux-x86_64-fedora-gcc, r-devel-osx-x86_64-clang, r-prerel-windows-ix86+x86_64, r-prerel-linux-x86_64, r-prerel-solaris-sparc, r-prerel-solaris-x86