CRAN Package Check Results for Package gamlss.data

Last updated on 2015-07-06 19:47:35.

Flavor Version Tinstall Tcheck Ttotal Status Flags
r-devel-linux-x86_64-debian-clang 4.2-7 0.93 9.77 10.70 NOTE
r-devel-linux-x86_64-debian-gcc 4.2-7 1.37 9.80 11.17 NOTE
r-devel-linux-x86_64-fedora-clang 4.2-7 19.66 NOTE
r-devel-linux-x86_64-fedora-gcc 4.2-7 18.82 NOTE
r-devel-osx-x86_64-clang 4.2-7 21.32 NOTE
r-devel-windows-ix86+x86_64 4.2-7 5.00 19.00 24.00 NOTE
r-patched-linux-x86_64 4.2-7 0.94 9.92 10.86 NOTE
r-patched-solaris-sparc 4.2-7 137.40 NOTE
r-patched-solaris-x86 4.2-7 30.40 NOTE
r-release-linux-x86_64 4.2-7 0.95 9.89 10.84 NOTE
r-release-osx-x86_64-mavericks 4.2-7 NOTE
r-release-windows-ix86+x86_64 4.2-7 5.00 17.00 22.00 NOTE
r-oldrel-windows-ix86+x86_64 4.2-7 7.00 18.00 25.00 OK

Check Details

Version: 4.2-7
Check: DESCRIPTION meta-information
Result: NOTE
    Malformed Title field: should not end in a period.
Flavors: r-devel-linux-x86_64-debian-clang, r-devel-linux-x86_64-debian-gcc, r-devel-linux-x86_64-fedora-clang, r-devel-linux-x86_64-fedora-gcc, r-devel-osx-x86_64-clang, r-devel-windows-ix86+x86_64, r-patched-linux-x86_64, r-patched-solaris-sparc, r-patched-solaris-x86, r-release-linux-x86_64, r-release-osx-x86_64-mavericks, r-release-windows-ix86+x86_64