CRAN Package Check Results for Package gamlss.data

Last updated on 2015-04-27 11:48:38.

Flavor Version Tinstall Tcheck Ttotal Status Flags
r-devel-linux-x86_64-debian-clang 4.2-7 0.96 10.29 11.25 NOTE
r-devel-linux-x86_64-debian-gcc 4.2-7 1.02 9.98 11.00 NOTE
r-devel-linux-x86_64-fedora-clang 4.2-7 21.30 NOTE
r-devel-linux-x86_64-fedora-gcc 4.2-7 20.51 NOTE
r-devel-osx-x86_64-clang 4.2-7 24.87 NOTE
r-devel-windows-ix86+x86_64 4.2-7 5.00 19.00 24.00 NOTE
r-patched-linux-x86_64 4.2-7 0.96 9.93 10.89 NOTE
r-patched-solaris-sparc 4.2-7 123.60 NOTE
r-patched-solaris-x86 4.2-7 30.70 NOTE
r-release-linux-x86_64 4.2-7 0.96 9.97 10.93 NOTE
r-release-osx-x86_64-mavericks 4.2-7 NOTE
r-release-osx-x86_64-snowleopard 4.2-7 NOTE
r-release-windows-ix86+x86_64 4.2-7 2.00 22.00 24.00 NOTE
r-oldrel-windows-ix86+x86_64 4.2-7 7.00 18.00 25.00 OK

Check Details

Version: 4.2-7
Check: DESCRIPTION meta-information
Result: NOTE
    Malformed Title field: should not end in a period.
Flavors: r-devel-linux-x86_64-debian-clang, r-devel-linux-x86_64-debian-gcc, r-devel-linux-x86_64-fedora-clang, r-devel-linux-x86_64-fedora-gcc, r-devel-osx-x86_64-clang, r-devel-windows-ix86+x86_64, r-patched-solaris-sparc, r-patched-solaris-x86, r-release-linux-x86_64, r-release-osx-x86_64-mavericks, r-release-osx-x86_64-snowleopard, r-release-windows-ix86+x86_64