CRAN Package Check Results for Package gamlss.demo

Last updated on 2014-04-25 09:52:14.

Flavor Version Tinstall Tcheck Ttotal Status Flags
r-devel-linux-x86_64-debian-clang 4.2-7 6.98 74.24 81.23 OK
r-devel-linux-x86_64-debian-gcc 4.2-7 6.63 74.73 81.36 OK
r-devel-linux-x86_64-fedora-clang 4.2-7 179.66 OK
r-devel-linux-x86_64-fedora-gcc 4.2-7 169.05 OK
r-devel-osx-x86_64-clang 4.2-7 146.24 OK
r-devel-osx-x86_64-gcc 4.2-7 ERROR
r-devel-windows-ix86+x86_64 4.2-7 16.00 96.00 112.00 OK
r-patched-linux-x86_64 4.2-7 7.37 74.42 81.79 OK
r-patched-solaris-sparc 4.2-7 1030.10 OK
r-patched-solaris-x86 4.2-7 253.20 OK
r-release-linux-ix86 4.2-7 10.00 119.00 129.00 OK
r-release-linux-x86_64 4.2-7 6.70 73.83 80.52 OK
r-release-osx-x86_64-mavericks 4.2-7 WARN
r-release-osx-x86_64-snowleopard 4.2-7 OK
r-release-windows-ix86+x86_64 4.2-7 18.00 98.00 116.00 OK
r-oldrel-windows-ix86+x86_64 4.2-7 19.00 97.00 116.00 OK

Check Details

Version: 4.2-7
Check: package dependencies
Result: ERROR
    Package required but not available: ‘gamlss.util’
    
    See the information on DESCRIPTION files in the chapter ‘Creating R
    packages’ of the ‘Writing R Extensions’ manual.
Flavor: r-devel-osx-x86_64-gcc

Version: 4.2-7
Check: PDF version of manual
Result: WARNING
    LaTeX errors when creating PDF version.
    This typically indicates Rd problems.
    LaTeX errors found:
    ! LaTeX Error: File `upquote.sty' not found.
    
    Type X to quit or <RETURN> to proceed,
    or enter new name. (Default extension: sty)
    
    08a400f/Rd2.tex:8: ==> Fatal error occurred, no output PDF file produced!
Flavor: r-release-osx-x86_64-mavericks