CRAN Package Check Results for Package gamlss.demo

Last updated on 2015-07-03 16:47:19.

Flavor Version Tinstall Tcheck Ttotal Status Flags
r-devel-linux-x86_64-debian-clang 4.3-1 1.18 22.07 23.25 NOTE
r-devel-linux-x86_64-debian-gcc 4.3-1 1.30 21.84 23.14 NOTE
r-devel-linux-x86_64-fedora-clang 4.3-1 42.88 NOTE
r-devel-linux-x86_64-fedora-gcc 4.3-1 43.40 NOTE
r-devel-osx-x86_64-clang 4.3-1 45.03 OK
r-devel-windows-ix86+x86_64 4.3-1 7.00 33.00 40.00 NOTE
r-patched-linux-x86_64 4.3-1 1.24 21.04 22.29 OK
r-patched-solaris-sparc 4.3-1 276.30 OK
r-patched-solaris-x86 4.3-1 64.50 OK
r-release-linux-x86_64 4.3-1 1.20 22.46 23.66 OK
r-release-osx-x86_64-mavericks 4.3-1 OK
r-release-windows-ix86+x86_64 4.3-1 8.00 38.00 46.00 OK
r-oldrel-windows-ix86+x86_64 4.3-1 7.00 51.00 58.00 OK

Check Details

Version: 4.3-1
Check: R code for possible problems
Result: NOTE
    LPOL: no visible global function definition for ‘plot’
    LPOL: no visible global function definition for ‘abline’
    LPOL: no visible global function definition for ‘polygon’
    LPOL: no visible global function definition for ‘points’
    LPOL: no visible global function definition for ‘arrows’
    LPOL: no visible global function definition for ‘window’
    LPOL: no visible global function definition for ‘lines’
    LPOL: no visible global function definition for ‘lm’
    Locmean: no visible global function definition for ‘weighted.mean’
    Locmean: no visible global function definition for ‘window’
    Locpoly : .hat.WX: no visible global function definition for ‘hat’
    Locpoly: no visible global function definition for ‘lm’
    Locpoly: no visible global function definition for ‘fitted’
    PlotSrows: no visible global function definition for ‘par’
    PlotSrows: no visible global function definition for ‘plot’
    WLPOL: no visible global function definition for ‘plot’
    WLPOL: no visible global function definition for ‘dnorm’
    WLPOL: no visible global function definition for ‘lines’
    WLPOL: no visible global function definition for ‘polygon’
    WLPOL: no visible global function definition for ‘points’
    WLPOL: no visible global function definition for ‘abline’
    WLPOL: no visible global function definition for ‘arrows’
    WLPOL: no visible global function definition for ‘weighted.mean’
    WLPOL: no visible global function definition for ‘lm’
    WLPOL: no visible global function definition for ‘predict’
    WLocmean: no visible global function definition for ‘weighted.mean’
    WLocpoly : .hat.WX: no visible global function definition for ‘hat’
    WLocpoly: no visible global function definition for ‘lm’
    WLocpoly: no visible global function definition for ‘fitted’
    demo.BCCG : density.draw: no visible global function definition for
     ‘plot’
    demo.BCPE : density.draw: no visible global function definition for
     ‘plot’
    demo.BCT : density.draw: no visible global function definition for
     ‘plot’
    demo.BE : density.draw: no visible global function definition for
     ‘plot’
    demo.BEINF : density.draw: no visible global function definition for
     ‘par’
    demo.BEINF : density.draw: no visible global function definition for
     ‘plot’
    demo.BEINF : density.draw: no visible global function definition for
     ‘points’
    demo.BEINF0 : density.draw: no visible global function definition for
     ‘par’
    demo.BEINF0 : density.draw: no visible global function definition for
     ‘plot’
    demo.BEINF0 : density.draw: no visible global function definition for
     ‘points’
    demo.BEINF1 : density.draw: no visible global function definition for
     ‘par’
    demo.BEINF1 : density.draw: no visible global function definition for
     ‘plot’
    demo.BEINF1 : density.draw: no visible global function definition for
     ‘points’
    demo.BEo : density.draw: no visible global function definition for
     ‘plot’
    demo.BSplines : bs.random: no visible global function definition for
     ‘runif’
    demo.BSplines : bs.random: no visible global function definition for
     ‘hcl’
    demo.BSplines : bs.random: no visible global function definition for
     ‘matplot’
    demo.BSplines : bs.random: no visible global function definition for
     ‘lines’
    demo.BSplines : bs.random: no visible global function definition for
     ‘points’
    demo.BSplines : bs.random: no visible global function definition for
     ‘title’
    demo.BSplines : bs.draw: no visible global function definition for
     ‘hcl’
    demo.BSplines : bs.draw: no visible global function definition for
     ‘matplot’
    demo.BSplines : bs.draw: no visible global function definition for
     ‘lines’
    demo.BSplines : bs.draw: no visible global function definition for
     ‘points’
    demo.BSplines : bs.draw: no visible global function definition for
     ‘title’
    demo.DEL : density.draw: no visible global function definition for
     ‘par’
    demo.DEL : density.draw: no visible global function definition for
     ‘plot’
    demo.DEL : density.draw: no visible global function definition for
     ‘points’
    demo.DPO : density.draw: no visible global function definition for
     ‘par’
    demo.DPO : density.draw: no visible global function definition for
     ‘plot’
    demo.DPO : density.draw: no visible global function definition for
     ‘points’
    demo.EGB2 : density.draw: no visible global function definition for
     ‘plot’
    demo.EXP : density.draw: no visible global function definition for
     ‘par’
    demo.EXP : density.draw: no visible global function definition for
     ‘plot’
    demo.GA : density.draw: no visible global function definition for
     ‘plot’
    demo.GB1 : density.draw: no visible global function definition for
     ‘plot’
    demo.GB2 : density.draw: no visible global function definition for
     ‘plot’
    demo.GEOM : density.draw: no visible global function definition for
     ‘par’
    demo.GEOM : density.draw: no visible global function definition for
     ‘plot’
    demo.GEOM : density.draw: no visible global function definition for
     ‘points’
    demo.GG : density.draw: no visible global function definition for
     ‘plot’
    demo.GIG : density.draw: no visible global function definition for
     ‘plot’
    demo.GT : density.draw: no visible global function definition for
     ‘plot’
    demo.GU : density.draw: no visible global function definition for ‘par’
    demo.GU : density.draw: no visible global function definition for
     ‘plot’
    demo.IG : density.draw: no visible global function definition for
     ‘plot’
    demo.IGAMMA : density.draw: no visible global function definition for
     ‘plot’
    demo.JSU : density.draw: no visible global function definition for
     ‘plot’
    demo.JSUo : density.draw: no visible global function definition for
     ‘plot’
    demo.LG : density.draw: no visible global function definition for ‘par’
    demo.LG : density.draw: no visible global function definition for
     ‘plot’
    demo.LG : density.draw: no visible global function definition for
     ‘points’
    demo.LO : density.draw: no visible global function definition for ‘par’
    demo.LO : density.draw: no visible global function definition for
     ‘plot’
    demo.LOGITNO : density.draw: no visible global function definition for
     ‘plot’
    demo.LOGNO : density.draw: no visible global function definition for
     ‘plot’
    demo.LOGNO2 : density.draw: no visible global function definition for
     ‘plot’
    demo.LocalRegression: no visible global function definition for ‘rnorm’
    demo.Locmean: no visible global function definition for ‘rnorm’
    demo.Locmean : ps.smooth: no visible global function definition for
     ‘plot’
    demo.Locmean : ps.smooth: no visible global function definition for
     ‘lines’
    demo.Locmean : ps.smooth: no visible global function definition for
     ‘fitted’
    demo.Locmean : ps.smooth: no visible global function definition for
     ‘title’
    demo.Locpoly: no visible global function definition for ‘rnorm’
    demo.Locpoly : ps.smooth: no visible global function definition for
     ‘plot’
    demo.Locpoly : ps.smooth: no visible global function definition for
     ‘lines’
    demo.Locpoly : ps.smooth: no visible global function definition for
     ‘fitted’
    demo.Locpoly : ps.smooth: no visible global function definition for
     ‘title’
    demo.NBI : density.draw: no visible global function definition for
     ‘par’
    demo.NBI : density.draw: no visible global function definition for
     ‘plot’
    demo.NBI : density.draw: no visible global function definition for
     ‘points’
    demo.NBII : density.draw: no visible global function definition for
     ‘par’
    demo.NBII : density.draw: no visible global function definition for
     ‘plot’
    demo.NBII : density.draw: no visible global function definition for
     ‘points’
    demo.NET : density.draw: no visible global function definition for
     ‘plot’
    demo.NO : density.draw: no visible global function definition for ‘par’
    demo.NO : density.draw: no visible global function definition for
     ‘plot’
    demo.NO.LO : density.draw: no visible global function definition for
     ‘par’
    demo.NO.LO : density.draw: no visible global function definition for
     ‘curve’
    demo.NO.LOGNO : density.draw: no visible global function definition for
     ‘par’
    demo.NO.LOGNO : density.draw: no visible global function definition for
     ‘curve’
    demo.PARETO2 : density.draw: no visible global function definition for
     ‘plot’
    demo.PARETO2o : density.draw: no visible global function definition for
     ‘plot’
    demo.PE : density.draw: no visible global function definition for
     ‘plot’
    demo.PE.NO : density.draw: no visible global function definition for
     ‘plot’
    demo.PE.NO : density.draw: no visible global function definition for
     ‘lines’
    demo.PIG : density.draw: no visible global function definition for
     ‘par’
    demo.PIG : density.draw: no visible global function definition for
     ‘plot’
    demo.PIG : density.draw: no visible global function definition for
     ‘points’
    demo.PO : density.draw: no visible global function definition for ‘par’
    demo.PO : density.draw: no visible global function definition for
     ‘plot’
    demo.PO : density.draw: no visible global function definition for
     ‘points’
    demo.PSplines: no visible global function definition for ‘rnorm’
    demo.PSplines : ps.smooth: no visible global function definition for
     ‘hcl’
    demo.PSplines : ps.smooth: no visible global function definition for
     ‘plot’
    demo.PSplines : ps.smooth: no visible global function definition for
     ‘matlines’
    demo.PSplines : ps.smooth: no visible global function definition for
     ‘lines’
    demo.PSplines : ps.smooth: no visible global function definition for
     ‘points’
    demo.PSplines : ps.smooth: no visible global function definition for
     ‘title’
    demo.RG : density.draw: no visible global function definition for ‘par’
    demo.RG : density.draw: no visible global function definition for
     ‘plot’
    demo.RandomWalk: no visible global function definition for ‘rnorm’
    demo.RandomWalk : ws.smooth: no visible global function definition for
     ‘plot’
    demo.RandomWalk : ws.smooth: no visible global function definition for
     ‘lines’
    demo.SEP1 : density.draw: no visible global function definition for
     ‘plot’
    demo.SEP2 : density.draw: no visible global function definition for
     ‘plot’
    demo.SEP3 : density.draw: no visible global function definition for
     ‘plot’
    demo.SEP4 : density.draw: no visible global function definition for
     ‘plot’
    demo.SHASH : density.draw: no visible global function definition for
     ‘plot’
    demo.SHASHo : density.draw: no visible global function definition for
     ‘plot’
    demo.SHASHo2 : density.draw: no visible global function definition for
     ‘plot’
    demo.SICHEL : density.draw: no visible global function definition for
     ‘par’
    demo.SICHEL : density.draw: no visible global function definition for
     ‘plot’
    demo.SICHEL : density.draw: no visible global function definition for
     ‘points’
    demo.SN1 : density.draw: no visible global function definition for
     ‘plot’
    demo.SN2 : density.draw: no visible global function definition for
     ‘plot’
    demo.SST : density.draw: no visible global function definition for
     ‘plot’
    demo.ST1 : density.draw: no visible global function definition for
     ‘plot’
    demo.ST2 : density.draw: no visible global function definition for
     ‘plot’
    demo.ST3 : density.draw: no visible global function definition for
     ‘plot’
    demo.ST4 : density.draw: no visible global function definition for
     ‘plot’
    demo.ST5 : density.draw: no visible global function definition for
     ‘plot’
    demo.TF : density.draw: no visible global function definition for
     ‘plot’
    demo.TF.NO : density.draw: no visible global function definition for
     ‘plot’
    demo.TF.NO : density.draw: no visible global function definition for
     ‘lines’
    demo.TF2 : density.draw: no visible global function definition for
     ‘plot’
    demo.WARING : density.draw: no visible global function definition for
     ‘par’
    demo.WARING : density.draw: no visible global function definition for
     ‘plot’
    demo.WARING : density.draw: no visible global function definition for
     ‘points’
    demo.WEI : density.draw: no visible global function definition for
     ‘plot’
    demo.WEI2 : density.draw: no visible global function definition for
     ‘plot’
    demo.WEI3 : density.draw: no visible global function definition for
     ‘plot’
    demo.WLocmean: no visible global function definition for ‘rnorm’
    demo.WLocmean : ps.smooth: no visible global function definition for
     ‘plot’
    demo.WLocmean : ps.smooth: no visible global function definition for
     ‘lines’
    demo.WLocmean : ps.smooth: no visible global function definition for
     ‘fitted’
    demo.WLocmean : ps.smooth: no visible global function definition for
     ‘title’
    demo.WLocpoly: no visible global function definition for ‘rnorm’
    demo.WLocpoly : ps.smooth: no visible global function definition for
     ‘plot’
    demo.WLocpoly : ps.smooth: no visible global function definition for
     ‘lines’
    demo.WLocpoly : ps.smooth: no visible global function definition for
     ‘fitted’
    demo.WLocpoly : ps.smooth: no visible global function definition for
     ‘title’
    demo.YULE : density.draw: no visible global function definition for
     ‘par’
    demo.YULE : density.draw: no visible global function definition for
     ‘plot’
    demo.YULE : density.draw: no visible global function definition for
     ‘points’
    demo.ZAGA : density.draw: no visible global function definition for
     ‘par’
    demo.ZAGA : density.draw: no visible global function definition for
     ‘plot’
    demo.ZAGA : density.draw: no visible global function definition for
     ‘points’
    demo.ZAIG : density.draw: no visible global function definition for
     ‘par’
    demo.ZAIG : density.draw: no visible global function definition for
     ‘plot’
    demo.ZAIG : density.draw: no visible global function definition for
     ‘points’
    demo.ZALG : density.draw: no visible global function definition for
     ‘par’
    demo.ZALG : density.draw: no visible global function definition for
     ‘plot’
    demo.ZALG : density.draw: no visible global function definition for
     ‘points’
    demo.ZANBI : density.draw: no visible global function definition for
     ‘par’
    demo.ZANBI : density.draw: no visible global function definition for
     ‘plot’
    demo.ZANBI : density.draw: no visible global function definition for
     ‘points’
    demo.ZAP : density.draw: no visible global function definition for
     ‘par’
    demo.ZAP : density.draw: no visible global function definition for
     ‘plot’
    demo.ZAP : density.draw: no visible global function definition for
     ‘points’
    demo.ZINBI : density.draw: no visible global function definition for
     ‘par’
    demo.ZINBI : density.draw: no visible global function definition for
     ‘plot’
    demo.ZINBI : density.draw: no visible global function definition for
     ‘points’
    demo.ZIP : density.draw: no visible global function definition for
     ‘par’
    demo.ZIP : density.draw: no visible global function definition for
     ‘plot’
    demo.ZIP : density.draw: no visible global function definition for
     ‘points’
    demo.ZIP2 : density.draw: no visible global function definition for
     ‘par’
    demo.ZIP2 : density.draw: no visible global function definition for
     ‘plot’
    demo.ZIP2 : density.draw: no visible global function definition for
     ‘points’
    demo.ZIPIG : density.draw: no visible global function definition for
     ‘par’
    demo.ZIPIG : density.draw: no visible global function definition for
     ‘plot’
    demo.ZIPIG : density.draw: no visible global function definition for
     ‘points’
    demo.exGAUS : density.draw: no visible global function definition for
     ‘par’
    demo.exGAUS : density.draw: no visible global function definition for
     ‘plot’
    demo.histSmo: no visible global function definition for ‘rnorm’
    demo.histSmo: no visible global function definition for ‘hist’
    demo.histSmo : ws.smooth: no visible global function definition for
     ‘plot’
    demo.histSmo : ws.smooth: no visible global function definition for
     ‘lines’
    demo.interpolateSmo: no visible global function definition for ‘rnorm’
    demo.interpolateSmo : ws.smooth: no visible global function definition
     for ‘plot’
    demo.interpolateSmo : ws.smooth: no visible global function definition
     for ‘lines’
    Undefined global functions or variables:
     abline arrows curve dnorm fitted hat hcl hist lines lm matlines
     matplot par plot points polygon predict rnorm runif title
     weighted.mean window
Flavors: r-devel-linux-x86_64-debian-clang, r-devel-linux-x86_64-debian-gcc, r-devel-linux-x86_64-fedora-clang, r-devel-linux-x86_64-fedora-gcc, r-devel-windows-ix86+x86_64