CRAN Package Check Results for Package gamlss.demo

Last updated on 2017-01-19 08:47:01.

Flavor Version Tinstall Tcheck Ttotal Status Flags
r-devel-linux-x86_64-debian-clang 4.3-3 3.04 42.23 45.26 OK
r-devel-linux-x86_64-debian-gcc 4.3-3 3.19 42.10 45.29 OK
r-devel-linux-x86_64-fedora-clang 4.3-3 95.36 OK --no-stop-on-test-error
r-devel-linux-x86_64-fedora-gcc 4.3-3 95.14 OK --no-stop-on-test-error
r-devel-macos-x86_64-clang 4.3-3 77.91 OK --no-stop-on-test-error
r-devel-windows-ix86+x86_64 4.3-3 14.00 66.00 80.00 OK
r-patched-linux-x86_64 4.3-3 3.05 39.96 43.01 OK
r-patched-solaris-sparc 4.3-3 548.60 OK
r-patched-solaris-x86 4.3-3 122.90 OK
r-release-linux-x86_64 4.3-3 3.01 40.04 43.05 OK
r-release-osx-x86_64-mavericks 4.3-3 ERROR
r-release-windows-ix86+x86_64 4.3-3 8.00 104.00 112.00 OK
r-oldrel-windows-ix86+x86_64 4.3-3 9.00 105.00 114.00 OK

Check Details

Version: 4.3-3
Check: dependencies in R code
Result: NOTE
    Invalid MIT-MAGIC-COOKIE-1 key
Flavor: r-release-osx-x86_64-mavericks

Version: 4.3-3
Check: S3 generic/method consistency
Result: WARN
    Invalid MIT-MAGIC-COOKIE-1 key
    See section ‘Generic functions and methods’ in the ‘Writing R
    Extensions’ manual.
Flavor: r-release-osx-x86_64-mavericks

Version: 4.3-3
Check: replacement functions
Result: WARN
    Invalid MIT-MAGIC-COOKIE-1 key
    The argument of a replacement function which corresponds to the right
    hand side must be named ‘value’.
Flavor: r-release-osx-x86_64-mavericks

Version: 4.3-3
Check: foreign function calls
Result: NOTE
    Invalid MIT-MAGIC-COOKIE-1 key
    See chapter ‘System and foreign language interfaces’ in the ‘Writing R
    Extensions’ manual.
Flavor: r-release-osx-x86_64-mavericks

Version: 4.3-3
Check: R code for possible problems
Result: NOTE
    Invalid MIT-MAGIC-COOKIE-1 key
Flavor: r-release-osx-x86_64-mavericks

Version: 4.3-3
Check: for missing documentation entries
Result: WARN
    Invalid MIT-MAGIC-COOKIE-1 key
    All user-level objects in a package should have documentation entries.
    See chapter ‘Writing R documentation files’ in the ‘Writing R
    Extensions’ manual.
Flavor: r-release-osx-x86_64-mavericks

Version: 4.3-3
Check: for code/documentation mismatches
Result: WARN
    Invalid MIT-MAGIC-COOKIE-1 key
    Invalid MIT-MAGIC-COOKIE-1 key
    Invalid MIT-MAGIC-COOKIE-1 key
Flavor: r-release-osx-x86_64-mavericks

Version: 4.3-3
Check: Rd \usage sections
Result: NOTE
    Invalid MIT-MAGIC-COOKIE-1 key
    The \usage entries for S3 methods should use the \method markup and not
    their full name.
    See chapter ‘Writing R documentation files’ in the ‘Writing R
    Extensions’ manual.
Flavor: r-release-osx-x86_64-mavericks

Version: 4.3-3
Check: examples
Result: ERROR
    Running examples in ‘gamlss.demo-Ex.R’ failed
    The error most likely occurred in:
    
    > ### Name: demoDist
    > ### Title: Interface for demonstrating the gamlss.family distributions
    > ### Aliases: demoDist
    > ### Keywords: distribution regression
    >
    > ### ** Examples
    >
    > ## do not run
    > demoDist()
    Error in structure(.External(.C_dotTclObjv, objv), class = "tclObj") :
     [tcl] invalid command name "toplevel".
    Calls: demoDist ... tktoplevel -> tkwidget -> tcl -> .Tcl.objv -> structure
    Execution halted
Flavor: r-release-osx-x86_64-mavericks