CRAN Package Check Results for Package gamlss.demo

Last updated on 2015-09-02 00:47:39.

Flavor Version Tinstall Tcheck Ttotal Status Flags
r-devel-linux-x86_64-debian-clang 4.3-3 1.30 23.34 24.65 OK
r-devel-linux-x86_64-debian-gcc 4.3-3 1.14 22.82 23.96 OK
r-devel-linux-x86_64-fedora-clang 4.3-3 46.89 OK
r-devel-linux-x86_64-fedora-gcc 4.3-3 45.01 OK
r-devel-osx-x86_64-clang 4.3-3 45.23 OK
r-devel-windows-ix86+x86_64 4.3-3 11.00 57.00 68.00 OK
r-patched-linux-x86_64 4.3-3 1.31 24.36 25.67 OK
r-patched-solaris-sparc 4.3-3 300.70 OK
r-patched-solaris-x86 4.3-3 73.70 OK
r-release-linux-x86_64 4.3-3 1.27 25.17 26.44 OK
r-release-osx-x86_64-mavericks 4.3-3 ERROR
r-release-windows-ix86+x86_64 4.3-3 6.00 73.00 79.00 OK
r-oldrel-windows-ix86+x86_64 4.3-3 11.00 51.00 62.00 OK

Check Details

Version: 4.3-3
Check: examples
Result: ERROR
    Running examples in ‘gamlss.demo-Ex.R’ failed
    The error most likely occurred in:
    
    > ### Name: demoDist
    > ### Title: Interface for demonstrating the gamlss.family distributions
    > ### Aliases: demoDist
    > ### Keywords: distribution regression
    >
    > ### ** Examples
    >
    > ## do not run
    > demoDist()
    Error in structure(.External(.C_dotTclObjv, objv), class = "tclObj") :
     [tcl] invalid command name "toplevel".
    Calls: demoDist ... tktoplevel -> tkwidget -> tcl -> .Tcl.objv -> structure
    Execution halted
Flavor: r-release-osx-x86_64-mavericks