CRAN Package Check Results for Package gamlss.demo

Last updated on 2014-10-23 13:47:49.

Flavor Version Tinstall Tcheck Ttotal Status Flags
r-devel-linux-x86_64-debian-clang 4.2-7 6.68 70.50 77.18 NOTE
r-devel-linux-x86_64-debian-gcc 4.2-7 6.85 72.30 79.16 NOTE
r-devel-linux-x86_64-fedora-clang 4.2-7 183.22 NOTE
r-devel-linux-x86_64-fedora-gcc 4.2-7 172.49 NOTE
r-devel-osx-x86_64-clang 4.2-7 167.85 NOTE
r-devel-windows-ix86+x86_64 4.2-7 17.00 91.00 108.00 NOTE
r-patched-linux-x86_64 4.2-7 6.99 73.00 79.99 NOTE
r-patched-solaris-sparc 4.2-7 990.20 OK
r-patched-solaris-x86 4.2-7 242.40 NOTE
r-release-linux-ix86 4.2-7 8.78 95.83 104.61 OK
r-release-linux-x86_64 4.2-7 6.91 78.49 85.40 OK
r-release-osx-x86_64-mavericks 4.2-7 OK
r-release-osx-x86_64-snowleopard 4.2-7 OK
r-release-windows-ix86+x86_64 4.2-7 17.00 98.00 115.00 OK
r-oldrel-windows-ix86+x86_64 4.2-7 19.00 100.00 119.00 OK

Check Details

Version: 4.2-7
Check: package namespace information
Result: NOTE
     Namespaces with empty importFrom:
     ‘gamlss’ ‘gamlss.tr’ ‘gamlss.util’ ‘rpanel’
Flavors: r-devel-linux-x86_64-debian-clang, r-devel-linux-x86_64-debian-gcc, r-devel-linux-x86_64-fedora-clang, r-devel-linux-x86_64-fedora-gcc, r-devel-osx-x86_64-clang, r-devel-windows-ix86+x86_64, r-patched-linux-x86_64, r-patched-solaris-x86

Version: 4.2-7
Check: R code for possible problems
Result: NOTE
    demo.BB: no visible global function definition for ‘rp.control’
    demo.BB: no visible global function definition for ‘rp.slider’
    demo.BB: no visible global function definition for ‘rp.textentry’
    demo.BB: no visible global function definition for ‘rp.do’
    demo.BCCG : density.draw: no visible global function definition for
     ‘dBCCG’
    demo.BCCG: no visible global function definition for ‘rp.control’
    demo.BCCG: no visible global function definition for ‘rp.slider’
    demo.BCPE : density.draw: no visible global function definition for
     ‘dBCPE’
    demo.BCPE: no visible global function definition for ‘rp.control’
    demo.BCPE: no visible global function definition for ‘rp.slider’
    demo.BCT : density.draw: no visible global function definition for
     ‘dBCT’
    demo.BCT: no visible global function definition for ‘rp.control’
    demo.BCT: no visible global function definition for ‘rp.slider’
    demo.BE : density.draw: no visible global function definition for ‘dBE’
    demo.BE: no visible global function definition for ‘rp.control’
    demo.BE: no visible global function definition for ‘rp.slider’
    demo.BEINF : density.draw: no visible global function definition for
     ‘plotBEINF’
    demo.BEINF : density.draw: no visible global function definition for
     ‘pBEINF’
    demo.BEINF: no visible global function definition for ‘rp.control’
    demo.BEINF: no visible global function definition for ‘rp.slider’
    demo.BEINF0 : density.draw: no visible global function definition for
     ‘plotBEINF0’
    demo.BEINF0 : density.draw: no visible global function definition for
     ‘pBEINF0’
    demo.BEINF0: no visible global function definition for ‘rp.control’
    demo.BEINF0: no visible global function definition for ‘rp.slider’
    demo.BEINF1 : density.draw: no visible global function definition for
     ‘plotBEINF1’
    demo.BEINF1 : density.draw: no visible global function definition for
     ‘pBEINF1’
    demo.BEINF1: no visible global function definition for ‘rp.control’
    demo.BEINF1: no visible global function definition for ‘rp.slider’
    demo.BEo : density.draw: no visible global function definition for
     ‘dBEo’
    demo.BEo: no visible global function definition for ‘rp.control’
    demo.BEo: no visible global function definition for ‘rp.slider’
    demo.BI: no visible global function definition for ‘rp.control’
    demo.BI: no visible global function definition for ‘rp.slider’
    demo.BI: no visible global function definition for ‘rp.textentry’
    demo.BI: no visible global function definition for ‘rp.do’
    demo.BetaSplines: no visible global function definition for
     ‘rp.control’
    demo.BetaSplines: no visible global function definition for ‘rp.slider’
    demo.BetaSplines: no visible global function definition for
     ‘rp.doublebutton’
    demo.BetaSplines: no visible global function definition for ‘rp.button’
    demo.DEL : density.draw: no visible global function definition for
     ‘dDEL’
    demo.DEL : density.draw: no visible global function definition for
     ‘pDEL’
    demo.DEL: no visible global function definition for ‘rp.control’
    demo.DEL: no visible global function definition for ‘rp.slider’
    demo.EGB2 : density.draw: no visible global function definition for
     ‘dEGB2’
    demo.EGB2: no visible global function definition for ‘rp.control’
    demo.EGB2: no visible global function definition for ‘rp.slider’
    demo.EXP : density.draw: no visible global function definition for
     ‘dEXP’
    demo.EXP : density.draw: no visible global function definition for
     ‘pEXP’
    demo.EXP: no visible global function definition for ‘rp.control’
    demo.EXP: no visible global function definition for ‘rp.slider’
    demo.GA : density.draw: no visible global function definition for ‘dGA’
    demo.GA: no visible global function definition for ‘rp.control’
    demo.GA: no visible global function definition for ‘rp.slider’
    demo.GAtr: no visible global function definition for ‘rp.control’
    demo.GAtr: no visible global function definition for ‘rp.slider’
    demo.GAtr: no visible global function definition for ‘rp.doublebutton’
    demo.GB1 : density.draw: no visible global function definition for
     ‘dGB1’
    demo.GB1: no visible global function definition for ‘rp.control’
    demo.GB1: no visible global function definition for ‘rp.slider’
    demo.GB2 : density.draw: no visible global function definition for
     ‘dGB2’
    demo.GB2: no visible global function definition for ‘rp.control’
    demo.GB2: no visible global function definition for ‘rp.slider’
    demo.GEOM : density.draw: no visible global function definition for
     ‘dGEOM’
    demo.GEOM : density.draw: no visible global function definition for
     ‘pGEOM’
    demo.GEOM: no visible global function definition for ‘rp.control’
    demo.GEOM: no visible global function definition for ‘rp.slider’
    demo.GG : density.draw: no visible global function definition for ‘dGG’
    demo.GG: no visible global function definition for ‘rp.control’
    demo.GG: no visible global function definition for ‘rp.slider’
    demo.GIG : density.draw: no visible global function definition for
     ‘dGIG’
    demo.GIG: no visible global function definition for ‘rp.control’
    demo.GIG: no visible global function definition for ‘rp.slider’
    demo.GT : density.draw: no visible global function definition for ‘dGT’
    demo.GT: no visible global function definition for ‘rp.control’
    demo.GT: no visible global function definition for ‘rp.slider’
    demo.GU : density.draw: no visible global function definition for ‘dGU’
    demo.GU : density.draw: no visible global function definition for ‘pGU’
    demo.GU: no visible global function definition for ‘rp.control’
    demo.GU: no visible global function definition for ‘rp.slider’
    demo.IG : density.draw: no visible global function definition for ‘dIG’
    demo.IG: no visible global function definition for ‘rp.control’
    demo.IG: no visible global function definition for ‘rp.slider’
    demo.IGAMMA : density.draw: no visible global function definition for
     ‘dIGAMMA’
    demo.IGAMMA: no visible global function definition for ‘rp.control’
    demo.IGAMMA: no visible global function definition for ‘rp.slider’
    demo.JSU : density.draw: no visible global function definition for
     ‘dJSU’
    demo.JSU: no visible global function definition for ‘rp.control’
    demo.JSU: no visible global function definition for ‘rp.slider’
    demo.JSUo : density.draw: no visible global function definition for
     ‘dJSUo’
    demo.JSUo: no visible global function definition for ‘rp.control’
    demo.JSUo: no visible global function definition for ‘rp.slider’
    demo.LG : density.draw: no visible global function definition for
     ‘dZALG’
    demo.LG : density.draw: no visible global function definition for
     ‘pZALG’
    demo.LG: no visible global function definition for ‘rp.control’
    demo.LG: no visible global function definition for ‘rp.slider’
    demo.LO : density.draw: no visible global function definition for ‘dLO’
    demo.LO : density.draw: no visible global function definition for ‘pLO’
    demo.LO: no visible global function definition for ‘rp.control’
    demo.LO: no visible global function definition for ‘rp.slider’
    demo.LOGITNO : density.draw: no visible global function definition for
     ‘dLOGITNO’
    demo.LOGITNO: no visible global function definition for ‘rp.control’
    demo.LOGITNO: no visible global function definition for ‘rp.slider’
    demo.LOGNO : density.draw: no visible global function definition for
     ‘dLOGNO’
    demo.LOGNO: no visible global function definition for ‘rp.control’
    demo.LOGNO: no visible global function definition for ‘rp.slider’
    demo.LOGNO2 : density.draw: no visible global function definition for
     ‘dLOGNO2’
    demo.LOGNO2: no visible global function definition for ‘rp.control’
    demo.LOGNO2: no visible global function definition for ‘rp.slider’
    demo.Locmean : ps.smooth: no visible global function definition for
     ‘Locmean’
    demo.Locmean: no visible global function definition for ‘rp.control’
    demo.Locmean: no visible global function definition for ‘rp.slider’
    demo.Locpoly : ps.smooth: no visible global function definition for
     ‘Locpoly’
    demo.Locpoly: no visible global function definition for ‘rp.control’
    demo.Locpoly: no visible global function definition for ‘rp.slider’
    demo.Locpoly: no visible global function definition for
     ‘rp.doublebutton’
    demo.NBI : density.draw: no visible global function definition for
     ‘dNBI’
    demo.NBI : density.draw: no visible global function definition for
     ‘pNBI’
    demo.NBI: no visible global function definition for ‘rp.control’
    demo.NBI: no visible global function definition for ‘rp.slider’
    demo.NBII : density.draw: no visible global function definition for
     ‘dNBII’
    demo.NBII : density.draw: no visible global function definition for
     ‘pNBII’
    demo.NBII: no visible global function definition for ‘rp.control’
    demo.NBII: no visible global function definition for ‘rp.slider’
    demo.NET : density.draw: no visible global function definition for
     ‘dNET’
    demo.NET: no visible global function definition for ‘rp.control’
    demo.NET: no visible global function definition for ‘rp.slider’
    demo.NO : density.draw: no visible global function definition for ‘dNO’
    demo.NO : density.draw: no visible global function definition for ‘pNO’
    demo.NO: no visible global function definition for ‘rp.control’
    demo.NO: no visible global function definition for ‘rp.slider’
    demo.NO.LO : density.draw: no visible global function definition for
     ‘dNO’
    demo.NO.LO : density.draw: no visible global function definition for
     ‘dLO’
    demo.NO.LO: no visible global function definition for ‘rp.control’
    demo.NO.LO: no visible global function definition for ‘rp.slider’
    demo.NO.LOGNO : density.draw: no visible global function definition for
     ‘dNO’
    demo.NO.LOGNO : density.draw: no visible global function definition for
     ‘dLOGNO’
    demo.NO.LOGNO: no visible global function definition for ‘rp.control’
    demo.NO.LOGNO: no visible global function definition for ‘rp.slider’
    demo.NOtr: no visible global function definition for ‘rp.control’
    demo.NOtr: no visible global function definition for ‘rp.slider’
    demo.NOtr: no visible global function definition for ‘rp.doublebutton’
    demo.PARETO2 : density.draw: no visible global function definition for
     ‘dPARETO2’
    demo.PARETO2: no visible global function definition for ‘rp.control’
    demo.PARETO2: no visible global function definition for ‘rp.slider’
    demo.PARETO2o : density.draw: no visible global function definition for
     ‘dPARETO2o’
    demo.PARETO2o: no visible global function definition for ‘rp.control’
    demo.PARETO2o: no visible global function definition for ‘rp.slider’
    demo.PE : density.draw: no visible global function definition for ‘dPE’
    demo.PE: no visible global function definition for ‘rp.control’
    demo.PE: no visible global function definition for ‘rp.slider’
    demo.PE.NO : density.draw: no visible global function definition for
     ‘dPE’
    demo.PE.NO: no visible global function definition for ‘rp.control’
    demo.PE.NO: no visible global function definition for ‘rp.slider’
    demo.PIG : density.draw: no visible global function definition for
     ‘dPIG’
    demo.PIG : density.draw: no visible global function definition for
     ‘pPIG’
    demo.PIG: no visible global function definition for ‘rp.control’
    demo.PIG: no visible global function definition for ‘rp.slider’
    demo.PO : density.draw: no visible global function definition for ‘dPO’
    demo.PO : density.draw: no visible global function definition for ‘pPO’
    demo.PO: no visible global function definition for ‘rp.control’
    demo.PO: no visible global function definition for ‘rp.slider’
    demo.PenSplines: no visible global function definition for ‘rp.control’
    demo.PenSplines: no visible global function definition for ‘rp.slider’
    demo.PenSplines: no visible global function definition for
     ‘rp.doublebutton’
    demo.RG : density.draw: no visible global function definition for ‘dRG’
    demo.RG : density.draw: no visible global function definition for ‘pRG’
    demo.RG: no visible global function definition for ‘rp.control’
    demo.RG: no visible global function definition for ‘rp.slider’
    demo.SEP1 : density.draw: no visible global function definition for
     ‘dSEP1’
    demo.SEP1: no visible global function definition for ‘rp.control’
    demo.SEP1: no visible global function definition for ‘rp.slider’
    demo.SEP2 : density.draw: no visible global function definition for
     ‘dSEP2’
    demo.SEP2: no visible global function definition for ‘rp.control’
    demo.SEP2: no visible global function definition for ‘rp.slider’
    demo.SEP3 : density.draw: no visible global function definition for
     ‘dSEP3’
    demo.SEP3: no visible global function definition for ‘rp.control’
    demo.SEP3: no visible global function definition for ‘rp.slider’
    demo.SEP4 : density.draw: no visible global function definition for
     ‘dSEP4’
    demo.SEP4: no visible global function definition for ‘rp.control’
    demo.SEP4: no visible global function definition for ‘rp.slider’
    demo.SHASH : density.draw: no visible global function definition for
     ‘dSHASH’
    demo.SHASH: no visible global function definition for ‘rp.control’
    demo.SHASH: no visible global function definition for ‘rp.slider’
    demo.SHASHo : density.draw: no visible global function definition for
     ‘dSHASHo’
    demo.SHASHo: no visible global function definition for ‘rp.control’
    demo.SHASHo: no visible global function definition for ‘rp.slider’
    demo.SHASHo2 : density.draw: no visible global function definition for
     ‘dSHASHo2’
    demo.SHASHo2: no visible global function definition for ‘rp.control’
    demo.SHASHo2: no visible global function definition for ‘rp.slider’
    demo.SICHEL : density.draw: no visible global function definition for
     ‘dSICHEL’
    demo.SICHEL : density.draw: no visible global function definition for
     ‘pSICHEL’
    demo.SICHEL: no visible global function definition for ‘rp.control’
    demo.SICHEL: no visible global function definition for ‘rp.slider’
    demo.SN1 : density.draw: no visible global function definition for
     ‘dSN1’
    demo.SN1: no visible global function definition for ‘rp.control’
    demo.SN1: no visible global function definition for ‘rp.slider’
    demo.SN2 : density.draw: no visible global function definition for
     ‘dSN2’
    demo.SN2: no visible global function definition for ‘rp.control’
    demo.SN2: no visible global function definition for ‘rp.slider’
    demo.SST : density.draw: no visible global function definition for
     ‘dSST’
    demo.SST: no visible global function definition for ‘rp.control’
    demo.SST: no visible global function definition for ‘rp.slider’
    demo.ST1 : density.draw: no visible global function definition for
     ‘dST1’
    demo.ST1: no visible global function definition for ‘rp.control’
    demo.ST1: no visible global function definition for ‘rp.slider’
    demo.ST2 : density.draw: no visible global function definition for
     ‘dST2’
    demo.ST2: no visible global function definition for ‘rp.control’
    demo.ST2: no visible global function definition for ‘rp.slider’
    demo.ST3 : density.draw: no visible global function definition for
     ‘dST3’
    demo.ST3: no visible global function definition for ‘rp.control’
    demo.ST3: no visible global function definition for ‘rp.slider’
    demo.ST4 : density.draw: no visible global function definition for
     ‘dST4’
    demo.ST4: no visible global function definition for ‘rp.control’
    demo.ST4: no visible global function definition for ‘rp.slider’
    demo.ST5 : density.draw: no visible global function definition for
     ‘dST5’
    demo.ST5: no visible global function definition for ‘rp.control’
    demo.ST5: no visible global function definition for ‘rp.slider’
    demo.TF : density.draw: no visible global function definition for ‘dTF’
    demo.TF: no visible global function definition for ‘rp.control’
    demo.TF: no visible global function definition for ‘rp.slider’
    demo.TF.NO : density.draw: no visible global function definition for
     ‘dNO’
    demo.TF.NO : density.draw: no visible global function definition for
     ‘dTF’
    demo.TF.NO: no visible global function definition for ‘rp.control’
    demo.TF.NO: no visible global function definition for ‘rp.slider’
    demo.TF2 : density.draw: no visible global function definition for
     ‘dTF2’
    demo.TF2: no visible global function definition for ‘rp.control’
    demo.TF2: no visible global function definition for ‘rp.slider’
    demo.WARING : density.draw: no visible global function definition for
     ‘dWARING’
    demo.WARING : density.draw: no visible global function definition for
     ‘pWARING’
    demo.WARING: no visible global function definition for ‘rp.control’
    demo.WARING: no visible global function definition for ‘rp.slider’
    demo.WEI : density.draw: no visible global function definition for
     ‘dWEI’
    demo.WEI: no visible global function definition for ‘rp.control’
    demo.WEI: no visible global function definition for ‘rp.slider’
    demo.WEI2 : density.draw: no visible global function definition for
     ‘dWEI2’
    demo.WEI2: no visible global function definition for ‘rp.control’
    demo.WEI2: no visible global function definition for ‘rp.slider’
    demo.WEI3 : density.draw: no visible global function definition for
     ‘dWEI3’
    demo.WEI3: no visible global function definition for ‘rp.control’
    demo.WEI3: no visible global function definition for ‘rp.slider’
    demo.WLocmean : ps.smooth: no visible global function definition for
     ‘WLocmean’
    demo.WLocmean: no visible global function definition for ‘rp.control’
    demo.WLocmean: no visible global function definition for ‘rp.slider’
    demo.WLocpoly : ps.smooth: no visible global function definition for
     ‘WLocpoly’
    demo.WLocpoly: no visible global function definition for ‘rp.control’
    demo.WLocpoly: no visible global function definition for ‘rp.slider’
    demo.WLocpoly: no visible global function definition for
     ‘rp.doublebutton’
    demo.YULE : density.draw: no visible global function definition for
     ‘dYULE’
    demo.YULE : density.draw: no visible global function definition for
     ‘pYULE’
    demo.YULE: no visible global function definition for ‘rp.control’
    demo.YULE: no visible global function definition for ‘rp.slider’
    demo.ZABB: no visible global function definition for ‘rp.control’
    demo.ZABB: no visible global function definition for ‘rp.slider’
    demo.ZABB: no visible global function definition for ‘rp.textentry’
    demo.ZABB: no visible global function definition for ‘rp.do’
    demo.ZABI: no visible global function definition for ‘rp.control’
    demo.ZABI: no visible global function definition for ‘rp.slider’
    demo.ZABI: no visible global function definition for ‘rp.textentry’
    demo.ZABI: no visible global function definition for ‘rp.do’
    demo.ZAGA : density.draw: no visible global function definition for
     ‘plotZAGA’
    demo.ZAGA : density.draw: no visible global function definition for
     ‘pZAGA’
    demo.ZAGA: no visible global function definition for ‘rp.control’
    demo.ZAGA: no visible global function definition for ‘rp.slider’
    demo.ZAIG : density.draw: no visible global function definition for
     ‘plotZAIG’
    demo.ZAIG : density.draw: no visible global function definition for
     ‘pZAIG’
    demo.ZAIG: no visible global function definition for ‘rp.control’
    demo.ZAIG: no visible global function definition for ‘rp.slider’
    demo.ZALG : density.draw: no visible global function definition for
     ‘dZALG’
    demo.ZALG : density.draw: no visible global function definition for
     ‘pZALG’
    demo.ZALG: no visible global function definition for ‘rp.control’
    demo.ZALG: no visible global function definition for ‘rp.slider’
    demo.ZANBI : density.draw: no visible global function definition for
     ‘dZANBI’
    demo.ZANBI : density.draw: no visible global function definition for
     ‘pZANBI’
    demo.ZANBI: no visible global function definition for ‘rp.control’
    demo.ZANBI: no visible global function definition for ‘rp.slider’
    demo.ZAP : density.draw: no visible global function definition for
     ‘dZAP’
    demo.ZAP : density.draw: no visible global function definition for
     ‘pZAP’
    demo.ZAP: no visible global function definition for ‘rp.control’
    demo.ZAP: no visible global function definition for ‘rp.slider’
    demo.ZIBB: no visible global function definition for ‘rp.control’
    demo.ZIBB: no visible global function definition for ‘rp.slider’
    demo.ZIBB: no visible global function definition for ‘rp.textentry’
    demo.ZIBB: no visible global function definition for ‘rp.do’
    demo.ZIBI: no visible global function definition for ‘rp.control’
    demo.ZIBI: no visible global function definition for ‘rp.slider’
    demo.ZIBI: no visible global function definition for ‘rp.textentry’
    demo.ZIBI: no visible global function definition for ‘rp.do’
    demo.ZINBI : density.draw: no visible global function definition for
     ‘dZINBI’
    demo.ZINBI : density.draw: no visible global function definition for
     ‘pZINBI’
    demo.ZINBI: no visible global function definition for ‘rp.control’
    demo.ZINBI: no visible global function definition for ‘rp.slider’
    demo.ZIP : density.draw: no visible global function definition for
     ‘dZIP’
    demo.ZIP : density.draw: no visible global function definition for
     ‘pZIP’
    demo.ZIP: no visible global function definition for ‘rp.control’
    demo.ZIP: no visible global function definition for ‘rp.slider’
    demo.ZIP2 : density.draw: no visible global function definition for
     ‘dZIP2’
    demo.ZIP2 : density.draw: no visible global function definition for
     ‘pZIP2’
    demo.ZIP2: no visible global function definition for ‘rp.control’
    demo.ZIP2: no visible global function definition for ‘rp.slider’
    demo.ZIPIG : density.draw: no visible global function definition for
     ‘dZIPIG’
    demo.ZIPIG : density.draw: no visible global function definition for
     ‘pZIPIG’
    demo.ZIPIG: no visible global function definition for ‘rp.control’
    demo.ZIPIG: no visible global function definition for ‘rp.slider’
    demo.discreteSmo: no visible global function definition for
     ‘rp.control’
    demo.discreteSmo: no visible global function definition for ‘rp.slider’
    demo.discreteSmo: no visible global function definition for
     ‘rp.doublebutton’
    demo.exGAUS : density.draw: no visible global function definition for
     ‘dexGAUS’
    demo.exGAUS : density.draw: no visible global function definition for
     ‘pexGAUS’
    demo.exGAUS: no visible global function definition for ‘rp.control’
    demo.exGAUS: no visible global function definition for ‘rp.slider’
    demo.histSmo: no visible global function definition for ‘rp.control’
    demo.histSmo: no visible global function definition for ‘rp.slider’
    demo.histSmo: no visible global function definition for
     ‘rp.doublebutton’
    demo.interpolateSmo: no visible global function definition for
     ‘rp.control’
    demo.interpolateSmo: no visible global function definition for
     ‘rp.slider’
    demo.interpolateSmo: no visible global function definition for
     ‘rp.doublebutton’
    demoDist: no visible global function definition for ‘tkdestroy’
    demoDist: no visible global function definition for ‘tktoplevel’
    demoDist: no visible global function definition for ‘tkwm.resizable’
    demoDist: no visible global function definition for ‘tclVar’
    demoDist: no visible global function definition for ‘tkwm.title’
    demoDist: no visible global function definition for ‘tkfocus’
    demoDist: no visible global function definition for ‘tkframe’
    demoDist: no visible global function definition for ‘tkgrid’
    demoDist: no visible global function definition for ‘tklabel’
    demoDist: no visible global function definition for ‘tkfont.create’
    demoDist: no visible global function definition for ‘tkradiobutton’
    demoDist: no visible global function definition for ‘tkpack’
    demoDist: no visible global function definition for ‘tclvalue<-’
    demoDist : proceedtcore: no visible global function definition for
     ‘tkdestroy’
    demoDist: no visible global function definition for ‘tkbutton’
    demoDist: no visible global function definition for ‘tcl’
    demoDist : <anonymous>: no visible global function definition for
     ‘tkdestroy’
    demoDist: no visible global function definition for ‘tkgrid.configure’
    demoDist : tmainwin: no visible global function definition for
     ‘tktoplevel’
    demoDist : tmainwin: no visible global function definition for
     ‘tkwm.resizable’
    demoDist : tmainwin: no visible global function definition for
     ‘tkwm.title’
    demoDist : tmainwin: no visible global function definition for
     ‘tkscrollbar’
    demoDist : tmainwin : <anonymous>: no visible global function
     definition for ‘tkyview’
    demoDist : tmainwin: no visible global function definition for
     ‘tklistbox’
    demoDist : tmainwin: no visible global function definition for
     ‘tkfont.create’
    demoDist : tmainwin : <anonymous>: no visible global function
     definition for ‘tkset’
    demoDist : tmainwin: no visible global function definition for
     ‘tclvalue’
    demoDist : tmainwin: no visible global function definition for
     ‘tkinsert’
    demoDist : tmainwin : call.dist: no visible global function definition
     for ‘tkcurselection’
    demoDist : tmainwin : ddist: no visible global function definition for
     ‘tkdestroy’
    demoDist : tmainwin: no visible global function definition for
     ‘tkselection.set’
    demoDist : tmainwin: no visible global function definition for ‘tkgrid’
    demoDist : tmainwin: no visible global function definition for
     ‘tklabel’
    demoDist : tmainwin: no visible global function definition for
     ‘tkgrid.configure’
    demoDist : tmainwin: no visible global function definition for
     ‘tkbutton’
    demoDist : tmainwin: no visible global function definition for
     ‘tkconfigure’
    demoLpolyS: no visible global function definition for ‘tktoplevel’
    demoLpolyS: no visible global function definition for ‘tkwm.resizable’
    demoLpolyS: no visible global function definition for ‘tclVar’
    demoLpolyS: no visible global function definition for ‘tkwm.title’
    demoLpolyS: no visible global function definition for ‘tkfocus’
    demoLpolyS: no visible global function definition for ‘tkframe’
    demoLpolyS: no visible global function definition for ‘tkgrid’
    demoLpolyS: no visible global function definition for ‘tklabel’
    demoLpolyS: no visible global function definition for ‘tkfont.create’
    demoLpolyS: no visible global function definition for ‘tkradiobutton’
    demoLpolyS: no visible global function definition for ‘tkpack’
    demoLpolyS: no visible global function definition for ‘tclvalue<-’
    demoLpolyS : tmpoly: no visible global function definition for
     ‘tclvalue’
    demoLpolyS : Dpoly: no visible global function definition for
     ‘tkdestroy’
    demoLpolyS: no visible global function definition for ‘tkbutton’
    demoLpolyS: no visible global function definition for
     ‘tkgrid.configure’
    demoPsplines: no visible global function definition for ‘tkdestroy’
    demoPsplines: no visible global function definition for ‘tktoplevel’
    demoPsplines: no visible global function definition for
     ‘tkwm.resizable’
    demoPsplines: no visible global function definition for ‘tclVar’
    demoPsplines: no visible global function definition for ‘tkwm.title’
    demoPsplines: no visible global function definition for ‘tkfocus’
    demoPsplines: no visible global function definition for ‘tkframe’
    demoPsplines: no visible global function definition for ‘tkgrid’
    demoPsplines: no visible global function definition for ‘tklabel’
    demoPsplines: no visible global function definition for ‘tkfont.create’
    demoPsplines: no visible global function definition for ‘tkradiobutton’
    demoPsplines: no visible global function definition for ‘tkpack’
    demoPsplines: no visible global function definition for ‘tclvalue<-’
    demoPsplines : tmsplines: no visible global function definition for
     ‘tclvalue’
    demoPsplines : Dsplines: no visible global function definition for
     ‘tkdestroy’
    demoPsplines: no visible global function definition for ‘tkbutton’
    demoPsplines: no visible global function definition for
     ‘tkgrid.configure’
    gamlss.demo: no visible global function definition for ‘tktoplevel’
    gamlss.demo: no visible global function definition for ‘tkwm.resizable’
    gamlss.demo: no visible global function definition for ‘tclVar’
    gamlss.demo: no visible global function definition for ‘tkwm.title’
    gamlss.demo: no visible global function definition for ‘tkfocus’
    gamlss.demo: no visible global function definition for ‘tkframe’
    gamlss.demo: no visible global function definition for ‘tkgrid’
    gamlss.demo: no visible global function definition for ‘tklabel’
    gamlss.demo: no visible global function definition for ‘tkfont.create’
    gamlss.demo: no visible global function definition for ‘tkradiobutton’
    gamlss.demo: no visible global function definition for ‘tkpack’
    gamlss.demo: no visible global function definition for ‘tclvalue<-’
    gamlss.demo : proceedtmaster: no visible global function definition for
     ‘tclvalue’
    gamlss.demo : proceedtmaster: no visible global function definition for
     ‘tkdestroy’
    gamlss.demo: no visible global function definition for ‘tkbutton’
    gamlss.demo : <anonymous>: no visible global function definition for
     ‘tkdestroy’
    gamlss.demo: no visible global function definition for
     ‘tkgrid.configure’
Flavors: r-devel-linux-x86_64-debian-clang, r-devel-linux-x86_64-debian-gcc, r-devel-linux-x86_64-fedora-clang, r-devel-linux-x86_64-fedora-gcc, r-devel-osx-x86_64-clang, r-devel-windows-ix86+x86_64, r-patched-linux-x86_64, r-patched-solaris-x86