CRAN Package Check Results for Package gamlss.demo

Last updated on 2016-07-01 14:47:36.

Flavor Version Tinstall Tcheck Ttotal Status Flags
r-devel-linux-x86_64-debian-gcc 4.3-3 4.50 51.79 56.29 OK
r-devel-linux-x86_64-fedora-clang 4.3-3 88.72 OK
r-devel-linux-x86_64-fedora-gcc 4.3-3 85.12 OK
r-devel-osx-x86_64-clang 4.3-3 73.34 OK
r-devel-windows-ix86+x86_64 4.3-3 11.00 71.00 82.00 OK
r-patched-linux-x86_64 4.3-3 3.80 53.52 57.33 OK
r-patched-solaris-sparc 4.3-3 544.10 OK
r-patched-solaris-x86 4.3-3 124.60 OK
r-release-linux-x86_64 4.3-3 3.04 44.85 47.89 OK
r-release-osx-x86_64-mavericks 4.3-3 ERROR
r-release-windows-ix86+x86_64 4.3-3 12.00 74.00 86.00 OK
r-oldrel-windows-ix86+x86_64 4.3-3 9.00 112.00 121.00 OK

Check Details

Version: 4.3-3
Check: dependencies in R code
Result: NOTE
    Invalid MIT-MAGIC-COOKIE-1 key
Flavor: r-release-osx-x86_64-mavericks

Version: 4.3-3
Check: S3 generic/method consistency
Result: WARN
    Invalid MIT-MAGIC-COOKIE-1 key
    See section ‘Generic functions and methods’ in the ‘Writing R
    Extensions’ manual.
Flavor: r-release-osx-x86_64-mavericks

Version: 4.3-3
Check: replacement functions
Result: WARN
    Invalid MIT-MAGIC-COOKIE-1 key
    The argument of a replacement function which corresponds to the right
    hand side must be named ‘value’.
Flavor: r-release-osx-x86_64-mavericks

Version: 4.3-3
Check: foreign function calls
Result: NOTE
    Invalid MIT-MAGIC-COOKIE-1 key
    See chapter ‘System and foreign language interfaces’ in the ‘Writing R
    Extensions’ manual.
Flavor: r-release-osx-x86_64-mavericks

Version: 4.3-3
Check: R code for possible problems
Result: NOTE
    Invalid MIT-MAGIC-COOKIE-1 key
Flavor: r-release-osx-x86_64-mavericks

Version: 4.3-3
Check: for missing documentation entries
Result: WARN
    Invalid MIT-MAGIC-COOKIE-1 key
    All user-level objects in a package should have documentation entries.
    See chapter ‘Writing R documentation files’ in the ‘Writing R
    Extensions’ manual.
Flavor: r-release-osx-x86_64-mavericks

Version: 4.3-3
Check: for code/documentation mismatches
Result: WARN
    Invalid MIT-MAGIC-COOKIE-1 key
    Invalid MIT-MAGIC-COOKIE-1 key
    Invalid MIT-MAGIC-COOKIE-1 key
Flavor: r-release-osx-x86_64-mavericks

Version: 4.3-3
Check: Rd \usage sections
Result: NOTE
    Invalid MIT-MAGIC-COOKIE-1 key
    The \usage entries for S3 methods should use the \method markup and not
    their full name.
    See chapter ‘Writing R documentation files’ in the ‘Writing R
    Extensions’ manual.
Flavor: r-release-osx-x86_64-mavericks

Version: 4.3-3
Check: examples
Result: ERROR
    Running examples in ‘gamlss.demo-Ex.R’ failed
    The error most likely occurred in:
    
    > ### Name: demoDist
    > ### Title: Interface for demonstrating the gamlss.family distributions
    > ### Aliases: demoDist
    > ### Keywords: distribution regression
    >
    > ### ** Examples
    >
    > ## do not run
    > demoDist()
    Error in structure(.External(.C_dotTclObjv, objv), class = "tclObj") :
     [tcl] invalid command name "toplevel".
    Calls: demoDist ... tktoplevel -> tkwidget -> tcl -> .Tcl.objv -> structure
    Execution halted
Flavor: r-release-osx-x86_64-mavericks