CRAN Package Check Results for Package gamlss.dist

Last updated on 2017-05-26 20:47:34.

Flavor Version Tinstall Tcheck Ttotal Status Flags
r-devel-linux-x86_64-debian-clang 5.0-0 3.71 91.13 94.84 NOTE
r-devel-linux-x86_64-debian-gcc 5.0-0 3.47 92.21 95.68 NOTE
r-devel-linux-x86_64-fedora-clang 5.0-0 174.24 NOTE
r-devel-linux-x86_64-fedora-gcc 5.0-0 166.17 NOTE
r-devel-windows-ix86+x86_64 5.0-0 26.00 178.00 204.00 OK
r-patched-linux-x86_64 5.0-0 3.61 94.54 98.15 NOTE
r-patched-solaris-sparc 5.0-0 1025.50 OK
r-patched-solaris-x86 5.0-0 175.10 OK
r-release-linux-x86_64 5.0-0 3.40 94.51 97.90 NOTE
r-release-windows-ix86+x86_64 5.0-0 20.00 136.00 156.00 OK
r-release-osx-x86_64 5.0-0 OK
r-oldrel-windows-ix86+x86_64 5.0-0 23.00 140.00 163.00 OK
r-oldrel-osx-x86_64 5.0-0 OK

Check Details

Version: 5.0-0
Check: compiled code
Result: NOTE
    File ‘gamlss.dist/libs/gamlss.dist.so’:
     Found no calls to: ‘R_registerRoutines’, ‘R_useDynamicSymbols’
    
    It is good practice to register native routines and to disable symbol
    search.
    
    See ‘Writing portable packages’ in the ‘Writing R Extensions’ manual.
Flavors: r-devel-linux-x86_64-debian-clang, r-devel-linux-x86_64-debian-gcc, r-devel-linux-x86_64-fedora-clang, r-devel-linux-x86_64-fedora-gcc, r-patched-linux-x86_64, r-release-linux-x86_64