CRAN Package Check Results for Package gamlss.dist

Last updated on 2015-07-04 14:50:16.

Flavor Version Tinstall Tcheck Ttotal Status Flags
r-devel-linux-x86_64-debian-clang 4.3-4 3.15 86.96 90.11 NOTE
r-devel-linux-x86_64-debian-gcc 4.3-4 3.23 81.12 84.36 NOTE
r-devel-linux-x86_64-fedora-clang 4.3-4 159.74 NOTE
r-devel-linux-x86_64-fedora-gcc 4.3-4 148.21 NOTE
r-devel-osx-x86_64-clang 4.3-4 132.33 OK
r-devel-windows-ix86+x86_64 4.3-4 39.00 118.00 157.00 NOTE
r-patched-linux-x86_64 4.3-4 3.12 84.24 87.36 OK
r-patched-solaris-sparc 4.3-4 971.60 OK
r-patched-solaris-x86 4.3-4 170.10 OK
r-release-linux-x86_64 4.3-4 3.35 82.28 85.63 OK
r-release-osx-x86_64-mavericks 4.3-4 OK
r-release-windows-ix86+x86_64 4.3-4 31.00 129.00 160.00 OK
r-oldrel-windows-ix86+x86_64 4.3-4 29.00 132.00 161.00 OK

Check Details

Version: 4.3-4
Check: R code for possible problems
Result: NOTE
    BCCG : <anonymous>: no visible global function definition for ‘dnorm’
    BCCG : <anonymous>: no visible global function definition for ‘pnorm’
    BCCGo : <anonymous>: no visible global function definition for ‘dnorm’
    BCCGo : <anonymous>: no visible global function definition for ‘pnorm’
    BCCGuntr : <anonymous>: no visible global function definition for
     ‘pnorm’
    BCPE : <anonymous> : F.T: no visible global function definition for
     ‘pgamma’
    BCPEo : <anonymous> : F.T: no visible global function definition for
     ‘pgamma’
    BCPEuntr : <anonymous>: no visible global function definition for
     ‘pgamma’
    BCT : <anonymous>: no visible global function definition for ‘dt’
    BCT : <anonymous>: no visible global function definition for ‘pt’
    BCTo : <anonymous>: no visible global function definition for ‘dt’
    BCTo : <anonymous>: no visible global function definition for ‘pt’
    BCTuntr : <anonymous>: no visible global function definition for ‘pt’
    NET : <anonymous>: no visible global function definition for ‘pnorm’
    SEP : <anonymous>: no visible global function definition for ‘dnorm’
    SEP : <anonymous>: no visible global function definition for ‘pnorm’
    SEP1 : <anonymous>: no visible global function definition for ‘pgamma’
    SEP2 : <anonymous>: no visible global function definition for ‘dnorm’
    SEP2 : <anonymous>: no visible global function definition for ‘pnorm’
    SN1 : <anonymous>: no visible global function definition for ‘pgamma’
    ST1 : <anonymous>: no visible global function definition for ‘dt’
    ST1 : <anonymous>: no visible global function definition for ‘pt’
    ST2 : <anonymous>: no visible global function definition for ‘dt’
    ST2 : <anonymous>: no visible global function definition for ‘pt’
    VSICHEL: no visible global function definition for ‘fitted’
    as.family: no visible global function definition for ‘family’
    checkBCPE: no visible global function definition for ‘uniroot’
    checkBCPE: no visible global function definition for ‘fitted’
    checkBCPE: no visible global function definition for ‘na.omit’
    dBCCG: no visible global function definition for ‘pnorm’
    dBCCGo: no visible global function definition for ‘pnorm’
    dBCPE : F.T: no visible global function definition for ‘pgamma’
    dBCPEo : F.T: no visible global function definition for ‘pgamma’
    dBCT: no visible global function definition for ‘pt’
    dBCTo: no visible global function definition for ‘pt’
    dBE: no visible global function definition for ‘dbeta’
    dBEINF: no visible global function definition for ‘dbeta’
    dBEINF0: no visible global function definition for ‘dbeta’
    dBEINF1: no visible global function definition for ‘dbeta’
    dBEOI: no visible global function definition for ‘dbeta’
    dBEZI: no visible global function definition for ‘dbeta’
    dBEo: no visible global function definition for ‘dbeta’
    dBI: no visible global function definition for ‘dbinom’
    dEXP: no visible global function definition for ‘dexp’
    dLO: no visible global function definition for ‘dlogis’
    dLOGITNO: no visible global function definition for ‘dnorm’
    dLOGNO: no visible global function definition for ‘dlnorm’
    dLOGNO2: no visible global function definition for ‘dnorm’
    dNBI: no visible global function definition for ‘dnbinom’
    dNBII: no visible global function definition for ‘dnbinom’
    dNBII: no visible global function definition for ‘dpois’
    dNET: no visible global function definition for ‘pnorm’
    dNO: no visible global function definition for ‘dnorm’
    dNO2: no visible global function definition for ‘dnorm’
    dNOF: no visible global function definition for ‘dnorm’
    dPO: no visible global function definition for ‘dpois’
    dSEP: no visible global function definition for ‘pnorm’
    dSEP1: no visible global function definition for ‘pgamma’
    dSEP2: no visible global function definition for ‘pnorm’
    dSN1: no visible global function definition for ‘pgamma’
    dST1: no visible global function definition for ‘pt’
    dST1: no visible global function definition for ‘dt’
    dST2: no visible global function definition for ‘pt’
    dST2: no visible global function definition for ‘dt’
    dST3: no visible global function definition for ‘dt’
    dST4: no visible global function definition for ‘dt’
    dTF: no visible global function definition for ‘dt’
    dTF2: no visible global function definition for ‘dt’
    dWEI: no visible global function definition for ‘dweibull’
    dWEI2: no visible global function definition for ‘dweibull’
    dWEI3: no visible global function definition for ‘dweibull’
    dexGAUS: no visible global function definition for ‘pnorm’
    dexGAUS: no visible global function definition for ‘dnorm’
    exGAUS : <anonymous>: no visible global function definition for ‘dnorm’
    exGAUS : <anonymous>: no visible global function definition for ‘pnorm’
    fittedMN: no visible global function definition for ‘fitted’
    flexDist: no visible global function definition for ‘stepfun’
    flexDist: no visible global function definition for ‘splinefun’
    flexDist : rFun: no visible global function definition for ‘runif’
    flexDist: no visible global function definition for ‘par’
    flexDist: no visible global function definition for ‘abline’
    flexDist: no visible global function definition for ‘title’
    flexDist: no visible global function definition for ‘points’
    gen.hazard: no visible binding for global variable ‘par’
    make.link.gamlss: no visible global function definition for ‘power’
    make.link.gamlss : linkfun: no visible global function definition for
     ‘qnorm’
    make.link.gamlss : linkinv: no visible global function definition for
     ‘qnorm’
    make.link.gamlss : linkinv: no visible global function definition for
     ‘pnorm’
    make.link.gamlss : mu.eta: no visible global function definition for
     ‘dnorm’
    make.link.gamlss : linkfun: no visible global function definition for
     ‘qcauchy’
    make.link.gamlss : linkinv: no visible global function definition for
     ‘qcauchy’
    make.link.gamlss : linkinv: no visible global function definition for
     ‘pcauchy’
    make.link.gamlss : mu.eta: no visible global function definition for
     ‘dcauchy’
    meanBEINF: no visible global function definition for ‘fitted’
    meanBEINF0: no visible global function definition for ‘fitted’
    meanBEINF1: no visible global function definition for ‘fitted’
    meanBEOI: no visible global function definition for ‘fitted’
    meanBEZI: no visible global function definition for ‘fitted’
    meanZAGA: no visible global function definition for ‘fitted’
    meanZAIG: no visible global function definition for ‘fitted’
    pBCCG: no visible global function definition for ‘pnorm’
    pBCCGo: no visible global function definition for ‘pnorm’
    pBCPE : F.T: no visible global function definition for ‘pgamma’
    pBCPEo : F.T: no visible global function definition for ‘pgamma’
    pBCT: no visible global function definition for ‘pt’
    pBCTo: no visible global function definition for ‘pt’
    pBE: no visible global function definition for ‘pbeta’
    pBEINF: no visible global function definition for ‘pbeta’
    pBEINF0: no visible global function definition for ‘pbeta’
    pBEINF1: no visible global function definition for ‘pbeta’
    pBEOI: no visible global function definition for ‘pbeta’
    pBEZI: no visible global function definition for ‘pbeta’
    pBEo: no visible global function definition for ‘pbeta’
    pBI: no visible global function definition for ‘pbinom’
    pEGB2: no visible global function definition for ‘pf’
    pEXP: no visible global function definition for ‘pexp’
    pGA: no visible global function definition for ‘pgamma’
    pGB1: no visible global function definition for ‘pbeta’
    pGB2: no visible global function definition for ‘pf’
    pGIG: no visible global function definition for ‘integrate’
    pGP: no visible global function definition for ‘pf’
    pGT: no visible global function definition for ‘integrate’
    pIG: no visible global function definition for ‘pnorm’
    pIGAMMA: no visible global function definition for ‘pgamma’
    pLNO: no visible global function definition for ‘pnorm’
    pLO: no visible global function definition for ‘plogis’
    pLOGITNO: no visible global function definition for ‘pnorm’
    pLOGNO: no visible global function definition for ‘plnorm’
    pLOGNO2: no visible global function definition for ‘pnorm’
    pNBI: no visible global function definition for ‘pnbinom’
    pNBI: no visible global function definition for ‘ppois’
    pNBII: no visible global function definition for ‘pnbinom’
    pNBII: no visible global function definition for ‘ppois’
    pNET: no visible global function definition for ‘pnorm’
    pNO: no visible global function definition for ‘pnorm’
    pNO2: no visible global function definition for ‘pnorm’
    pNOF: no visible global function definition for ‘pnorm’
    pPE: no visible global function definition for ‘pgamma’
    pPE2: no visible global function definition for ‘pgamma’
    pPO: no visible global function definition for ‘ppois’
    pSEP: no visible global function definition for ‘integrate’
    pSEP1: no visible global function definition for ‘integrate’
    pSEP2: no visible global function definition for ‘integrate’
    pSEP3: no visible global function definition for ‘pgamma’
    pSEP4: no visible global function definition for ‘pgamma’
    pSN1: no visible global function definition for ‘integrate’
    pSN2: no visible global function definition for ‘pgamma’
    pST1: no visible global function definition for ‘integrate’
    pST2: no visible global function definition for ‘integrate’
    pST3: no visible global function definition for ‘pt’
    pST4: no visible global function definition for ‘pt’
    pST5: no visible global function definition for ‘pbeta’
    pTF: no visible global function definition for ‘pt’
    pTF2: no visible global function definition for ‘pt’
    pWEI: no visible global function definition for ‘pweibull’
    pWEI2: no visible global function definition for ‘pweibull’
    pWEI3: no visible global function definition for ‘pweibull’
    pZABI: no visible global function definition for ‘pbinom’
    pZAGA: no visible global function definition for ‘pgamma’
    pZAIG: no visible global function definition for ‘pnorm’
    pZAIG: no visible global function definition for ‘integrate’
    pZAP: no visible global function definition for ‘ppois’
    pZIBI: no visible global function definition for ‘pbinom’
    pZIP: no visible global function definition for ‘ppois’
    pZIP2: no visible global function definition for ‘ppois’
    pZIPIG: no visible global function definition for ‘ppois’
    pexGAUS: no visible global function definition for ‘pnorm’
    plotBEINF: no visible global function definition for ‘plot’
    plotBEINF: no visible global function definition for ‘points’
    plotBEINF0: no visible global function definition for ‘plot’
    plotBEINF0: no visible global function definition for ‘points’
    plotBEINF1: no visible global function definition for ‘plot’
    plotBEINF1: no visible global function definition for ‘points’
    plotBEOI: no visible global function definition for ‘plot’
    plotBEOI: no visible global function definition for ‘points’
    plotBEZI: no visible global function definition for ‘plot’
    plotBEZI: no visible global function definition for ‘points’
    plotZAGA: no visible global function definition for ‘plot’
    plotZAGA: no visible global function definition for ‘points’
    plotZAIG: no visible global function definition for ‘plot’
    plotZAIG: no visible global function definition for ‘points’
    qBCCG: no visible global function definition for ‘qnorm’
    qBCCG: no visible global function definition for ‘pnorm’
    qBCCGo: no visible global function definition for ‘qnorm’
    qBCCGo: no visible global function definition for ‘pnorm’
    qBCPE : F.T: no visible global function definition for ‘pgamma’
    qBCPE : q.T: no visible global function definition for ‘qgamma’
    qBCPEo : F.T: no visible global function definition for ‘pgamma’
    qBCPEo : q.T: no visible global function definition for ‘qgamma’
    qBCT: no visible global function definition for ‘qt’
    qBCT: no visible global function definition for ‘pt’
    qBCTo: no visible global function definition for ‘qt’
    qBCTo: no visible global function definition for ‘pt’
    qBE: no visible global function definition for ‘qbeta’
    qBEINF: no visible global function definition for ‘qbeta’
    qBEINF0: no visible global function definition for ‘qbeta’
    qBEINF1: no visible global function definition for ‘qbeta’
    qBEOI: no visible global function definition for ‘qbeta’
    qBEZI: no visible global function definition for ‘qbeta’
    qBEo: no visible global function definition for ‘qbeta’
    qBI: no visible global function definition for ‘qbinom’
    qEGB2: no visible global function definition for ‘qf’
    qEXP: no visible global function definition for ‘qexp’
    qGA: no visible global function definition for ‘qgamma’
    qGB1: no visible global function definition for ‘qbeta’
    qGB2: no visible global function definition for ‘qf’
    qGIG: no visible global function definition for ‘uniroot’
    qGP: no visible global function definition for ‘qf’
    qGT: no visible global function definition for ‘uniroot’
    qIG: no visible global function definition for ‘uniroot’
    qLNO: no visible global function definition for ‘qnorm’
    qLO: no visible global function definition for ‘qlogis’
    qLOGITNO: no visible global function definition for ‘qnorm’
    qLOGNO: no visible global function definition for ‘qlnorm’
    qLOGNO2: no visible global function definition for ‘qnorm’
    qNBI: no visible global function definition for ‘qnbinom’
    qNBI: no visible global function definition for ‘qpois’
    qNBII: no visible global function definition for ‘qnbinom’
    qNBII: no visible global function definition for ‘qpois’
    qNO: no visible global function definition for ‘qnorm’
    qNO2: no visible global function definition for ‘qnorm’
    qNOF: no visible global function definition for ‘qnorm’
    qPE: no visible global function definition for ‘qgamma’
    qPE2: no visible global function definition for ‘qgamma’
    qPO: no visible global function definition for ‘qpois’
    qSEP1: no visible global function definition for ‘uniroot’
    qSEP2: no visible global function definition for ‘uniroot’
    qSEP3: no visible global function definition for ‘qgamma’
    qSEP4: no visible global function definition for ‘qgamma’
    qSHASH: no visible global function definition for ‘uniroot’
    qSHASHo: no visible global function definition for ‘qnorm’
    qSHASHo2: no visible global function definition for ‘qnorm’
    qSN1: no visible global function definition for ‘uniroot’
    qSN2: no visible global function definition for ‘qgamma’
    qST1: no visible global function definition for ‘uniroot’
    qST2: no visible global function definition for ‘uniroot’
    qST3: no visible global function definition for ‘qt’
    qST4: no visible global function definition for ‘qt’
    qST5: no visible global function definition for ‘qbeta’
    qTF: no visible global function definition for ‘qt’
    qTF2: no visible global function definition for ‘qt’
    qWEI: no visible global function definition for ‘qweibull’
    qWEI2: no visible global function definition for ‘qweibull’
    qWEI3: no visible global function definition for ‘qweibull’
    qZABI: no visible global function definition for ‘pbinom’
    qZABI: no visible global function definition for ‘qbinom’
    qZAGA: no visible global function definition for ‘uniroot’
    qZAIG: no visible global function definition for ‘uniroot’
    qZAP: no visible global function definition for ‘ppois’
    qZAP: no visible global function definition for ‘qpois’
    qZIBI: no visible global function definition for ‘qbinom’
    qZIP: no visible global function definition for ‘qpois’
    qZIP2: no visible global function definition for ‘qpois’
    qZIPIG: no visible global function definition for ‘qpois’
    qexGAUS: no visible global function definition for ‘uniroot’
    rBB: no visible global function definition for ‘runif’
    rBCCG: no visible global function definition for ‘runif’
    rBCCGo: no visible global function definition for ‘runif’
    rBCPE: no visible global function definition for ‘runif’
    rBCPEo: no visible global function definition for ‘runif’
    rBCT: no visible global function definition for ‘runif’
    rBCTo: no visible global function definition for ‘runif’
    rBE: no visible global function definition for ‘runif’
    rBE: no visible global function definition for ‘qbeta’
    rBEINF: no visible global function definition for ‘runif’
    rBEINF0: no visible global function definition for ‘runif’
    rBEINF1: no visible global function definition for ‘runif’
    rBEOI: no visible global function definition for ‘runif’
    rBEZI: no visible global function definition for ‘runif’
    rBEo: no visible global function definition for ‘runif’
    rBEo: no visible global function definition for ‘qbeta’
    rBI: no visible global function definition for ‘runif’
    rBI: no visible global function definition for ‘qbinom’
    rDEL: no visible global function definition for ‘runif’
    rDPO: no visible global function definition for ‘runif’
    rEGB2: no visible global function definition for ‘runif’
    rEXP: no visible global function definition for ‘rexp’
    rGA: no visible global function definition for ‘runif’
    rGB1: no visible global function definition for ‘runif’
    rGB2: no visible global function definition for ‘runif’
    rGE: no visible global function definition for ‘runif’
    rGEOM: no visible global function definition for ‘runif’
    rGG: no visible global function definition for ‘runif’
    rGIG: no visible global function definition for ‘runif’
    rGP: no visible global function definition for ‘runif’
    rGT: no visible global function definition for ‘runif’
    rGU: no visible global function definition for ‘runif’
    rIG: no visible global function definition for ‘runif’
    rIGAMMA: no visible global function definition for ‘runif’
    rJSU: no visible global function definition for ‘runif’
    rJSUo: no visible global function definition for ‘runif’
    rLG: no visible global function definition for ‘runif’
    rLNO: no visible global function definition for ‘runif’
    rLO: no visible global function definition for ‘rlogis’
    rLOGITNO: no visible global function definition for ‘rnorm’
    rLOGNO: no visible global function definition for ‘rlnorm’
    rLOGNO2: no visible global function definition for ‘rnorm’
    rMN3: no visible global function definition for ‘runif’
    rMN4: no visible global function definition for ‘runif’
    rMN5: no visible global function definition for ‘runif’
    rNBI: no visible global function definition for ‘runif’
    rNBII: no visible global function definition for ‘runif’
    rNO: no visible global function definition for ‘rnorm’
    rNO2: no visible global function definition for ‘rnorm’
    rNOF: no visible global function definition for ‘runif’
    rPARETO2: no visible global function definition for ‘runif’
    rPARETO2o: no visible global function definition for ‘runif’
    rPE: no visible global function definition for ‘runif’
    rPE2: no visible global function definition for ‘runif’
    rPIG: no visible global function definition for ‘runif’
    rPO: no visible global function definition for ‘rpois’
    rRG: no visible global function definition for ‘runif’
    rRGE: no visible global function definition for ‘runif’
    rSEP: no visible global function definition for ‘runif’
    rSEP1: no visible global function definition for ‘runif’
    rSEP2: no visible global function definition for ‘runif’
    rSEP3: no visible global function definition for ‘runif’
    rSEP4: no visible global function definition for ‘runif’
    rSHASH: no visible global function definition for ‘runif’
    rSHASHo: no visible global function definition for ‘runif’
    rSHASHo2: no visible global function definition for ‘runif’
    rSI: no visible global function definition for ‘runif’
    rSICHEL: no visible global function definition for ‘runif’
    rSN1: no visible global function definition for ‘runif’
    rSN2: no visible global function definition for ‘runif’
    rSST: no visible global function definition for ‘runif’
    rST1: no visible global function definition for ‘runif’
    rST2: no visible global function definition for ‘runif’
    rST3: no visible global function definition for ‘runif’
    rST3C: no visible global function definition for ‘runif’
    rST4: no visible global function definition for ‘runif’
    rST5: no visible global function definition for ‘runif’
    rTF: no visible global function definition for ‘runif’
    rTF2: no visible global function definition for ‘runif’
    rWARING: no visible global function definition for ‘runif’
    rWEI: no visible global function definition for ‘rweibull’
    rWEI2: no visible global function definition for ‘rweibull’
    rWEI3: no visible global function definition for ‘rweibull’
    rYULE: no visible global function definition for ‘runif’
    rZABB: no visible global function definition for ‘runif’
    rZABI: no visible global function definition for ‘runif’
    rZAGA: no visible global function definition for ‘runif’
    rZAIG: no visible global function definition for ‘runif’
    rZALG: no visible global function definition for ‘runif’
    rZANBI: no visible global function definition for ‘runif’
    rZAP: no visible global function definition for ‘runif’
    rZIBB: no visible global function definition for ‘runif’
    rZIBI: no visible global function definition for ‘runif’
    rZINBI: no visible global function definition for ‘runif’
    rZIP: no visible global function definition for ‘runif’
    rZIP2: no visible global function definition for ‘runif’
    rZIPIG: no visible global function definition for ‘runif’
    rexGAUS: no visible global function definition for ‘runif’
    Undefined global functions or variables:
     abline dbeta dbinom dcauchy dexp dlnorm dlogis dnbinom dnorm dpois dt
     dweibull family fitted integrate na.omit par pbeta pbinom pcauchy
     pexp pf pgamma plnorm plogis plot pnbinom pnorm points power ppois pt
     pweibull qbeta qbinom qcauchy qexp qf qgamma qlnorm qlogis qnbinom
     qnorm qpois qt qweibull rexp rlnorm rlogis rnorm rpois runif rweibull
     splinefun stepfun title uniroot
Flavors: r-devel-linux-x86_64-debian-clang, r-devel-linux-x86_64-debian-gcc, r-devel-linux-x86_64-fedora-clang, r-devel-linux-x86_64-fedora-gcc, r-devel-windows-ix86+x86_64