CRAN Package Check Results for Package gamlss.dist

Last updated on 2014-08-28 00:47:01.

Flavor Version Tinstall Tcheck Ttotal Status Flags
r-devel-linux-x86_64-debian-clang 4.3-0 3.43 82.64 86.07 NOTE
r-devel-linux-x86_64-debian-gcc 4.3-0 3.24 80.68 83.92 NOTE
r-devel-linux-x86_64-fedora-clang 4.3-0 178.16 NOTE
r-devel-linux-x86_64-fedora-gcc 4.3-0 167.60 NOTE
r-devel-osx-x86_64-clang 4.3-0 129.54 NOTE
r-devel-windows-ix86+x86_64 4.3-0 20.00 109.00 129.00 NOTE
r-patched-linux-x86_64 4.3-0 3.44 87.31 90.75 OK
r-patched-solaris-sparc 4.3-0 992.10 OK
r-patched-solaris-x86 4.3-0 192.00 OK
r-release-linux-ix86 4.3-0 4.57 100.78 105.35 OK
r-release-linux-x86_64 4.3-0 3.48 84.35 87.83 OK
r-release-osx-x86_64-mavericks 4.3-0 OK
r-release-osx-x86_64-snowleopard 4.3-0 OK
r-release-windows-ix86+x86_64 4.3-0 19.00 121.00 140.00 OK
r-oldrel-windows-ix86+x86_64 4.3-0 19.00 116.00 135.00 OK

Check Details

Version: 4.3-0
Check: package namespace information
Result: NOTE
     Namespace with empty importFrom: ‘MASS’
Flavors: r-devel-linux-x86_64-debian-clang, r-devel-linux-x86_64-debian-gcc, r-devel-linux-x86_64-fedora-clang, r-devel-linux-x86_64-fedora-gcc, r-devel-osx-x86_64-clang, r-devel-windows-ix86+x86_64