CRAN Package Check Results for Package gamlss.dist

Last updated on 2017-04-24 12:47:33.

Flavor Version Tinstall Tcheck Ttotal Status Flags
r-devel-linux-x86_64-debian-clang 5.0-0 3.72 91.77 95.48 NOTE
r-devel-linux-x86_64-debian-gcc 5.0-0 3.51 89.98 93.49 NOTE
r-devel-linux-x86_64-fedora-clang 5.0-0 173.62 NOTE --no-stop-on-test-error
r-devel-linux-x86_64-fedora-gcc 5.0-0 167.55 NOTE --no-stop-on-test-error
r-devel-windows-ix86+x86_64 5.0-0 43.00 141.00 184.00 OK
r-patched-linux-x86_64 5.0-0 3.36 93.41 96.77 NOTE
r-patched-solaris-sparc 5.0-0 1025.50 OK
r-patched-solaris-x86 5.0-0 176.00 OK
r-release-linux-x86_64 5.0-0 3.26 89.98 93.24 NOTE
r-release-windows-ix86+x86_64 5.0-0 22.00 135.00 157.00 OK
r-release-osx-x86_64 5.0-0 OK
r-oldrel-windows-ix86+x86_64 5.0-0 22.00 141.00 163.00 OK
r-oldrel-osx-x86_64 5.0-0 OK

Check Details

Version: 5.0-0
Check: compiled code
Result: NOTE
    File ‘gamlss.dist/libs/gamlss.dist.so’:
     Found no calls to: ‘R_registerRoutines’, ‘R_useDynamicSymbols’
    
    It is good practice to register native routines and to disable symbol
    search.
    
    See ‘Writing portable packages’ in the ‘Writing R Extensions’ manual.
Flavors: r-devel-linux-x86_64-debian-clang, r-devel-linux-x86_64-debian-gcc, r-patched-linux-x86_64, r-release-linux-x86_64

Version: 5.0-0
Flags: --no-stop-on-test-error
Check: compiled code
Result: NOTE
    File ‘gamlss.dist/libs/gamlss.dist.so’:
     Found no calls to: ‘R_registerRoutines’, ‘R_useDynamicSymbols’
    
    It is good practice to register native routines and to disable symbol
    search.
    
    See ‘Writing portable packages’ in the ‘Writing R Extensions’ manual.
Flavors: r-devel-linux-x86_64-fedora-clang, r-devel-linux-x86_64-fedora-gcc