CRAN Package Check Results for Package gamlss.dist

Last updated on 2014-09-02 17:46:48.

Flavor Version Tinstall Tcheck Ttotal Status Flags
r-devel-linux-x86_64-debian-clang 4.3-0 3.37 82.96 86.33 NOTE
r-devel-linux-x86_64-debian-gcc 4.3-0 3.46 80.67 84.13 NOTE
r-devel-linux-x86_64-fedora-clang 4.3-0 183.04 NOTE
r-devel-linux-x86_64-fedora-gcc 4.3-0 166.90 NOTE
r-devel-osx-x86_64-clang 4.3-0 127.58 NOTE
r-devel-windows-ix86+x86_64 4.3-0 20.00 119.00 139.00 NOTE
r-patched-linux-x86_64 4.3-0 3.38 84.95 88.33 OK
r-patched-solaris-sparc 4.3-0 992.10 OK
r-patched-solaris-x86 4.3-0 188.90 OK
r-release-linux-ix86 4.3-0 4.58 100.59 105.17 OK
r-release-linux-x86_64 4.3-0 3.54 85.20 88.74 OK
r-release-osx-x86_64-mavericks 4.3-0 OK
r-release-osx-x86_64-snowleopard 4.3-0 OK
r-release-windows-ix86+x86_64 4.3-0 17.00 120.00 137.00 OK
r-oldrel-windows-ix86+x86_64 4.3-0 18.00 116.00 134.00 OK

Check Details

Version: 4.3-0
Check: package namespace information
Result: NOTE
     Namespace with empty importFrom: ‘MASS’
Flavors: r-devel-linux-x86_64-debian-clang, r-devel-linux-x86_64-debian-gcc, r-devel-linux-x86_64-fedora-clang, r-devel-linux-x86_64-fedora-gcc, r-devel-osx-x86_64-clang, r-devel-windows-ix86+x86_64