CRAN Package Check Results for Package gamlss.dist

Last updated on 2017-02-25 11:48:23.

Flavor Version Tinstall Tcheck Ttotal Status Flags
r-devel-linux-x86_64-debian-clang 5.0-0 3.78 92.75 96.52 NOTE
r-devel-linux-x86_64-debian-gcc 5.0-0 3.77 90.12 93.89 NOTE
r-devel-linux-x86_64-fedora-clang 5.0-0 185.65 NOTE --no-stop-on-test-error
r-devel-linux-x86_64-fedora-gcc 5.0-0 166.72 NOTE --no-stop-on-test-error
r-devel-macos-x86_64-clang 5.0-0 134.68 NOTE --no-stop-on-test-error
r-devel-windows-ix86+x86_64 5.0-0 37.00 186.00 223.00 OK
r-patched-linux-x86_64 5.0-0 3.13 91.43 94.57 OK
r-patched-solaris-sparc 5.0-0 1022.20 OK
r-patched-solaris-x86 5.0-0 165.90 OK
r-release-linux-x86_64 5.0-0 3.37 90.37 93.74 OK
r-release-osx-x86_64-mavericks 5.0-0 OK
r-release-windows-ix86+x86_64 5.0-0 26.00 192.00 218.00 OK
r-oldrel-windows-ix86+x86_64 5.0-0 49.00 241.00 290.00 OK

Check Details

Version: 5.0-0
Check: compiled code
Result: NOTE
    File ‘gamlss.dist/libs/gamlss.dist.so’:
     Found no calls to: ‘R_registerRoutines’, ‘R_useDynamicSymbols’
    
    It is good practice to register native routines and to disable symbol
    search.
    
    See ‘Writing portable packages’ in the ‘Writing R Extensions’ manual.
Flavors: r-devel-linux-x86_64-debian-clang, r-devel-linux-x86_64-debian-gcc

Version: 5.0-0
Flags: --no-stop-on-test-error
Check: compiled code
Result: NOTE
    File ‘gamlss.dist/libs/gamlss.dist.so’:
     Found no calls to: ‘R_registerRoutines’, ‘R_useDynamicSymbols’
    
    It is good practice to register native routines and to disable symbol
    search.
    
    See ‘Writing portable packages’ in the ‘Writing R Extensions’ manual.
Flavors: r-devel-linux-x86_64-fedora-clang, r-devel-linux-x86_64-fedora-gcc, r-devel-macos-x86_64-clang