CRAN Package Check Results for Package gamlss.dist

Last updated on 2014-04-25 09:52:14.

Flavor Version Tinstall Tcheck Ttotal Status Flags
r-devel-linux-x86_64-debian-clang 4.2-7 3.12 87.82 90.94 NOTE
r-devel-linux-x86_64-debian-gcc 4.2-7 2.98 89.57 92.55 NOTE
r-devel-linux-x86_64-fedora-clang 4.2-7 181.49 NOTE
r-devel-linux-x86_64-fedora-gcc 4.2-7 177.32 NOTE
r-devel-osx-x86_64-clang 4.2-7 119.46 NOTE
r-devel-osx-x86_64-gcc 4.2-7 NOTE
r-devel-windows-ix86+x86_64 4.2-7 11.00 117.00 128.00 NOTE
r-patched-linux-x86_64 4.2-7 2.78 87.60 90.38 NOTE
r-patched-solaris-sparc 4.2-7 965.60 NOTE
r-patched-solaris-x86 4.2-7 173.70 NOTE
r-release-linux-ix86 4.2-7 5.00 124.00 129.00 NOTE
r-release-linux-x86_64 4.2-7 2.76 88.54 91.30 NOTE
r-release-osx-x86_64-mavericks 4.2-7 NOTE
r-release-osx-x86_64-snowleopard 4.2-7 OK
r-release-windows-ix86+x86_64 4.2-7 11.00 123.00 134.00 NOTE
r-oldrel-windows-ix86+x86_64 4.2-7 12.00 120.00 132.00 NOTE

Check Details

Version: 4.2-7
Check: dependencies in R code
Result: NOTE
    Package in Depends field not imported from: ‘MASS’
     These packages need to be imported from (in the NAMESPACE file)
     for when this namespace is loaded but not attached.
    See the information on DESCRIPTION files in the chapter ‘Creating R
    packages’ of the ‘Writing R Extensions’ manual.
Flavors: r-devel-linux-x86_64-debian-clang, r-devel-linux-x86_64-debian-gcc, r-devel-linux-x86_64-fedora-clang, r-devel-linux-x86_64-fedora-gcc, r-devel-osx-x86_64-clang, r-devel-osx-x86_64-gcc, r-devel-windows-ix86+x86_64, r-patched-linux-x86_64, r-patched-solaris-sparc, r-patched-solaris-x86, r-release-linux-ix86, r-release-linux-x86_64, r-release-osx-x86_64-mavericks, r-release-windows-ix86+x86_64, r-oldrel-windows-ix86+x86_64