CRAN Package Check Results for Package gamlss

Last updated on 2017-09-19 21:47:55.

Flavor Version Tinstall Tcheck Ttotal Status Flags
r-devel-linux-x86_64-debian-clang 5.0-2 4.17 117.59 121.76 ERROR
r-devel-linux-x86_64-debian-gcc 5.0-2 4.24 122.21 126.45 OK
r-devel-linux-x86_64-fedora-clang 5.0-2 257.28 OK
r-devel-linux-x86_64-fedora-gcc 5.0-2 256.86 OK
r-devel-windows-ix86+x86_64 5.0-2 14.00 309.00 323.00 OK
r-patched-linux-x86_64 5.0-2 4.55 126.39 130.93 OK
r-patched-solaris-x86 5.0-2 297.50 OK
r-release-linux-x86_64 5.0-2 4.16 126.15 130.31 OK
r-release-windows-ix86+x86_64 5.0-2 13.00 246.00 259.00 OK
r-release-osx-x86_64 5.0-2 OK
r-oldrel-windows-ix86+x86_64 5.0-2 13.00 217.00 230.00 OK
r-oldrel-osx-x86_64 5.0-2 OK

Check Details

Version: 5.0-2
Check: examples
Result: ERROR
    Running examples in ‘gamlss-Ex.R’ failed
    The error most likely occurred in:
    
    > base::assign(".ptime", proc.time(), pos = "CheckExEnv")
    > ### Name: par.plot
    > ### Title: A function to plot parallel plot for repeated measurement data
    > ### Aliases: par.plot
    > ### Keywords: regression
    >
    > ### ** Examples
    >
    >
    > library(nlme)
    > data(Orthodont)
    > par.plot(distance~age,data=Orthodont,subject=Subject)
    > par.plot(distance~age|Sex,data=Orthodont,subject=Subject)
    Error in bad.formula() : invalid conditioning formula
    Calls: par.plot -> coplotnew -> bad.formula
    Execution halted
Flavor: r-devel-linux-x86_64-debian-clang