CRAN Package Check Results for Package gamlss

Last updated on 2017-11-24 18:50:19 CET.

Flavor Version Tinstall Tcheck Ttotal Status Flags
r-devel-linux-x86_64-debian-clang 5.0-5 5.80 224.56 230.36 ERROR
r-devel-linux-x86_64-debian-gcc 5.0-5 4.69 184.72 189.41 ERROR
r-devel-linux-x86_64-fedora-clang 5.0-5 207.92 ERROR
r-devel-linux-x86_64-fedora-gcc 5.0-5 193.48 ERROR
r-devel-windows-ix86+x86_64 5.0-5 13.00 327.00 340.00 OK
r-patched-linux-x86_64 5.0-5 6.19 296.44 302.62 OK
r-patched-solaris-x86 5.0-5 300.10 OK
r-release-linux-x86_64 5.0-5 5.59 299.54 305.13 OK
r-release-windows-ix86+x86_64 5.0-5 12.00 227.00 239.00 OK
r-release-osx-x86_64 5.0-5 OK
r-oldrel-windows-ix86+x86_64 5.0-5 13.00 247.00 260.00 OK
r-oldrel-osx-x86_64 5.0-5 OK

Check Details

Version: 5.0-5
Check: examples
Result: ERROR
    Running examples in ‘gamlss-Ex.R’ failed
    The error most likely occurred in:
    
    > base::assign(".ptime", proc.time(), pos = "CheckExEnv")
    > ### Name: edf
    > ### Title: Effective degrees of freedom from gamlss model
    > ### Aliases: edf edfAll
    > ### Keywords: regression
    >
    > ### ** Examples
    >
    > library(gamlss.data)
    > data(usair)
    > m1<- gamlss(y~pb(x1)+pb(x2)+pb(x6), data=usair)
    GAMLSS-RS iteration 1: Global Deviance = 340.3973
    GAMLSS-RS iteration 2: Global Deviance = 340.3971
    > edfAll(m1)
    Error in edf[i] <- x[[i]]$edf : replacement has length zero
    Calls: edfAll -> edf
    Execution halted
Flavors: r-devel-linux-x86_64-debian-clang, r-devel-linux-x86_64-debian-gcc

Version: 5.0-5
Check: examples
Result: ERROR
    Running examples in ‘gamlss-Ex.R’ failed
    The error most likely occurred in:
    
    > ### Name: edf
    > ### Title: Effective degrees of freedom from gamlss model
    > ### Aliases: edf edfAll
    > ### Keywords: regression
    >
    > ### ** Examples
    >
    > library(gamlss.data)
    > data(usair)
    > m1<- gamlss(y~pb(x1)+pb(x2)+pb(x6), data=usair)
    GAMLSS-RS iteration 1: Global Deviance = 340.3973
    GAMLSS-RS iteration 2: Global Deviance = 340.3971
    > edfAll(m1)
    Error in edf[i] <- x[[i]]$edf : replacement has length zero
    Calls: edfAll -> edf
    Execution halted
Flavors: r-devel-linux-x86_64-fedora-clang, r-devel-linux-x86_64-fedora-gcc