CRAN Package Check Results for Package gamlss

Last updated on 2014-04-25 09:52:14.

Flavor Version Tinstall Tcheck Ttotal Status Flags
r-devel-linux-x86_64-debian-clang 4.2-8 2.44 81.80 84.24 OK
r-devel-linux-x86_64-debian-gcc 4.2-8 2.26 84.33 86.59 OK
r-devel-linux-x86_64-fedora-clang 4.2-8 185.22 OK
r-devel-linux-x86_64-fedora-gcc 4.2-8 183.24 OK
r-devel-osx-x86_64-clang 4.2-8 114.89 OK
r-devel-osx-x86_64-gcc 4.2-8 OK
r-devel-windows-ix86+x86_64 4.2-8 6.00 103.00 109.00 OK
r-patched-linux-x86_64 4.2-8 2.34 83.69 86.03 OK
r-patched-solaris-sparc 4.2-8 887.60 OK
r-patched-solaris-x86 4.2-8 185.00 OK
r-release-linux-ix86 4.2-8 4.00 119.00 123.00 OK
r-release-linux-x86_64 4.2-8 2.53 81.16 83.68 OK
r-release-osx-x86_64-mavericks 4.2-8 WARN
r-release-osx-x86_64-snowleopard 4.2-8 OK
r-release-windows-ix86+x86_64 4.2-8 6.00 116.00 122.00 OK
r-oldrel-windows-ix86+x86_64 4.2-8 7.00 103.00 110.00 OK

Check Details

Version: 4.2-8
Check: PDF version of manual
Result: WARNING
    LaTeX errors when creating PDF version.
    This typically indicates Rd problems.
    LaTeX errors found:
    ! LaTeX Error: File `upquote.sty' not found.
    
    Type X to quit or <RETURN> to proceed,
    or enter new name. (Default extension: sty)
    
    1f789e9/Rd2.tex:8: ==> Fatal error occurred, no output PDF file produced!
Flavor: r-release-osx-x86_64-mavericks