CRAN Package Check Results for Package gamlss

Last updated on 2015-03-29 11:51:15.

Flavor Version Tinstall Tcheck Ttotal Status Flags
r-devel-linux-x86_64-debian-clang 4.3-4 2.18 86.36 88.53 NOTE
r-devel-linux-x86_64-debian-gcc 4.3-4 2.02 85.64 87.65 NOTE
r-devel-linux-x86_64-fedora-clang 4.3-4 173.20 NOTE
r-devel-linux-x86_64-fedora-gcc 4.3-4 175.04 NOTE
r-devel-osx-x86_64-clang 4.3-4 136.58 NOTE
r-prerel-windows-ix86+x86_64 4.3-4 10.00 106.00 116.00 NOTE
r-prerel-linux-x86_64 4.3-4 2.00 85.97 87.98 NOTE
r-prerel-solaris-sparc 4.3-4 974.40 NOTE
r-prerel-solaris-x86 4.3-4 175.30 NOTE
r-release-linux-x86_64 4.3-4 3.43 94.70 98.13 OK
r-release-osx-x86_64-mavericks 4.3-4 OK
r-release-osx-x86_64-snowleopard 4.3-4 OK
r-release-windows-ix86+x86_64 4.3-4 8.00 120.00 128.00 OK
r-oldrel-windows-ix86+x86_64 4.3-4 9.00 129.00 138.00 OK

Check Details

Version: 4.3-4
Check: DESCRIPTION meta-information
Result: NOTE
    Malformed Title field: should not end in a period.
    Malformed Description field: should contain one or more complete sentences.
Flavors: r-devel-linux-x86_64-debian-clang, r-devel-linux-x86_64-debian-gcc, r-devel-linux-x86_64-fedora-clang, r-devel-linux-x86_64-fedora-gcc, r-devel-osx-x86_64-clang, r-prerel-windows-ix86+x86_64, r-prerel-linux-x86_64, r-prerel-solaris-sparc, r-prerel-solaris-x86