CRAN Package Check Results for Package gamlss

Last updated on 2015-05-28 19:47:18.

Flavor Version Tinstall Tcheck Ttotal Status Flags
r-devel-linux-x86_64-debian-clang 4.3-4 2.39 87.16 89.55 NOTE
r-devel-linux-x86_64-debian-gcc 4.3-4 2.02 84.72 86.74 NOTE
r-devel-linux-x86_64-fedora-clang 4.3-4 174.51 NOTE
r-devel-linux-x86_64-fedora-gcc 4.3-4 165.90 NOTE
r-devel-osx-x86_64-clang 4.3-4 125.42 NOTE
r-devel-windows-ix86+x86_64 4.3-4 7.00 114.00 121.00 NOTE
r-patched-linux-x86_64 4.3-4 2.04 85.77 87.81 NOTE
r-patched-solaris-sparc 4.3-4 977.30 NOTE
r-patched-solaris-x86 4.3-4 179.10 NOTE
r-release-linux-x86_64 4.3-4 2.01 87.84 89.85 NOTE
r-release-osx-x86_64-mavericks 4.3-4 NOTE
r-release-osx-x86_64-snowleopard 4.3-4 NOTE
r-release-windows-ix86+x86_64 4.3-4 6.00 103.00 109.00 NOTE
r-oldrel-windows-ix86+x86_64 4.3-4 8.00 109.00 117.00 OK

Check Details

Version: 4.3-4
Check: DESCRIPTION meta-information
Result: NOTE
    Malformed Title field: should not end in a period.
    Malformed Description field: should contain one or more complete sentences.
Flavors: r-devel-linux-x86_64-debian-clang, r-devel-linux-x86_64-debian-gcc, r-devel-linux-x86_64-fedora-clang, r-devel-linux-x86_64-fedora-gcc, r-devel-osx-x86_64-clang, r-devel-windows-ix86+x86_64, r-patched-linux-x86_64, r-patched-solaris-sparc, r-patched-solaris-x86, r-release-linux-x86_64, r-release-osx-x86_64-mavericks, r-release-osx-x86_64-snowleopard, r-release-windows-ix86+x86_64