CRAN Package Check Results for Package gamlss

Last updated on 2015-04-19 23:49:14.

Flavor Version Tinstall Tcheck Ttotal Status Flags
r-devel-linux-x86_64-debian-clang 4.3-4 2.20 87.00 89.21 NOTE
r-devel-linux-x86_64-debian-gcc 4.3-4 2.02 85.93 87.95 NOTE
r-devel-linux-x86_64-fedora-clang 4.3-4 173.29 NOTE
r-devel-linux-x86_64-fedora-gcc 4.3-4 164.87 NOTE
r-devel-osx-x86_64-clang 4.3-4 127.01 NOTE
r-devel-windows-ix86+x86_64 4.3-4 11.00 106.00 117.00 NOTE
r-patched-linux-x86_64 4.3-4 2.07 84.44 86.51 NOTE
r-patched-solaris-sparc 4.3-4 974.40 NOTE
r-patched-solaris-x86 4.3-4 174.50 NOTE
r-release-linux-x86_64 4.3-4 2.02 87.02 89.04 NOTE
r-release-osx-x86_64-mavericks 4.3-4 NOTE
r-release-osx-x86_64-snowleopard 4.3-4 NOTE
r-release-windows-ix86+x86_64 4.3-4 5.00 103.00 108.00 NOTE
r-oldrel-windows-ix86+x86_64 4.3-4 7.00 98.00 105.00 OK

Check Details

Version: 4.3-4
Check: DESCRIPTION meta-information
Result: NOTE
    Malformed Title field: should not end in a period.
    Malformed Description field: should contain one or more complete sentences.
Flavors: r-devel-linux-x86_64-debian-clang, r-devel-linux-x86_64-debian-gcc, r-devel-linux-x86_64-fedora-clang, r-devel-linux-x86_64-fedora-gcc, r-devel-osx-x86_64-clang, r-devel-windows-ix86+x86_64, r-patched-linux-x86_64, r-patched-solaris-sparc, r-patched-solaris-x86, r-release-linux-x86_64, r-release-osx-x86_64-mavericks, r-release-osx-x86_64-snowleopard, r-release-windows-ix86+x86_64