CRAN Package Check Results for Package gamlss

Last updated on 2016-02-07 17:49:45.

Flavor Version Tinstall Tcheck Ttotal Status Flags
r-devel-linux-x86_64-debian-gcc 4.3-7 1.94 91.21 93.15 OK
r-devel-linux-x86_64-fedora-clang 4.3-7 180.52 OK
r-devel-linux-x86_64-fedora-gcc 4.3-7 170.41 OK
r-devel-osx-x86_64-clang 4.3-7 165.20 OK
r-devel-windows-ix86+x86_64 4.3-7 9.00 132.00 141.00 OK
r-patched-linux-x86_64 4.3-7 2.28 97.22 99.50 OK
r-patched-solaris-sparc 4.3-7 1047.60 OK
r-patched-solaris-x86 4.3-7 190.40 OK
r-release-linux-x86_64 4.3-7 2.24 94.86 97.10 OK
r-release-osx-x86_64-mavericks 4.3-7 OK
r-release-windows-ix86+x86_64 4.3-7 12.00 135.00 147.00 OK
r-oldrel-windows-ix86+x86_64 4.3-7 13.00 116.00 129.00 ERROR

Check Details

Version: 4.3-7
Check: examples
Result: ERROR
    Running examples in 'gamlss-Ex.R' failed
    The error most likely occurred in:
    
    > ### Name: lo
    > ### Title: Specify a loess fit in a GAMLSS formula
    > ### Aliases: lo lo.control
    > ### Keywords: regression
    >
    > ### ** Examples
    >
    > data(aids)
    > attach(aids)
    > # fitting a loess curve with span=0.4 plus the a quarterly effect
    > aids1<-gamlss(y~lo(~x,span=0.4)+qrt,data=aids,family=PO) #
    Error in match.arg(statistics) : 'arg' must be of length 1
    Calls: gamlss ... eval -> gamlss.lo -> loess -> loess.control -> match.arg
    Execution halted
Flavor: r-oldrel-windows-ix86+x86_64