CRAN Package Check Results for Package gamlss

Last updated on 2014-09-03 03:50:27.

Flavor Version Tinstall Tcheck Ttotal Status Flags
r-devel-linux-x86_64-debian-clang 4.3-0 2.15 76.28 78.43 NOTE
r-devel-linux-x86_64-debian-gcc 4.3-0 2.19 73.98 76.17 NOTE
r-devel-linux-x86_64-fedora-clang 4.3-0 184.72 NOTE
r-devel-linux-x86_64-fedora-gcc 4.3-0 176.37 NOTE
r-devel-osx-x86_64-clang 4.3-0 122.16 NOTE
r-devel-windows-ix86+x86_64 4.3-0 8.00 105.00 113.00 NOTE
r-patched-linux-x86_64 4.3-0 2.28 83.38 85.66 OK
r-patched-solaris-sparc 4.3-0 957.90 OK
r-patched-solaris-x86 4.3-0 208.30 OK
r-release-linux-ix86 4.3-0 3.02 97.32 100.34 OK
r-release-linux-x86_64 4.3-0 2.40 81.80 84.20 OK
r-release-osx-x86_64-mavericks 4.3-0 OK
r-release-osx-x86_64-snowleopard 4.3-0 OK
r-release-windows-ix86+x86_64 4.3-0 7.00 113.00 120.00 OK
r-oldrel-windows-ix86+x86_64 4.3-0 6.00 77.00 83.00 ERROR

Check Details

Version: 4.3-0
Check: package namespace information
Result: NOTE
     Namespaces with empty importFrom:
     ‘gamlss.data’ ‘gamlss.dist’ ‘nlme’
Flavors: r-devel-linux-x86_64-debian-clang, r-devel-linux-x86_64-debian-gcc, r-devel-linux-x86_64-fedora-clang, r-devel-linux-x86_64-fedora-gcc, r-devel-osx-x86_64-clang, r-devel-windows-ix86+x86_64

Version: 4.3-0
Check: R code for possible problems
Result: NOTE
    TGD: no visible global function definition for ‘as.gamlss.family’
    VGD: no visible binding for global variable ‘NO’
    VGD: no visible global function definition for ‘as.gamlss.family’
    VGD1: no visible binding for global variable ‘NO’
    VGD1: no visible global function definition for ‘as.gamlss.family’
    VGD2: no visible binding for global variable ‘NO’
    VGD2: no visible global function definition for ‘as.gamlss.family’
    calibration: no visible global function definition for ‘pNO’
    cy : bbase: no visible global function definition for ‘splineDesign’
    dtop : panel.fun: no visible global function definition for ‘qNO’
    dtop: no visible global function definition for ‘qNO’
    fitDist: no visible binding for global variable ‘NO’
    fitDist: no visible binding for global variable ‘EXP’
    fitDist: no visible binding for global variable ‘BE’
    fitDist: no visible binding for global variable ‘PO’
    fitDist: no visible binding for global variable ‘BI’
    gamlss: no visible global function definition for ‘NO’
    gamlss: no visible global function definition for ‘as.gamlss.family’
    gamlss.re: no visible global function definition for ‘lme’
    gamlss.re: no visible global function definition for ‘varFixed’
    gamlssML: no visible binding for global variable ‘NO’
    gamlssML: no visible global function definition for ‘as.gamlss.family’
    gen.likelihood: no visible global function definition for
     ‘as.gamlss.family’
    gen.likelihood: no visible binding for global variable ‘NO’
    get.K: no visible global function definition for ‘as.gamlss.family’
    get.K: no visible binding for global variable ‘NO’
    histDist: no visible binding for global variable ‘NO’
    histDist: no visible global function definition for ‘as.gamlss.family’
    histSmoC: no visible binding for global variable ‘PO’
    histSmoP: no visible binding for global variable ‘PO’
    lpred: no visible global function definition for ‘gamlss.family’
    pb : bbase: no visible global function definition for ‘splineDesign’
    pbm : bbase: no visible global function definition for ‘splineDesign’
    pdf.plot: no visible global function definition for ‘NO’
    pdf.plot: no visible global function definition for ‘as.gamlss.family’
    predict.gamlss: no visible global function definition for
     ‘gamlss.family’
    ps: no visible global function definition for ‘splineDesign’
Flavors: r-devel-linux-x86_64-debian-clang, r-devel-linux-x86_64-debian-gcc, r-devel-linux-x86_64-fedora-clang, r-devel-linux-x86_64-fedora-gcc, r-devel-osx-x86_64-clang, r-devel-windows-ix86+x86_64

Version: 4.3-0
Check: examples
Result: ERROR
    Running examples in 'gamlss-Ex.R' failed
    The error most likely occurred in:
    
    > ### Name: fitDist
    > ### Title: Fits Different Parametric 'gamlss.family' distributions to data
    > ### Aliases: fitDist
    > ### Keywords: distribution regression
    >
    > ### ** Examples
    >
    > y <- rt(100, df=1)
    > m1<-fitDist(y, type="realline")
Flavor: r-oldrel-windows-ix86+x86_64