CRAN Package Check Results for Package gamlss

Last updated on 2017-01-22 14:51:44.

Flavor Version Tinstall Tcheck Ttotal Status Flags
r-devel-linux-x86_64-debian-clang 5.0-1 4.11 128.45 132.55 OK
r-devel-linux-x86_64-debian-gcc 5.0-1 4.24 123.37 127.61 OK
r-devel-linux-x86_64-fedora-clang 5.0-1 245.85 OK --no-stop-on-test-error
r-devel-linux-x86_64-fedora-gcc 5.0-1 244.43 OK --no-stop-on-test-error
r-devel-macos-x86_64-clang 5.0-1 175.62 OK --no-stop-on-test-error
r-devel-windows-ix86+x86_64 5.0-1 11.00 256.00 267.00 OK
r-patched-linux-x86_64 5.0-1 4.12 119.72 123.83 OK
r-patched-solaris-sparc 5.0-1 1360.70 OK
r-patched-solaris-x86 5.0-1 249.60 OK
r-release-linux-x86_64 5.0-1 3.95 116.61 120.56 OK
r-release-osx-x86_64-mavericks 5.0-1 OK
r-release-windows-ix86+x86_64 5.0-1 29.00 288.00 317.00 OK
r-oldrel-windows-ix86+x86_64 5.0-0 16.00 188.00 204.00 ERROR

Check Details

Version: 5.0-0
Check: R code for possible problems
Result: NOTE
    gen.likelihood: no visible global function definition for 'startsWith'
    getPEF: no visible global function definition for 'startsWith'
Flavor: r-oldrel-windows-ix86+x86_64

Version: 5.0-0
Check: running examples for arch ‘i386’
Result: ERROR
    Running examples in 'gamlss-Ex.R' failed
    The error most likely occurred in:
    
    > ### Name: gen.likelihood
    > ### Title: A function to generate the likelihood function from a GAMLSS
    > ### object
    > ### Aliases: gen.likelihood
    > ### Keywords: regression
    >
    > ### ** Examples
    >
    > data(aids)
    > m1 <- gamlss(y~x+qrt, data=aids, family=NBI)
    GAMLSS-RS iteration 1: Global Deviance = 492.7119
    GAMLSS-RS iteration 2: Global Deviance = 492.6375
    GAMLSS-RS iteration 3: Global Deviance = 492.6373
    > logL<-gen.likelihood(m1)
    Error in gen.likelihood(m1) : could not find function "startsWith"
    Execution halted
Flavor: r-oldrel-windows-ix86+x86_64

Version: 5.0-0
Check: running examples for arch ‘x64’
Result: ERROR
    Running examples in 'gamlss-Ex.R' failed
    The error most likely occurred in:
    
    > ### Name: gen.likelihood
    > ### Title: A function to generate the likelihood function from a GAMLSS
    > ### object
    > ### Aliases: gen.likelihood
    > ### Keywords: regression
    >
    > ### ** Examples
    >
    > data(aids)
    > m1 <- gamlss(y~x+qrt, data=aids, family=NBI)
    GAMLSS-RS iteration 1: Global Deviance = 492.7119
    GAMLSS-RS iteration 2: Global Deviance = 492.6375
    GAMLSS-RS iteration 3: Global Deviance = 492.6373
    > logL<-gen.likelihood(m1)
    Error in gen.likelihood(m1) : could not find function "startsWith"
    Execution halted
Flavor: r-oldrel-windows-ix86+x86_64