CRAN Package Check Results for Package gamlss

Last updated on 2016-06-29 12:46:55.

Flavor Version Tinstall Tcheck Ttotal Status Flags
r-devel-linux-x86_64-debian-gcc 4.4-0 4.45 118.21 122.66 OK
r-devel-linux-x86_64-fedora-clang 4.4-0 228.48 OK
r-devel-linux-x86_64-fedora-gcc 4.4-0 215.78 OK
r-devel-osx-x86_64-clang 4.4-0 160.57 OK
r-devel-windows-ix86+x86_64 4.4-0 11.00 204.00 215.00 OK
r-patched-linux-x86_64 4.4-0 4.50 115.07 119.57 OK
r-patched-solaris-sparc 4.4-0 1319.80 OK
r-patched-solaris-x86 4.4-0 248.20 OK
r-release-linux-x86_64 4.4-0 4.33 116.16 120.49 OK
r-release-osx-x86_64-mavericks 4.4-0 OK
r-release-windows-ix86+x86_64 4.4-0 8.00 5.00 13.00 ERROR
r-oldrel-windows-ix86+x86_64 4.4-0 20.00 233.00 253.00 OK

Check Details

Version: 4.4-0
Check: whether package can be installed
Result: ERROR
    Installation failed.
Flavor: r-release-windows-ix86+x86_64