CRAN Package Check Results for Package gamlss

Last updated on 2017-03-25 17:49:28.

Flavor Version Tinstall Tcheck Ttotal Status Flags
r-devel-linux-x86_64-debian-clang 5.0-1 4.34 129.11 133.45 NOTE
r-devel-linux-x86_64-debian-gcc 5.0-1 3.99 120.14 124.13 NOTE
r-devel-linux-x86_64-fedora-clang 5.0-1 267.70 NOTE --no-stop-on-test-error
r-devel-linux-x86_64-fedora-gcc 5.0-1 256.64 NOTE --no-stop-on-test-error
r-devel-macos-x86_64-clang 5.0-1 174.94 NOTE --no-stop-on-test-error
r-devel-windows-ix86+x86_64 5.0-1 14.00 333.00 347.00 OK
r-patched-linux-x86_64 5.0-1 4.01 120.27 124.28 NOTE
r-patched-solaris-sparc 5.0-1 1438.20 OK
r-patched-solaris-x86 5.0-1 275.20 OK
r-release-linux-x86_64 5.0-1 3.94 115.73 119.67 OK
r-release-osx-x86_64-mavericks 5.0-1 OK
r-release-windows-ix86+x86_64 5.0-1 17.00 225.00 242.00 OK
r-oldrel-windows-ix86+x86_64 5.0-0 16.00 188.00 204.00 ERROR

Check Details

Version: 5.0-1
Check: compiled code
Result: NOTE
    File ‘gamlss/libs/gamlss.so’:
     Found no calls to: ‘R_registerRoutines’, ‘R_useDynamicSymbols’
    
    It is good practice to register native routines and to disable symbol
    search.
    
    See ‘Writing portable packages’ in the ‘Writing R Extensions’ manual.
Flavors: r-devel-linux-x86_64-debian-clang, r-devel-linux-x86_64-debian-gcc, r-patched-linux-x86_64

Version: 5.0-1
Flags: --no-stop-on-test-error
Check: compiled code
Result: NOTE
    File ‘gamlss/libs/gamlss.so’:
     Found no calls to: ‘R_registerRoutines’, ‘R_useDynamicSymbols’
    
    It is good practice to register native routines and to disable symbol
    search.
    
    See ‘Writing portable packages’ in the ‘Writing R Extensions’ manual.
Flavors: r-devel-linux-x86_64-fedora-clang, r-devel-linux-x86_64-fedora-gcc, r-devel-macos-x86_64-clang

Version: 5.0-0
Check: R code for possible problems
Result: NOTE
    gen.likelihood: no visible global function definition for 'startsWith'
    getPEF: no visible global function definition for 'startsWith'
Flavor: r-oldrel-windows-ix86+x86_64

Version: 5.0-0
Check: running examples for arch ‘i386’
Result: ERROR
    Running examples in 'gamlss-Ex.R' failed
    The error most likely occurred in:
    
    > ### Name: gen.likelihood
    > ### Title: A function to generate the likelihood function from a GAMLSS
    > ### object
    > ### Aliases: gen.likelihood
    > ### Keywords: regression
    >
    > ### ** Examples
    >
    > data(aids)
    > m1 <- gamlss(y~x+qrt, data=aids, family=NBI)
    GAMLSS-RS iteration 1: Global Deviance = 492.7119
    GAMLSS-RS iteration 2: Global Deviance = 492.6375
    GAMLSS-RS iteration 3: Global Deviance = 492.6373
    > logL<-gen.likelihood(m1)
    Error in gen.likelihood(m1) : could not find function "startsWith"
    Execution halted
Flavor: r-oldrel-windows-ix86+x86_64

Version: 5.0-0
Check: running examples for arch ‘x64’
Result: ERROR
    Running examples in 'gamlss-Ex.R' failed
    The error most likely occurred in:
    
    > ### Name: gen.likelihood
    > ### Title: A function to generate the likelihood function from a GAMLSS
    > ### object
    > ### Aliases: gen.likelihood
    > ### Keywords: regression
    >
    > ### ** Examples
    >
    > data(aids)
    > m1 <- gamlss(y~x+qrt, data=aids, family=NBI)
    GAMLSS-RS iteration 1: Global Deviance = 492.7119
    GAMLSS-RS iteration 2: Global Deviance = 492.6375
    GAMLSS-RS iteration 3: Global Deviance = 492.6373
    > logL<-gen.likelihood(m1)
    Error in gen.likelihood(m1) : could not find function "startsWith"
    Execution halted
Flavor: r-oldrel-windows-ix86+x86_64