CRAN Package Check Results for Package gamlss

Last updated on 2017-04-24 18:47:17.

Flavor Version Tinstall Tcheck Ttotal Status Flags
r-devel-linux-x86_64-debian-clang 5.0-1 4.45 125.90 130.35 NOTE
r-devel-linux-x86_64-debian-gcc 5.0-1 4.20 122.94 127.14 NOTE
r-devel-linux-x86_64-fedora-clang 5.0-1 256.54 NOTE --no-stop-on-test-error
r-devel-linux-x86_64-fedora-gcc 5.0-1 253.04 NOTE --no-stop-on-test-error
r-devel-windows-ix86+x86_64 5.0-1 OK
r-patched-linux-x86_64 5.0-1 4.41 122.98 127.39 NOTE
r-patched-solaris-sparc 5.0-1 1438.20 OK
r-patched-solaris-x86 5.0-1 274.30 OK
r-release-linux-x86_64 5.0-1 4.33 126.23 130.56 NOTE
r-release-windows-ix86+x86_64 5.0-1 14.00 228.00 242.00 OK
r-release-osx-x86_64 5.0-1 OK
r-oldrel-windows-ix86+x86_64 5.0-1 12.00 227.00 239.00 OK
r-oldrel-osx-x86_64 5.0-1 OK

Check Details

Version: 5.0-1
Check: compiled code
Result: NOTE
    File ‘gamlss/libs/gamlss.so’:
     Found no calls to: ‘R_registerRoutines’, ‘R_useDynamicSymbols’
    
    It is good practice to register native routines and to disable symbol
    search.
    
    See ‘Writing portable packages’ in the ‘Writing R Extensions’ manual.
Flavors: r-devel-linux-x86_64-debian-clang, r-devel-linux-x86_64-debian-gcc, r-patched-linux-x86_64, r-release-linux-x86_64

Version: 5.0-1
Flags: --no-stop-on-test-error
Check: compiled code
Result: NOTE
    File ‘gamlss/libs/gamlss.so’:
     Found no calls to: ‘R_registerRoutines’, ‘R_useDynamicSymbols’
    
    It is good practice to register native routines and to disable symbol
    search.
    
    See ‘Writing portable packages’ in the ‘Writing R Extensions’ manual.
Flavors: r-devel-linux-x86_64-fedora-clang, r-devel-linux-x86_64-fedora-gcc