CRAN Package Check Results for Package gamlss

Last updated on 2016-05-06 23:46:56.

Flavor Version Tinstall Tcheck Ttotal Status Flags
r-devel-linux-x86_64-debian-gcc 4.3-8 4.00 113.35 117.35 OK
r-devel-linux-x86_64-fedora-clang 4.3-8 225.27 OK
r-devel-linux-x86_64-fedora-gcc 4.3-8 215.84 OK
r-devel-osx-x86_64-clang 4.3-8 212.30 OK
r-devel-windows-ix86+x86_64 4.3-8 2.00 4.00 6.00 ERROR
r-patched-linux-x86_64 4.3-8 3.82 112.07 115.89 OK
r-patched-solaris-sparc 4.3-8 1049.00 OK
r-patched-solaris-x86 4.3-8 250.00 OK
r-release-linux-x86_64 4.3-8 4.07 111.18 115.24 OK
r-release-osx-x86_64-mavericks 4.3-8 OK
r-release-windows-ix86+x86_64 4.3-8 2.00 4.00 6.00 ERROR
r-oldrel-windows-ix86+x86_64 4.3-8 15.00 198.00 213.00 OK

Check Details

Version: 4.3-8
Check: whether package can be installed
Result: ERROR
    Installation failed.
Flavors: r-devel-windows-ix86+x86_64, r-release-windows-ix86+x86_64