CRAN Package Check Results for Package gamlss.mx

Last updated on 2015-07-07 11:48:08.

Flavor Version Tinstall Tcheck Ttotal Status Flags
r-devel-linux-x86_64-debian-clang 4.3-1 0.96 18.05 19.00 NOTE
r-devel-linux-x86_64-debian-gcc 4.3-1 0.99 18.47 19.46 NOTE
r-devel-linux-x86_64-fedora-clang 4.3-1 36.93 NOTE
r-devel-linux-x86_64-fedora-gcc 4.3-1 34.79 NOTE
r-devel-osx-x86_64-clang 4.3-1 35.16 OK
r-devel-windows-ix86+x86_64 4.3-1 8.00 35.00 43.00 NOTE
r-patched-linux-x86_64 4.3-1 1.00 19.03 20.03 OK
r-patched-solaris-sparc 4.3-1 229.20 OK
r-patched-solaris-x86 4.3-1 53.10 OK
r-release-linux-x86_64 4.3-1 0.98 18.36 19.34 OK
r-release-osx-x86_64-mavericks 4.3-1 OK
r-release-windows-ix86+x86_64 4.3-1 7.00 34.00 41.00 OK
r-oldrel-windows-ix86+x86_64 4.3-1 7.00 42.00 49.00 OK

Check Details

Version: 4.3-1
Check: R code for possible problems
Result: NOTE
    MX.control: no visible global function definition for ‘runif’
    coef.gamlssMX: no visible global function definition for ‘coef’
    formula.gamlssMX: no visible global function definition for ‘formula’
    gamlssMX: no visible global function definition for ‘model.extract’
    gamlssMX: no visible global function definition for ‘model.frame’
    gamlssMX: no visible global function definition for ‘model.matrix’
    gamlssMX: no visible global function definition for ‘update’
    gamlssMX: no visible global function definition for ‘plot’
    gamlssMX: no visible global function definition for ‘qnorm’
    gamlssMXfits: no visible global function definition for ‘runif’
    gamlssMXfits: no visible global function definition for ‘deviance’
    gamlssNP: no visible global function definition for ‘model.extract’
    gamlssNP: no visible global function definition for ‘model.frame’
    gamlssNP: no visible global function definition for ‘coef’
    gamlssNP: no visible global function definition for ‘deviance’
    gamlssNP: no visible global function definition for ‘par’
    gamlssNP: no visible global function definition for ‘plot’
    gamlssNP: no visible global function definition for ‘lines’
    gamlssNP: no visible global function definition for ‘qnorm’
    model.matrix.gamlssMX: no visible global function definition for
     ‘model.matrix’
    plot.gamlssNP: no visible global function definition for ‘resid’
    plot.gamlssNP: no visible global function definition for ‘par’
    plot.gamlssNP: no visible global function definition for ‘acf’
    plot.gamlssNP: no visible global function definition for ‘plot’
    plot.gamlssNP: no visible global function definition for ‘pacf’
    plot.gamlssNP: no visible global function definition for ‘density’
    plot.gamlssNP: no visible global function definition for ‘rug’
    plot.gamlssNP: no visible global function definition for ‘qqnorm’
    plot.gamlssNP: no visible global function definition for ‘lines’
    plot.gamlssNP: no visible global function definition for ‘cor’
    plot.gamlssNP: no visible global function definition for ‘var’
    predict.gamlssMX: no visible global function definition for ‘predict’
    print.gamlssMX: no visible global function definition for ‘coef’
    print.gamlssNP: no visible global function definition for ‘coef’
    terms.gamlssMX: no visible global function definition for ‘terms’
    update.gamlssMX: no visible global function definition for
     ‘update.formula’
    update.gamlssMX: no visible global function definition for ‘formula’
    Undefined global functions or variables:
     acf coef cor density deviance formula lines model.extract model.frame
     model.matrix pacf par plot predict qnorm qqnorm resid rug runif terms
     update update.formula var
Flavors: r-devel-linux-x86_64-debian-clang, r-devel-linux-x86_64-debian-gcc, r-devel-linux-x86_64-fedora-clang, r-devel-linux-x86_64-fedora-gcc, r-devel-windows-ix86+x86_64