CRAN Package Check Results for Package gamlss.mx

Last updated on 2014-08-27 11:50:51.

Flavor Version Tinstall Tcheck Ttotal Status Flags
r-devel-linux-x86_64-debian-clang 4.2-7 1.08 20.47 21.55 NOTE
r-devel-linux-x86_64-debian-gcc 4.2-7 0.99 19.18 20.18 NOTE
r-devel-linux-x86_64-fedora-clang 4.2-7 41.76 NOTE
r-devel-linux-x86_64-fedora-gcc 4.2-7 40.27 NOTE
r-devel-osx-x86_64-clang 4.2-7 38.25 NOTE
r-devel-windows-ix86+x86_64 4.2-7 6.00 32.00 38.00 NOTE
r-patched-linux-x86_64 4.2-7 1.12 20.27 21.39 OK
r-patched-solaris-sparc 4.2-7 232.10 OK
r-patched-solaris-x86 4.2-7 55.30 OK
r-release-linux-ix86 4.2-7 1.58 28.00 29.58 OK
r-release-linux-x86_64 4.2-7 1.11 20.99 22.10 OK
r-release-osx-x86_64-mavericks 4.2-7 OK
r-release-osx-x86_64-snowleopard 4.2-7 OK
r-release-windows-ix86+x86_64 4.2-7 4.00 34.00 38.00 OK
r-oldrel-windows-ix86+x86_64 4.2-7 6.00 38.00 44.00 OK

Check Details

Version: 4.2-7
Check: package namespace information
Result: NOTE
     Namespaces with empty importFrom:
     ‘MASS’ ‘gamlss’
Flavors: r-devel-linux-x86_64-debian-clang, r-devel-linux-x86_64-debian-gcc, r-devel-linux-x86_64-fedora-clang, r-devel-linux-x86_64-fedora-gcc, r-devel-osx-x86_64-clang, r-devel-windows-ix86+x86_64

Version: 4.2-7
Check: R code for possible problems
Result: NOTE
    dMX: no visible global function definition for ‘as.gamlss.family’
    gamlssMX: no visible global function definition for ‘gamlss.control’
    gamlssMX : get.the.p.function: no visible global function definition
     for ‘is.gamlss’
    gamlssMX : get.likelihood: no visible global function definition for
     ‘is.gamlss’
    gamlssMX: no visible global function definition for ‘gamlss’
    gamlssMX: no visible global function definition for ‘multinom’
    gamlssMXfits: no visible global function definition for
     ‘gamlss.control’
    gamlssNP: no visible global function definition for ‘NO’
    gamlssNP: no visible global function definition for ‘gamlss.control’
    gamlssNP : get.log.likelihood.firstTime: no visible global function
     definition for ‘is.gamlss’
    gamlssNP : get.log.likelihood: no visible global function definition
     for ‘is.gamlss’
    gamlssNP : get.the.p.function: no visible global function definition
     for ‘is.gamlss’
    gamlssNP: no visible global function definition for ‘as.gamlss.family’
    gamlssNP: no visible global function definition for ‘gamlss’
    pMX: no visible global function definition for ‘as.gamlss.family’
    plot.gamlssNP: no visible global function definition for ‘is.gamlss’
Flavors: r-devel-linux-x86_64-debian-clang, r-devel-linux-x86_64-debian-gcc, r-devel-linux-x86_64-fedora-clang, r-devel-linux-x86_64-fedora-gcc, r-devel-osx-x86_64-clang, r-devel-windows-ix86+x86_64