CRAN Package Check Results for Package gamlss.mx

Last updated on 2014-09-02 17:46:48.

Flavor Version Tinstall Tcheck Ttotal Status Flags
r-devel-linux-x86_64-debian-clang 4.2-7 0.99 20.42 21.40 NOTE
r-devel-linux-x86_64-debian-gcc 4.2-7 0.99 19.08 20.06 NOTE
r-devel-linux-x86_64-fedora-clang 4.2-7 42.85 NOTE
r-devel-linux-x86_64-fedora-gcc 4.2-7 39.14 NOTE
r-devel-osx-x86_64-clang 4.2-7 37.97 NOTE
r-devel-windows-ix86+x86_64 4.2-7 4.00 30.00 34.00 NOTE
r-patched-linux-x86_64 4.2-7 1.06 21.26 22.32 OK
r-patched-solaris-sparc 4.2-7 232.10 OK
r-patched-solaris-x86 4.2-7 54.70 OK
r-release-linux-ix86 4.2-7 1.54 27.84 29.38 OK
r-release-linux-x86_64 4.2-7 1.10 20.78 21.88 OK
r-release-osx-x86_64-mavericks 4.2-7 OK
r-release-osx-x86_64-snowleopard 4.2-7 OK
r-release-windows-ix86+x86_64 4.2-7 6.00 35.00 41.00 OK
r-oldrel-windows-ix86+x86_64 4.2-7 6.00 38.00 44.00 OK

Check Details

Version: 4.2-7
Check: package namespace information
Result: NOTE
     Namespaces with empty importFrom:
     ‘MASS’ ‘gamlss’
Flavors: r-devel-linux-x86_64-debian-clang, r-devel-linux-x86_64-debian-gcc, r-devel-linux-x86_64-fedora-clang, r-devel-linux-x86_64-fedora-gcc, r-devel-osx-x86_64-clang, r-devel-windows-ix86+x86_64

Version: 4.2-7
Check: R code for possible problems
Result: NOTE
    dMX: no visible global function definition for ‘as.gamlss.family’
    gamlssMX: no visible global function definition for ‘gamlss.control’
    gamlssMX : get.the.p.function: no visible global function definition
     for ‘is.gamlss’
    gamlssMX : get.likelihood: no visible global function definition for
     ‘is.gamlss’
    gamlssMX: no visible global function definition for ‘gamlss’
    gamlssMX: no visible global function definition for ‘multinom’
    gamlssMXfits: no visible global function definition for
     ‘gamlss.control’
    gamlssNP: no visible global function definition for ‘NO’
    gamlssNP: no visible global function definition for ‘gamlss.control’
    gamlssNP : get.log.likelihood.firstTime: no visible global function
     definition for ‘is.gamlss’
    gamlssNP : get.log.likelihood: no visible global function definition
     for ‘is.gamlss’
    gamlssNP : get.the.p.function: no visible global function definition
     for ‘is.gamlss’
    gamlssNP: no visible global function definition for ‘as.gamlss.family’
    gamlssNP: no visible global function definition for ‘gamlss’
    pMX: no visible global function definition for ‘as.gamlss.family’
    plot.gamlssNP: no visible global function definition for ‘is.gamlss’
Flavors: r-devel-linux-x86_64-debian-clang, r-devel-linux-x86_64-debian-gcc, r-devel-linux-x86_64-fedora-clang, r-devel-linux-x86_64-fedora-gcc, r-devel-osx-x86_64-clang, r-devel-windows-ix86+x86_64