CRAN Package Check Results for Package gamlss.nl

Last updated on 2014-12-22 16:49:42.

Flavor Version Tinstall Tcheck Ttotal Status Flags
r-devel-linux-x86_64-debian-clang 4.1-0 1.20 24.66 25.86 NOTE
r-devel-linux-x86_64-debian-gcc 4.1-0 1.11 23.67 24.78 NOTE
r-devel-linux-x86_64-fedora-clang 4.1-0 50.66 NOTE
r-devel-linux-x86_64-fedora-gcc 4.1-0 49.89 NOTE
r-devel-osx-x86_64-clang 4.1-0 45.50 NOTE
r-devel-windows-ix86+x86_64 4.1-0 6.00 40.00 46.00 NOTE
r-patched-linux-x86_64 4.1-0 1.17 23.72 24.89 NOTE
r-patched-solaris-sparc 4.1-0 289.40 NOTE
r-patched-solaris-x86 4.1-0 63.50 NOTE
r-release-linux-ix86 4.1-0 1.48 31.08 32.56 NOTE
r-release-linux-x86_64 4.1-0 1.18 23.56 24.74 NOTE
r-release-osx-x86_64-mavericks 4.1-0 NOTE
r-release-osx-x86_64-snowleopard 4.1-0 ERROR
r-release-windows-ix86+x86_64 4.1-0 6.00 42.00 48.00 NOTE
r-oldrel-windows-ix86+x86_64 4.1-0 5.00 46.00 51.00 NOTE

Check Details

Version: 4.1-0
Check: dependencies in R code
Result: NOTE
    Package in Depends field not imported from: ‘gamlss’
     These packages need to be imported from (in the NAMESPACE file)
     for when this namespace is loaded but not attached.
    ':::' call which should be '::': ‘gamlss:::.gamlss.bi.list’
     See the note in ?`:::` about the use of this operator.
    See the information on DESCRIPTION files in the chapter ‘Creating R
    packages’ of the ‘Writing R Extensions’ manual.
Flavors: r-devel-linux-x86_64-debian-clang, r-devel-linux-x86_64-debian-gcc, r-devel-linux-x86_64-fedora-clang, r-devel-linux-x86_64-fedora-gcc, r-devel-osx-x86_64-clang, r-devel-windows-ix86+x86_64, r-patched-linux-x86_64, r-patched-solaris-sparc, r-patched-solaris-x86, r-release-linux-ix86, r-release-linux-x86_64, r-release-osx-x86_64-mavericks, r-release-windows-ix86+x86_64, r-oldrel-windows-ix86+x86_64

Version: 4.1-0
Check: R code for possible problems
Result: NOTE
    nlgamlss: no visible global function definition for ‘NO’
    nlgamlss: no visible global function definition for ‘as.gamlss.family’
    
    Found the following calls to attach():
    File ‘gamlss.nl/R/nlgamlss.R’:
     attach(data)
    See section ‘Good practice’ in ‘?attach’.
Flavors: r-devel-linux-x86_64-debian-clang, r-devel-linux-x86_64-debian-gcc, r-patched-linux-x86_64, r-release-linux-x86_64

Version: 4.1-0
Check: R code for possible problems
Result: NOTE
    nlgamlss: no visible global function definition for ‘NO’
    nlgamlss: no visible global function definition for ‘as.gamlss.family’
Flavors: r-devel-linux-x86_64-fedora-clang, r-devel-linux-x86_64-fedora-gcc, r-devel-osx-x86_64-clang, r-devel-windows-ix86+x86_64, r-patched-solaris-sparc, r-patched-solaris-x86, r-release-linux-ix86, r-release-windows-ix86+x86_64

Version: 4.1-0
Check: whether package can be installed
Result: ERROR
    Installation failed.
Flavor: r-release-osx-x86_64-snowleopard