CRAN Package Check Results for Package gamlss.nl

Last updated on 2014-07-22 19:47:50.

Flavor Version Tinstall Tcheck Ttotal Status Flags
r-devel-linux-x86_64-debian-clang 4.1-0 0.99 23.22 24.21 NOTE
r-devel-linux-x86_64-debian-gcc 4.1-0 0.98 22.86 23.84 NOTE
r-devel-linux-x86_64-fedora-clang 4.1-0 50.56 NOTE
r-devel-linux-x86_64-fedora-gcc 4.1-0 50.80 NOTE
r-devel-osx-x86_64-clang 4.1-0 44.86 NOTE
r-devel-windows-ix86+x86_64 4.1-0 4.00 36.00 40.00 NOTE
r-patched-linux-x86_64 4.1-0 1.01 22.93 23.94 NOTE
r-patched-solaris-sparc 4.1-0 265.60 NOTE
r-patched-solaris-x86 4.1-0 61.90 NOTE
r-release-linux-ix86 4.1-0 1.58 32.31 33.89 NOTE
r-release-linux-x86_64 4.1-0 1.07 23.51 24.58 NOTE
r-release-osx-x86_64-mavericks 4.1-0 NOTE
r-release-osx-x86_64-snowleopard 4.1-0 ERROR
r-release-windows-ix86+x86_64 4.1-0 5.00 40.00 45.00 NOTE
r-oldrel-windows-ix86+x86_64 4.1-0 5.00 46.00 51.00 NOTE

Check Details

Version: 4.1-0
Check: dependencies in R code
Result: NOTE
    Package in Depends field not imported from: ‘gamlss’
     These packages need to be imported from (in the NAMESPACE file)
     for when this namespace is loaded but not attached.
    ':::' call which should be '::': ‘gamlss:::.gamlss.bi.list’
     See the note in ?`:::` about the use of this operator.
    See the information on DESCRIPTION files in the chapter ‘Creating R
    packages’ of the ‘Writing R Extensions’ manual.
Flavors: r-devel-linux-x86_64-debian-clang, r-devel-linux-x86_64-debian-gcc, r-devel-linux-x86_64-fedora-clang, r-devel-linux-x86_64-fedora-gcc, r-devel-osx-x86_64-clang, r-devel-windows-ix86+x86_64, r-patched-linux-x86_64, r-patched-solaris-sparc, r-patched-solaris-x86, r-release-linux-ix86, r-release-linux-x86_64, r-release-osx-x86_64-mavericks, r-release-windows-ix86+x86_64, r-oldrel-windows-ix86+x86_64

Version: 4.1-0
Check: whether package can be installed
Result: ERROR
    Installation failed.
    See ‘/Volumes/XT3/Builds/R-dev-web/QA/Simon/packages/snowleopard-x86_64/results/3.1/gamlss.nl.Rcheck/00install.out’ for details.
Flavor: r-release-osx-x86_64-snowleopard