CRAN Package Check Results for Package gamlss.nl

Last updated on 2014-10-26 07:50:01.

Flavor Version Tinstall Tcheck Ttotal Status Flags
r-devel-linux-x86_64-debian-clang 4.1-0 1.16 23.77 24.92 NOTE
r-devel-linux-x86_64-debian-gcc 4.1-0 1.11 23.25 24.36 NOTE
r-devel-linux-x86_64-fedora-clang 4.1-0 49.95 NOTE
r-devel-linux-x86_64-fedora-gcc 4.1-0 46.68 NOTE
r-devel-osx-x86_64-clang 4.1-0 44.79 NOTE
r-devel-windows-ix86+x86_64 4.1-0 5.00 37.00 42.00 NOTE
r-patched-linux-x86_64 4.1-0 1.17 23.97 25.14 NOTE
r-patched-solaris-sparc 4.1-0 287.30 NOTE
r-patched-solaris-x86 4.1-0 63.30 NOTE
r-release-linux-ix86 4.1-0 1.51 32.69 34.20 NOTE
r-release-linux-x86_64 4.1-0 1.10 24.32 25.42 NOTE
r-release-osx-x86_64-mavericks 4.1-0 NOTE
r-release-osx-x86_64-snowleopard 4.1-0 ERROR
r-release-windows-ix86+x86_64 4.1-0 5.00 40.00 45.00 NOTE
r-oldrel-windows-ix86+x86_64 4.1-0 6.00 45.00 51.00 NOTE

Check Details

Version: 4.1-0
Check: dependencies in R code
Result: NOTE
    Package in Depends field not imported from: ‘gamlss’
     These packages need to be imported from (in the NAMESPACE file)
     for when this namespace is loaded but not attached.
    ':::' call which should be '::': ‘gamlss:::.gamlss.bi.list’
     See the note in ?`:::` about the use of this operator.
    See the information on DESCRIPTION files in the chapter ‘Creating R
    packages’ of the ‘Writing R Extensions’ manual.
Flavors: r-devel-linux-x86_64-debian-clang, r-devel-linux-x86_64-debian-gcc, r-devel-linux-x86_64-fedora-clang, r-devel-linux-x86_64-fedora-gcc, r-devel-osx-x86_64-clang, r-devel-windows-ix86+x86_64, r-patched-linux-x86_64, r-patched-solaris-sparc, r-patched-solaris-x86, r-release-linux-ix86, r-release-linux-x86_64, r-release-osx-x86_64-mavericks, r-release-windows-ix86+x86_64, r-oldrel-windows-ix86+x86_64

Version: 4.1-0
Check: R code for possible problems
Result: NOTE
    nlgamlss: no visible global function definition for ‘NO’
    nlgamlss: no visible global function definition for ‘as.gamlss.family’
    
    Found the following calls to attach():
    File ‘gamlss.nl/R/nlgamlss.R’:
     attach(data)
    See section ‘Good practice’ in ‘?attach’.
Flavors: r-devel-linux-x86_64-debian-clang, r-devel-linux-x86_64-debian-gcc, r-patched-linux-x86_64

Version: 4.1-0
Check: R code for possible problems
Result: NOTE
    nlgamlss: no visible global function definition for ‘NO’
    nlgamlss: no visible global function definition for ‘as.gamlss.family’
Flavors: r-devel-linux-x86_64-fedora-clang, r-devel-linux-x86_64-fedora-gcc, r-devel-osx-x86_64-clang, r-devel-windows-ix86+x86_64, r-patched-solaris-x86

Version: 4.1-0
Check: R code for possible problems
Result: NOTE
    Found the following calls to attach():
    File ‘gamlss.nl/R/nlgamlss.R’:
     attach(data)
    See section ‘Good practice’ in ‘?attach’.
Flavor: r-release-linux-x86_64

Version: 4.1-0
Check: whether package can be installed
Result: ERROR
    Installation failed.
Flavor: r-release-osx-x86_64-snowleopard