CRAN Package Check Results for Package gamlss.nl

Last updated on 2015-05-29 09:47:02.

Flavor Version Tinstall Tcheck Ttotal Status Flags
r-devel-linux-x86_64-debian-clang 4.1-0 0.95 20.20 21.15 NOTE
r-devel-linux-x86_64-debian-gcc 4.1-0 0.90 19.58 20.47 NOTE
r-devel-linux-x86_64-fedora-clang 4.1-0 44.25 NOTE
r-devel-linux-x86_64-fedora-gcc 4.1-0 38.44 NOTE
r-devel-osx-x86_64-clang 4.1-0 38.30 NOTE
r-devel-windows-ix86+x86_64 4.1-0 5.00 32.00 37.00 NOTE
r-patched-linux-x86_64 4.1-0 1.00 20.08 21.08 NOTE
r-patched-solaris-sparc 4.1-0 267.30 NOTE
r-patched-solaris-x86 4.1-0 54.10 NOTE
r-release-linux-x86_64 4.1-0 0.92 19.59 20.52 NOTE
r-release-osx-x86_64-mavericks 4.1-0 NOTE
r-release-osx-x86_64-snowleopard 4.1-0 NOTE
r-release-windows-ix86+x86_64 4.1-0 4.00 32.00 36.00 NOTE
r-oldrel-windows-ix86+x86_64 4.1-0 6.00 42.00 48.00 NOTE

Check Details

Version: 4.1-0
Check: dependencies in R code
Result: NOTE
    Package in Depends field not imported from: ‘gamlss’
     These packages need to be imported from (in the NAMESPACE file)
     for when this namespace is loaded but not attached.
    ':::' call which should be '::': ‘gamlss:::.gamlss.bi.list’
     See the note in ?`:::` about the use of this operator.
Flavors: r-devel-linux-x86_64-debian-clang, r-devel-linux-x86_64-debian-gcc, r-devel-linux-x86_64-fedora-clang, r-devel-linux-x86_64-fedora-gcc, r-devel-osx-x86_64-clang, r-devel-windows-ix86+x86_64, r-patched-linux-x86_64, r-patched-solaris-sparc, r-patched-solaris-x86, r-release-linux-x86_64, r-release-osx-x86_64-mavericks, r-release-osx-x86_64-snowleopard, r-release-windows-ix86+x86_64, r-oldrel-windows-ix86+x86_64

Version: 4.1-0
Check: R code for possible problems
Result: NOTE
    nlgamlss: no visible global function definition for ‘NO’
    nlgamlss: no visible global function definition for ‘as.gamlss.family’
    
    Found the following calls to attach():
    File ‘gamlss.nl/R/nlgamlss.R’:
     attach(data)
    See section ‘Good practice’ in ‘?attach’.
Flavors: r-devel-linux-x86_64-debian-clang, r-devel-linux-x86_64-debian-gcc, r-patched-linux-x86_64, r-release-linux-x86_64

Version: 4.1-0
Check: R code for possible problems
Result: NOTE
    nlgamlss: no visible global function definition for ‘NO’
    nlgamlss: no visible global function definition for ‘as.gamlss.family’
Flavors: r-devel-linux-x86_64-fedora-clang, r-devel-linux-x86_64-fedora-gcc, r-devel-osx-x86_64-clang, r-devel-windows-ix86+x86_64, r-patched-solaris-sparc, r-patched-solaris-x86, r-release-osx-x86_64-mavericks, r-release-osx-x86_64-snowleopard, r-release-windows-ix86+x86_64, r-oldrel-windows-ix86+x86_64