CRAN Package Check Results for Package gamlss.nl

Last updated on 2014-09-17 14:47:06.

Flavor Version Tinstall Tcheck Ttotal Status Flags
r-devel-linux-x86_64-debian-clang 4.1-0 0.97 22.74 23.72 NOTE
r-devel-linux-x86_64-debian-gcc 4.1-0 0.96 22.98 23.95 NOTE
r-devel-linux-x86_64-fedora-clang 4.1-0 47.08 NOTE
r-devel-linux-x86_64-fedora-gcc 4.1-0 44.78 NOTE
r-devel-osx-x86_64-clang 4.1-0 41.84 NOTE
r-devel-windows-ix86+x86_64 4.1-0 4.00 35.00 39.00 NOTE
r-patched-linux-x86_64 4.1-0 1.04 23.38 24.42 NOTE
r-patched-solaris-sparc 4.1-0 287.30 NOTE
r-patched-solaris-x86 4.1-0 63.00 NOTE
r-release-linux-ix86 4.1-0 1.48 32.28 33.76 NOTE
r-release-linux-x86_64 4.1-0 1.12 25.74 26.85 NOTE
r-release-osx-x86_64-mavericks 4.1-0 NOTE
r-release-osx-x86_64-snowleopard 4.1-0 ERROR
r-release-windows-ix86+x86_64 4.1-0 4.00 40.00 44.00 NOTE
r-oldrel-windows-ix86+x86_64 4.1-0 6.00 45.00 51.00 NOTE

Check Details

Version: 4.1-0
Check: dependencies in R code
Result: NOTE
    Package in Depends field not imported from: ‘gamlss’
     These packages need to be imported from (in the NAMESPACE file)
     for when this namespace is loaded but not attached.
    ':::' call which should be '::': ‘gamlss:::.gamlss.bi.list’
     See the note in ?`:::` about the use of this operator.
    See the information on DESCRIPTION files in the chapter ‘Creating R
    packages’ of the ‘Writing R Extensions’ manual.
Flavors: r-devel-linux-x86_64-debian-clang, r-devel-linux-x86_64-debian-gcc, r-devel-linux-x86_64-fedora-clang, r-devel-linux-x86_64-fedora-gcc, r-devel-osx-x86_64-clang, r-devel-windows-ix86+x86_64, r-patched-linux-x86_64, r-patched-solaris-sparc, r-patched-solaris-x86, r-release-linux-ix86, r-release-linux-x86_64, r-release-osx-x86_64-mavericks, r-release-windows-ix86+x86_64, r-oldrel-windows-ix86+x86_64

Version: 4.1-0
Check: R code for possible problems
Result: NOTE
    nlgamlss: no visible global function definition for ‘NO’
    nlgamlss: no visible global function definition for ‘as.gamlss.family’
    
    Found the following calls to attach():
    File ‘gamlss.nl/R/nlgamlss.R’:
     attach(data)
    See section ‘Good practice’ in ‘?attach’.
Flavors: r-devel-linux-x86_64-debian-clang, r-devel-linux-x86_64-debian-gcc

Version: 4.1-0
Check: R code for possible problems
Result: NOTE
    nlgamlss: no visible global function definition for ‘NO’
    nlgamlss: no visible global function definition for ‘as.gamlss.family’
Flavors: r-devel-linux-x86_64-fedora-clang, r-devel-linux-x86_64-fedora-gcc, r-devel-osx-x86_64-clang, r-devel-windows-ix86+x86_64

Version: 4.1-0
Check: R code for possible problems
Result: NOTE
    Found the following calls to attach():
    File ‘gamlss.nl/R/nlgamlss.R’:
     attach(data)
    See section ‘Good practice’ in ‘?attach’.
Flavor: r-release-linux-x86_64

Version: 4.1-0
Check: whether package can be installed
Result: ERROR
    Installation failed.
Flavor: r-release-osx-x86_64-snowleopard