CRAN Package Check Results for Package gamlss.nl

Last updated on 2015-04-21 12:48:42.

Flavor Version Tinstall Tcheck Ttotal Status Flags
r-devel-linux-x86_64-debian-clang 4.1-0 1.01 20.47 21.48 NOTE
r-devel-linux-x86_64-debian-gcc 4.1-0 0.99 19.60 20.59 NOTE
r-devel-linux-x86_64-fedora-clang 4.1-0 41.25 NOTE
r-devel-linux-x86_64-fedora-gcc 4.1-0 38.65 NOTE
r-devel-osx-x86_64-clang 4.1-0 40.53 NOTE
r-devel-windows-ix86+x86_64 4.1-0 5.00 32.00 37.00 NOTE
r-patched-linux-x86_64 4.1-0 0.92 19.62 20.54 NOTE
r-patched-solaris-sparc 4.1-0 261.10 NOTE
r-patched-solaris-x86 4.1-0 52.40 NOTE
r-release-linux-x86_64 4.1-0 0.95 19.71 20.66 NOTE
r-release-osx-x86_64-mavericks 4.1-0 NOTE
r-release-osx-x86_64-snowleopard 4.1-0 NOTE
r-release-windows-ix86+x86_64 4.1-0 2.00 29.00 31.00 NOTE
r-oldrel-windows-ix86+x86_64 4.1-0 5.00 38.00 43.00 NOTE

Check Details

Version: 4.1-0
Check: dependencies in R code
Result: NOTE
    Package in Depends field not imported from: ‘gamlss’
     These packages need to be imported from (in the NAMESPACE file)
     for when this namespace is loaded but not attached.
    ':::' call which should be '::': ‘gamlss:::.gamlss.bi.list’
     See the note in ?`:::` about the use of this operator.
Flavors: r-devel-linux-x86_64-debian-clang, r-devel-linux-x86_64-debian-gcc, r-devel-linux-x86_64-fedora-clang, r-devel-linux-x86_64-fedora-gcc, r-devel-osx-x86_64-clang, r-devel-windows-ix86+x86_64, r-patched-linux-x86_64, r-patched-solaris-sparc, r-patched-solaris-x86, r-release-linux-x86_64, r-release-osx-x86_64-mavericks, r-release-osx-x86_64-snowleopard, r-release-windows-ix86+x86_64, r-oldrel-windows-ix86+x86_64

Version: 4.1-0
Check: R code for possible problems
Result: NOTE
    nlgamlss: no visible global function definition for ‘NO’
    nlgamlss: no visible global function definition for ‘as.gamlss.family’
    
    Found the following calls to attach():
    File ‘gamlss.nl/R/nlgamlss.R’:
     attach(data)
    See section ‘Good practice’ in ‘?attach’.
Flavors: r-devel-linux-x86_64-debian-clang, r-devel-linux-x86_64-debian-gcc, r-patched-linux-x86_64, r-release-linux-x86_64

Version: 4.1-0
Check: R code for possible problems
Result: NOTE
    nlgamlss: no visible global function definition for ‘NO’
    nlgamlss: no visible global function definition for ‘as.gamlss.family’
Flavors: r-devel-linux-x86_64-fedora-clang, r-devel-linux-x86_64-fedora-gcc, r-devel-osx-x86_64-clang, r-devel-windows-ix86+x86_64, r-patched-solaris-sparc, r-patched-solaris-x86, r-release-osx-x86_64-mavericks, r-release-osx-x86_64-snowleopard, r-release-windows-ix86+x86_64, r-oldrel-windows-ix86+x86_64