CRAN Package Check Results for Package gamlss.nl

Last updated on 2014-04-24 23:48:03.

Flavor Version Tinstall Tcheck Ttotal Status Flags
r-devel-linux-x86_64-debian-clang 4.1-0 1.10 24.12 25.22 NOTE
r-devel-linux-x86_64-debian-gcc 4.1-0 1.12 24.15 25.28 NOTE
r-devel-linux-x86_64-fedora-clang 4.1-0 48.78 NOTE
r-devel-linux-x86_64-fedora-gcc 4.1-0 47.44 NOTE
r-devel-osx-x86_64-clang 4.1-0 41.61 NOTE
r-devel-osx-x86_64-gcc 4.1-0 NOTE
r-devel-windows-ix86+x86_64 4.1-0 4.00 37.00 41.00 NOTE
r-patched-linux-x86_64 4.1-0 1.12 23.77 24.88 NOTE
r-patched-solaris-sparc 4.1-0 265.60 NOTE
r-patched-solaris-x86 4.1-0 62.90 NOTE
r-release-linux-ix86 4.1-0 2.00 44.00 46.00 NOTE
r-release-linux-x86_64 4.1-0 1.12 24.16 25.28 NOTE
r-release-osx-x86_64-mavericks 4.1-0 WARN
r-release-osx-x86_64-snowleopard 4.1-0 ERROR
r-release-windows-ix86+x86_64 4.1-0 5.00 35.00 40.00 NOTE
r-oldrel-windows-ix86+x86_64 4.1-0 5.00 44.00 49.00 NOTE

Check Details

Version: 4.1-0
Check: dependencies in R code
Result: NOTE
    Package in Depends field not imported from: ‘gamlss’
     These packages need to be imported from (in the NAMESPACE file)
     for when this namespace is loaded but not attached.
    ':::' call which should be '::': ‘gamlss:::.gamlss.bi.list’
     See the note in ?`:::` about the use of this operator.
    See the information on DESCRIPTION files in the chapter ‘Creating R
    packages’ of the ‘Writing R Extensions’ manual.
Flavors: r-devel-linux-x86_64-debian-clang, r-devel-linux-x86_64-debian-gcc, r-devel-linux-x86_64-fedora-clang, r-devel-linux-x86_64-fedora-gcc, r-devel-osx-x86_64-clang, r-devel-osx-x86_64-gcc, r-devel-windows-ix86+x86_64, r-patched-linux-x86_64, r-patched-solaris-sparc, r-patched-solaris-x86, r-release-linux-ix86, r-release-linux-x86_64, r-release-osx-x86_64-mavericks, r-release-windows-ix86+x86_64, r-oldrel-windows-ix86+x86_64

Version: 4.1-0
Check: PDF version of manual
Result: WARNING
    LaTeX errors when creating PDF version.
    This typically indicates Rd problems.
    LaTeX errors found:
    ! LaTeX Error: File `upquote.sty' not found.
    
    Type X to quit or <RETURN> to proceed,
    or enter new name. (Default extension: sty)
    
    7074922/Rd2.tex:8: ==> Fatal error occurred, no output PDF file produced!
Flavor: r-release-osx-x86_64-mavericks

Version: 4.1-0
Check: whether package can be installed
Result: ERROR
    Installation failed.
    See ‘/Volumes/XT3/Builds/R-dev-web/QA/Simon/packages/snowleopard-x86_64/results/3.1/gamlss.nl.Rcheck/00install.out’ for details.
Flavor: r-release-osx-x86_64-snowleopard