CRAN Package Check Results for Package gamlss.nl

Last updated on 2015-07-30 22:49:51.

Flavor Version Tinstall Tcheck Ttotal Status Flags
r-devel-linux-x86_64-debian-clang 4.1-0 0.97 21.44 22.41 NOTE
r-devel-linux-x86_64-debian-gcc 4.1-0 0.97 21.30 22.27 NOTE
r-devel-linux-x86_64-fedora-clang 4.1-0 45.29 NOTE
r-devel-linux-x86_64-fedora-gcc 4.1-0 41.67 NOTE
r-devel-osx-x86_64-clang 4.1-0 34.59 NOTE
r-devel-windows-ix86+x86_64 4.1-0 6.00 37.00 43.00 NOTE
r-patched-linux-x86_64 4.1-0 0.99 21.22 22.22 NOTE
r-patched-solaris-sparc 4.1-0 275.60 NOTE
r-patched-solaris-x86 4.1-0 58.80 NOTE
r-release-linux-x86_64 4.1-0 1.02 21.75 22.77 NOTE
r-release-osx-x86_64-mavericks 4.1-0 NOTE
r-release-windows-ix86+x86_64 4.1-0 6.00 65.00 71.00 NOTE
r-oldrel-windows-ix86+x86_64 4.1-0 9.00 68.00 77.00 NOTE

Check Details

Version: 4.1-0
Check: dependencies in R code
Result: NOTE
    Package in Depends field not imported from: ‘gamlss’
     These packages need to be imported from (in the NAMESPACE file)
     for when this namespace is loaded but not attached.
    ':::' call which should be '::': ‘gamlss:::.gamlss.bi.list’
     See the note in ?`:::` about the use of this operator.
Flavors: r-devel-linux-x86_64-debian-clang, r-devel-linux-x86_64-debian-gcc, r-devel-linux-x86_64-fedora-clang, r-devel-linux-x86_64-fedora-gcc, r-devel-osx-x86_64-clang, r-devel-windows-ix86+x86_64, r-patched-linux-x86_64, r-patched-solaris-sparc, r-patched-solaris-x86, r-release-linux-x86_64, r-release-osx-x86_64-mavericks, r-release-windows-ix86+x86_64, r-oldrel-windows-ix86+x86_64

Version: 4.1-0
Check: R code for possible problems
Result: NOTE
    finterp.data.frame: no visible global function definition for
     ‘as.formula’
    finterp.data.frame: no visible global function definition for ‘terms’
    finterp.data.frame: no visible global function definition for
     ‘model.matrix’
    finterp.data.frame: no visible global function definition for
     ‘model.frame’
    finterp.default: no visible global function definition for ‘terms’
    finterp.default: no visible global function definition for
     ‘model.matrix’
    finterp.default: no visible global function definition for
     ‘model.frame’
    gamlss.nl: no visible global function definition for ‘nlm’
    nl: no visible global function definition for ‘is’
    nlgamlss: no visible global function definition for ‘NO’
    nlgamlss: no visible global function definition for ‘as.gamlss.family’
    nlgamlss: no visible global function definition for ‘nlm’
    nlgamlss: no visible global function definition for ‘cov2cor’
    summary.nlgamlss: no visible global function definition for ‘coef’
    summary.nlgamlss: no visible global function definition for ‘pnorm’
    Undefined global functions or variables:
     NO as.formula as.gamlss.family coef cov2cor is model.frame
     model.matrix nlm pnorm terms
    Consider adding
     importFrom("methods", "is")
     importFrom("stats", "as.formula", "coef", "cov2cor", "model.frame",
     "model.matrix", "nlm", "pnorm", "terms")
    to your NAMESPACE.
    
    Found the following calls to attach():
    File ‘gamlss.nl/R/nlgamlss.R’:
     attach(data)
    See section ‘Good practice’ in ‘?attach’.
Flavors: r-devel-linux-x86_64-debian-clang, r-devel-linux-x86_64-debian-gcc

Version: 4.1-0
Check: R code for possible problems
Result: NOTE
    finterp.data.frame: no visible global function definition for
     ‘as.formula’
    finterp.data.frame: no visible global function definition for ‘terms’
    finterp.data.frame: no visible global function definition for
     ‘model.matrix’
    finterp.data.frame: no visible global function definition for
     ‘model.frame’
    finterp.default: no visible global function definition for ‘terms’
    finterp.default: no visible global function definition for
     ‘model.matrix’
    finterp.default: no visible global function definition for
     ‘model.frame’
    gamlss.nl: no visible global function definition for ‘nlm’
    nl: no visible global function definition for ‘is’
    nlgamlss: no visible global function definition for ‘NO’
    nlgamlss: no visible global function definition for ‘as.gamlss.family’
    nlgamlss: no visible global function definition for ‘nlm’
    nlgamlss: no visible global function definition for ‘cov2cor’
    summary.nlgamlss: no visible global function definition for ‘coef’
    summary.nlgamlss: no visible global function definition for ‘pnorm’
    Undefined global functions or variables:
     NO as.formula as.gamlss.family coef cov2cor is model.frame
     model.matrix nlm pnorm terms
    Consider adding
     importFrom("methods", "is")
     importFrom("stats", "as.formula", "coef", "cov2cor", "model.frame",
     "model.matrix", "nlm", "pnorm", "terms")
    to your NAMESPACE.
Flavors: r-devel-linux-x86_64-fedora-clang, r-devel-linux-x86_64-fedora-gcc, r-devel-windows-ix86+x86_64

Version: 4.1-0
Check: R code for possible problems
Result: NOTE
    nlgamlss: no visible global function definition for ‘NO’
    nlgamlss: no visible global function definition for ‘as.gamlss.family’
    Undefined global functions or variables:
     NO as.gamlss.family
Flavor: r-devel-osx-x86_64-clang

Version: 4.1-0
Check: R code for possible problems
Result: NOTE
    nlgamlss: no visible global function definition for ‘NO’
    nlgamlss: no visible global function definition for ‘as.gamlss.family’
    
    Found the following calls to attach():
    File ‘gamlss.nl/R/nlgamlss.R’:
     attach(data)
    See section ‘Good practice’ in ‘?attach’.
Flavors: r-patched-linux-x86_64, r-release-linux-x86_64

Version: 4.1-0
Check: R code for possible problems
Result: NOTE
    nlgamlss: no visible global function definition for ‘NO’
    nlgamlss: no visible global function definition for ‘as.gamlss.family’
Flavors: r-patched-solaris-sparc, r-patched-solaris-x86, r-release-osx-x86_64-mavericks, r-release-windows-ix86+x86_64, r-oldrel-windows-ix86+x86_64