CRAN Package Check Results for Package gamlss.tr

Last updated on 2015-07-30 21:47:06.

Flavor Version Tinstall Tcheck Ttotal Status Flags
r-devel-linux-x86_64-debian-clang 4.3-1 1.29 18.19 19.48 NOTE
r-devel-linux-x86_64-debian-gcc 4.3-1 0.97 17.59 18.56 NOTE
r-devel-linux-x86_64-fedora-clang 4.3-1 36.81 NOTE
r-devel-linux-x86_64-fedora-gcc 4.3-1 34.77 NOTE
r-devel-osx-x86_64-clang 4.3-1 29.35 OK
r-devel-windows-ix86+x86_64 4.3-1 8.00 30.00 38.00 NOTE
r-patched-linux-x86_64 4.3-1 0.96 17.91 18.87 OK
r-patched-solaris-sparc 4.3-1 234.30 OK
r-patched-solaris-x86 4.3-1 50.30 OK
r-release-linux-x86_64 4.3-1 1.01 18.14 19.14 OK
r-release-osx-x86_64-mavericks 4.3-1 OK
r-release-windows-ix86+x86_64 4.3-1 6.00 59.00 65.00 OK
r-oldrel-windows-ix86+x86_64 4.3-1 7.00 60.00 67.00 OK

Check Details

Version: 4.3-1
Check: R code for possible problems
Result: NOTE
    fitTail : tailFun: no visible global function definition for ‘tail’
    fitTail : tailFun: no visible global function definition for ‘head’
    fitTail1 : tailFun: no visible global function definition for ‘tail’
    fitTail1: no visible global function definition for ‘hist’
    fitTail1: no visible global function definition for ‘optim’
    fitTailAll: no visible global function definition for ‘fitted’
    fitTailAll: no visible global function definition for ‘ts’
    trun.r : <anonymous>: no visible global function definition for ‘runif’
    Undefined global functions or variables:
     fitted head hist optim runif tail ts
    Consider adding
     importFrom("graphics", "hist")
     importFrom("stats", "fitted", "optim", "runif", "ts")
     importFrom("utils", "head", "tail")
    to your NAMESPACE.
Flavors: r-devel-linux-x86_64-debian-clang, r-devel-linux-x86_64-debian-gcc, r-devel-linux-x86_64-fedora-clang, r-devel-linux-x86_64-fedora-gcc, r-devel-windows-ix86+x86_64