CRAN Package Check Results for Package gamlss.tr

Last updated on 2016-02-13 21:47:09.

Flavor Version Tinstall Tcheck Ttotal Status Flags
r-devel-linux-x86_64-debian-gcc 4.3-1 0.86 16.67 17.53 NOTE
r-devel-linux-x86_64-fedora-clang 4.3-1 31.84 NOTE
r-devel-linux-x86_64-fedora-gcc 4.3-1 31.18 NOTE
r-devel-osx-x86_64-clang 4.3-1 33.83 NOTE
r-devel-windows-ix86+x86_64 4.3-1 7.00 45.00 52.00 NOTE
r-patched-linux-x86_64 4.3-1 1.10 18.05 19.15 OK
r-patched-solaris-sparc 4.3-1 215.40 OK
r-patched-solaris-x86 4.3-1 47.40 OK
r-release-linux-x86_64 4.3-1 1.02 17.72 18.74 OK
r-release-osx-x86_64-mavericks 4.3-1 OK
r-release-windows-ix86+x86_64 4.3-1 6.00 53.00 59.00 OK
r-oldrel-windows-ix86+x86_64 4.3-1 10.00 47.00 57.00 OK

Check Details

Version: 4.3-1
Check: R code for possible problems
Result: NOTE
    fitTail : tailFun: no visible global function definition for ‘tail’
    fitTail : tailFun: no visible global function definition for ‘head’
    fitTail1 : tailFun: no visible global function definition for ‘tail’
    fitTail1: no visible global function definition for ‘hist’
    fitTail1: no visible global function definition for ‘optim’
    fitTailAll: no visible global function definition for ‘fitted’
    fitTailAll: no visible global function definition for ‘ts’
    trun.r : <anonymous>: no visible global function definition for ‘runif’
    Undefined global functions or variables:
     fitted head hist optim runif tail ts
    Consider adding
     importFrom("graphics", "hist")
     importFrom("stats", "fitted", "optim", "runif", "ts")
     importFrom("utils", "head", "tail")
    to your NAMESPACE file.
Flavors: r-devel-linux-x86_64-debian-gcc, r-devel-linux-x86_64-fedora-clang, r-devel-linux-x86_64-fedora-gcc, r-devel-osx-x86_64-clang, r-devel-windows-ix86+x86_64