CRAN Package Check Results for Package gamlss.tr

Last updated on 2014-04-24 11:48:46.

Flavor Version Tinstall Tcheck Ttotal Status Flags
r-devel-linux-x86_64-debian-clang 4.2-7 1.08 26.66 27.74 OK
r-devel-linux-x86_64-debian-gcc 4.2-7 1.07 26.54 27.62 OK
r-devel-linux-x86_64-fedora-clang 4.2-7 53.72 OK
r-devel-linux-x86_64-fedora-gcc 4.2-7 52.22 OK
r-devel-osx-x86_64-clang 4.2-7 44.15 OK
r-devel-osx-x86_64-gcc 4.2-7 OK
r-devel-windows-ix86+x86_64 4.2-7 5.00 41.00 46.00 OK
r-patched-linux-x86_64 4.2-7 1.08 26.29 27.37 OK
r-patched-solaris-sparc 4.2-7 333.20 OK
r-patched-solaris-x86 4.2-7 64.60 OK
r-release-linux-ix86 4.2-7 2.00 46.00 48.00 OK
r-release-linux-x86_64 4.2-7 1.07 26.13 27.20 OK
r-release-osx-x86_64-mavericks 4.2-7 WARN
r-release-osx-x86_64-snowleopard 4.2-7 OK
r-release-windows-ix86+x86_64 4.2-7 4.00 37.00 41.00 OK
r-oldrel-windows-ix86+x86_64 4.2-7 5.00 45.00 50.00 OK

Check Details

Version: 4.2-7
Check: PDF version of manual
Result: WARNING
    LaTeX errors when creating PDF version.
    This typically indicates Rd problems.
    LaTeX errors found:
    ! LaTeX Error: File `upquote.sty' not found.
    
    Type X to quit or <RETURN> to proceed,
    or enter new name. (Default extension: sty)
    
    19dafe/Rd2.tex:8: ==> Fatal error occurred, no output PDF file produced!
Flavor: r-release-osx-x86_64-mavericks