CRAN Package Check Results for Package gamlss.tr

Last updated on 2014-09-22 01:48:02.

Flavor Version Tinstall Tcheck Ttotal Status Flags
r-devel-linux-x86_64-debian-clang 4.2-7 0.98 24.40 25.37 NOTE
r-devel-linux-x86_64-debian-gcc 4.2-7 0.94 24.12 25.06 NOTE
r-devel-linux-x86_64-fedora-clang 4.2-7 51.31 NOTE
r-devel-linux-x86_64-fedora-gcc 4.2-7 47.79 NOTE
r-devel-osx-x86_64-clang 4.2-7 45.71 NOTE
r-devel-windows-ix86+x86_64 4.2-7 5.00 39.00 44.00 NOTE
r-patched-linux-x86_64 4.2-7 1.02 25.56 26.58 OK
r-patched-solaris-sparc 4.2-7 314.20 OK
r-patched-solaris-x86 4.2-7 64.80 OK
r-release-linux-ix86 4.2-7 1.46 35.42 36.88 OK
r-release-linux-x86_64 4.2-7 1.06 25.98 27.05 OK
r-release-osx-x86_64-mavericks 4.2-7 OK
r-release-osx-x86_64-snowleopard 4.2-7 OK
r-release-windows-ix86+x86_64 4.2-7 5.00 44.00 49.00 OK
r-oldrel-windows-ix86+x86_64 4.2-7 5.00 43.00 48.00 OK

Check Details

Version: 4.2-7
Check: package namespace information
Result: NOTE
     Namespace with empty importFrom: ‘gamlss’
Flavors: r-devel-linux-x86_64-debian-clang, r-devel-linux-x86_64-debian-gcc, r-devel-linux-x86_64-fedora-clang, r-devel-linux-x86_64-fedora-gcc, r-devel-osx-x86_64-clang, r-devel-windows-ix86+x86_64

Version: 4.2-7
Check: R code for possible problems
Result: NOTE
    fitTail: no visible global function definition for ‘as.gamlss.family’
    fitTail: no visible global function definition for ‘gamlssML’
    fitTail: no visible global function definition for ‘gamlss’
    fitTail1 : fn: no visible global function definition for ‘dPO’
    fitTailAll: no visible global function definition for
     ‘as.gamlss.family’
    gen.trun: no visible global function definition for ‘as.gamlss.family’
    trun: no visible global function definition for ‘as.gamlss.family’
Flavors: r-devel-linux-x86_64-debian-clang, r-devel-linux-x86_64-debian-gcc, r-devel-linux-x86_64-fedora-clang, r-devel-linux-x86_64-fedora-gcc, r-devel-osx-x86_64-clang, r-devel-windows-ix86+x86_64