CRAN Package Check Results for Package gamlss.tr

Last updated on 2015-08-31 04:48:42.

Flavor Version Tinstall Tcheck Ttotal Status Flags
r-devel-linux-x86_64-debian-clang 4.3-1 0.99 17.28 18.27 NOTE
r-devel-linux-x86_64-debian-gcc 4.3-1 0.84 16.86 17.70 NOTE
r-devel-linux-x86_64-fedora-clang 4.3-1 35.72 NOTE
r-devel-linux-x86_64-fedora-gcc 4.3-1 32.91 NOTE
r-devel-osx-x86_64-clang 4.3-1 31.38 OK
r-devel-windows-ix86+x86_64 4.3-1 7.00 35.00 42.00 NOTE
r-patched-linux-x86_64 4.3-1 1.08 17.77 18.84 OK
r-patched-solaris-sparc 4.3-1 234.30 OK
r-patched-solaris-x86 4.3-1 52.00 OK
r-release-linux-x86_64 4.3-1 1.00 19.08 20.08 OK
r-release-osx-x86_64-mavericks 4.3-1 OK
r-release-windows-ix86+x86_64 4.3-1 6.00 54.00 60.00 OK
r-oldrel-windows-ix86+x86_64 4.3-1 7.00 56.00 63.00 OK

Check Details

Version: 4.3-1
Check: R code for possible problems
Result: NOTE
    fitTail : tailFun: no visible global function definition for ‘tail’
    fitTail : tailFun: no visible global function definition for ‘head’
    fitTail1 : tailFun: no visible global function definition for ‘tail’
    fitTail1: no visible global function definition for ‘hist’
    fitTail1: no visible global function definition for ‘optim’
    fitTailAll: no visible global function definition for ‘fitted’
    fitTailAll: no visible global function definition for ‘ts’
    trun.r : <anonymous>: no visible global function definition for ‘runif’
    Undefined global functions or variables:
     fitted head hist optim runif tail ts
    Consider adding
     importFrom("graphics", "hist")
     importFrom("stats", "fitted", "optim", "runif", "ts")
     importFrom("utils", "head", "tail")
    to your NAMESPACE.
Flavors: r-devel-linux-x86_64-debian-clang, r-devel-linux-x86_64-debian-gcc, r-devel-linux-x86_64-fedora-clang, r-devel-linux-x86_64-fedora-gcc, r-devel-windows-ix86+x86_64