CRAN Package Check Results for Package gamlss.tr

Last updated on 2014-12-22 05:48:30.

Flavor Version Tinstall Tcheck Ttotal Status Flags
r-devel-linux-x86_64-debian-clang 4.2-7 1.12 25.70 26.82 NOTE
r-devel-linux-x86_64-debian-gcc 4.2-7 1.09 24.82 25.90 NOTE
r-devel-linux-x86_64-fedora-clang 4.2-7 53.07 NOTE
r-devel-linux-x86_64-fedora-gcc 4.2-7 51.55 NOTE
r-devel-osx-x86_64-clang 4.2-7 46.67 NOTE
r-devel-windows-ix86+x86_64 4.2-7 5.00 43.00 48.00 NOTE
r-patched-linux-x86_64 4.2-7 1.19 25.87 27.06 NOTE
r-patched-solaris-sparc 4.2-7 314.20 OK
r-patched-solaris-x86 4.2-7 65.00 NOTE
r-release-linux-ix86 4.2-7 1.45 33.64 35.09 NOTE
r-release-linux-x86_64 4.2-7 1.13 25.90 27.03 NOTE
r-release-osx-x86_64-mavericks 4.2-7 OK
r-release-osx-x86_64-snowleopard 4.2-7 OK
r-release-windows-ix86+x86_64 4.2-7 5.00 44.00 49.00 NOTE
r-oldrel-windows-ix86+x86_64 4.2-7 5.00 44.00 49.00 OK

Check Details

Version: 4.2-7
Check: package namespace information
Result: NOTE
     Namespace with empty importFrom: ‘gamlss’
Flavors: r-devel-linux-x86_64-debian-clang, r-devel-linux-x86_64-debian-gcc, r-devel-linux-x86_64-fedora-clang, r-devel-linux-x86_64-fedora-gcc, r-devel-osx-x86_64-clang, r-devel-windows-ix86+x86_64, r-patched-linux-x86_64, r-patched-solaris-x86, r-release-linux-ix86, r-release-linux-x86_64, r-release-windows-ix86+x86_64

Version: 4.2-7
Check: R code for possible problems
Result: NOTE
    fitTail: no visible global function definition for ‘as.gamlss.family’
    fitTail: no visible global function definition for ‘gamlssML’
    fitTail: no visible global function definition for ‘gamlss’
    fitTail1 : fn: no visible global function definition for ‘dPO’
    fitTailAll: no visible global function definition for
     ‘as.gamlss.family’
    gen.trun: no visible global function definition for ‘as.gamlss.family’
    trun: no visible global function definition for ‘as.gamlss.family’
Flavors: r-devel-linux-x86_64-debian-clang, r-devel-linux-x86_64-debian-gcc, r-devel-linux-x86_64-fedora-clang, r-devel-linux-x86_64-fedora-gcc, r-devel-osx-x86_64-clang, r-devel-windows-ix86+x86_64, r-patched-linux-x86_64, r-patched-solaris-x86, r-release-linux-ix86, r-release-linux-x86_64, r-release-windows-ix86+x86_64