CRAN Package Check Results for Package gamlss.tr

Last updated on 2016-04-30 06:47:27.

Flavor Version Tinstall Tcheck Ttotal Status Flags
r-devel-linux-x86_64-debian-gcc 4.3-1 3.04 35.71 38.75 NOTE
r-devel-linux-x86_64-fedora-clang 4.3-1 76.55 NOTE
r-devel-linux-x86_64-fedora-gcc 4.3-1 72.58 NOTE
r-devel-osx-x86_64-clang 4.3-1 74.99 NOTE
r-devel-windows-ix86+x86_64 4.3-1 8.00 67.00 75.00 NOTE
r-patched-linux-x86_64 4.3-1 2.68 34.83 37.51 NOTE
r-patched-solaris-sparc 4.3-1 203.20 NOTE
r-patched-solaris-x86 4.3-1 98.70 NOTE
r-release-linux-x86_64 4.3-1 3.21 37.89 41.11 OK
r-release-osx-x86_64-mavericks 4.3-1 OK
r-release-windows-ix86+x86_64 4.3-1 8.00 67.00 75.00 OK
r-oldrel-windows-ix86+x86_64 4.3-1 17.00 78.00 95.00 OK

Check Details

Version: 4.3-1
Check: R code for possible problems
Result: NOTE
    fitTail : tailFun: no visible global function definition for ‘tail’
    fitTail : tailFun: no visible global function definition for ‘head’
    fitTail1 : tailFun: no visible global function definition for ‘tail’
    fitTail1: no visible global function definition for ‘hist’
    fitTail1: no visible global function definition for ‘optim’
    fitTailAll: no visible global function definition for ‘fitted’
    fitTailAll: no visible global function definition for ‘ts’
    trun.r : <anonymous>: no visible global function definition for ‘runif’
    Undefined global functions or variables:
     fitted head hist optim runif tail ts
    Consider adding
     importFrom("graphics", "hist")
     importFrom("stats", "fitted", "optim", "runif", "ts")
     importFrom("utils", "head", "tail")
    to your NAMESPACE file.
Flavors: r-devel-linux-x86_64-debian-gcc, r-devel-linux-x86_64-fedora-clang, r-devel-linux-x86_64-fedora-gcc, r-devel-osx-x86_64-clang, r-devel-windows-ix86+x86_64, r-patched-linux-x86_64, r-patched-solaris-sparc, r-patched-solaris-x86