CRAN Package Check Results for Package gamlss.tr

Last updated on 2015-01-31 22:47:11.

Flavor Version Tinstall Tcheck Ttotal Status Flags
r-devel-linux-x86_64-debian-clang 4.2-7 0.96 21.89 22.85 NOTE
r-devel-linux-x86_64-debian-gcc 4.2-7 0.94 20.90 21.84 NOTE
r-devel-linux-x86_64-fedora-clang 4.2-7 48.26 NOTE
r-devel-linux-x86_64-fedora-gcc 4.2-7 44.51 NOTE
r-devel-osx-x86_64-clang 4.2-7 47.22 NOTE
r-devel-windows-ix86+x86_64 4.2-7 5.00 34.00 39.00 NOTE
r-patched-linux-x86_64 4.2-7 1.16 26.18 27.34 NOTE
r-patched-solaris-sparc 4.2-7 294.40 NOTE
r-patched-solaris-x86 4.2-7 64.50 NOTE
r-release-linux-ix86 4.2-7 1.46 34.48 35.94 NOTE
r-release-linux-x86_64 4.2-7 1.14 25.98 27.12 NOTE
r-release-osx-x86_64-mavericks 4.2-7 NOTE
r-release-osx-x86_64-snowleopard 4.2-7 OK
r-release-windows-ix86+x86_64 4.2-7 6.00 43.00 49.00 NOTE
r-oldrel-windows-ix86+x86_64 4.2-7 6.00 45.00 51.00 OK

Check Details

Version: 4.2-7
Check: package namespace information
Result: NOTE
     Namespace with empty importFrom: ‘gamlss’
Flavors: r-devel-linux-x86_64-debian-clang, r-devel-linux-x86_64-debian-gcc, r-devel-linux-x86_64-fedora-clang, r-devel-linux-x86_64-fedora-gcc, r-devel-osx-x86_64-clang, r-devel-windows-ix86+x86_64, r-patched-linux-x86_64, r-patched-solaris-sparc, r-patched-solaris-x86, r-release-linux-ix86, r-release-linux-x86_64, r-release-osx-x86_64-mavericks, r-release-windows-ix86+x86_64

Version: 4.2-7
Check: R code for possible problems
Result: NOTE
    fitTail: no visible global function definition for ‘as.gamlss.family’
    fitTail: no visible global function definition for ‘gamlssML’
    fitTail: no visible global function definition for ‘gamlss’
    fitTail1 : fn: no visible global function definition for ‘dPO’
    fitTailAll: no visible global function definition for
     ‘as.gamlss.family’
    gen.trun: no visible global function definition for ‘as.gamlss.family’
    trun: no visible global function definition for ‘as.gamlss.family’
Flavors: r-devel-linux-x86_64-debian-clang, r-devel-linux-x86_64-debian-gcc, r-devel-linux-x86_64-fedora-clang, r-devel-linux-x86_64-fedora-gcc, r-devel-osx-x86_64-clang, r-devel-windows-ix86+x86_64, r-patched-linux-x86_64, r-patched-solaris-sparc, r-patched-solaris-x86, r-release-linux-ix86, r-release-linux-x86_64, r-release-osx-x86_64-mavericks, r-release-windows-ix86+x86_64