CRAN Package Check Results for Package gamlss.util

Last updated on 2015-03-29 00:48:15.

Flavor Version Tinstall Tcheck Ttotal Status Flags
r-devel-linux-x86_64-debian-clang 4.3-2 1.22 19.61 20.82 NOTE
r-devel-linux-x86_64-debian-gcc 4.3-2 0.99 18.86 19.85 NOTE
r-devel-linux-x86_64-fedora-clang 4.3-2 39.02 NOTE
r-devel-linux-x86_64-fedora-gcc 4.3-2 39.52 NOTE
r-devel-osx-x86_64-clang 4.3-2 43.47 NOTE
r-prerel-windows-ix86+x86_64 4.3-2 6.00 30.00 36.00 NOTE
r-prerel-linux-x86_64 4.3-2 0.98 19.10 20.08 NOTE
r-prerel-solaris-sparc 4.3-2 244.20 NOTE
r-prerel-solaris-x86 4.3-2 49.70 NOTE
r-release-linux-x86_64 4.3-2 1.44 23.74 25.18 OK
r-release-osx-x86_64-mavericks 4.3-2 OK
r-release-osx-x86_64-snowleopard 4.3-2 OK
r-release-windows-ix86+x86_64 4.3-2 7.00 40.00 47.00 OK
r-oldrel-windows-ix86+x86_64 4.3-2 6.00 57.00 63.00 OK

Check Details

Version: 4.3-2
Check: DESCRIPTION meta-information
Result: NOTE
    Malformed Description field: should contain one or more complete sentences.
Flavors: r-devel-linux-x86_64-debian-clang, r-devel-linux-x86_64-debian-gcc, r-devel-linux-x86_64-fedora-clang, r-devel-linux-x86_64-fedora-gcc, r-devel-osx-x86_64-clang, r-prerel-windows-ix86+x86_64, r-prerel-linux-x86_64, r-prerel-solaris-sparc, r-prerel-solaris-x86