CRAN Package Check Results for Package gamlss.util

Last updated on 2015-07-06 14:48:35.

Flavor Version Tinstall Tcheck Ttotal Status Flags
r-devel-linux-x86_64-debian-clang 4.3-2 0.98 20.17 21.15 NOTE
r-devel-linux-x86_64-debian-gcc 4.3-2 1.00 20.78 21.78 NOTE
r-devel-linux-x86_64-fedora-clang 4.3-2 41.31 NOTE
r-devel-linux-x86_64-fedora-gcc 4.3-2 38.71 NOTE
r-devel-osx-x86_64-clang 4.3-2 37.65 NOTE
r-devel-windows-ix86+x86_64 4.3-2 7.00 33.00 40.00 NOTE
r-patched-linux-x86_64 4.3-2 1.02 20.28 21.30 NOTE
r-patched-solaris-sparc 4.3-2 242.20 NOTE
r-patched-solaris-x86 4.3-2 57.00 NOTE
r-release-linux-x86_64 4.3-2 1.02 20.03 21.05 NOTE
r-release-osx-x86_64-mavericks 4.3-2 NOTE
r-release-windows-ix86+x86_64 4.3-2 5.00 36.00 41.00 NOTE
r-oldrel-windows-ix86+x86_64 4.3-2 9.00 43.00 52.00 OK

Check Details

Version: 4.3-2
Check: DESCRIPTION meta-information
Result: NOTE
    Malformed Description field: should contain one or more complete sentences.
Flavors: r-devel-linux-x86_64-debian-clang, r-devel-linux-x86_64-debian-gcc, r-devel-linux-x86_64-fedora-clang, r-devel-linux-x86_64-fedora-gcc, r-devel-osx-x86_64-clang, r-devel-windows-ix86+x86_64, r-patched-linux-x86_64, r-patched-solaris-sparc, r-patched-solaris-x86, r-release-linux-x86_64, r-release-osx-x86_64-mavericks, r-release-windows-ix86+x86_64

Version: 4.3-2
Check: R code for possible problems
Result: NOTE
    AIC.penReg : <anonymous>: no visible global function definition for
     ‘deviance’
    AIC.penReg: no visible global function definition for ‘is’
    centiles.ts: no visible global function definition for ‘is’
    centiles.ts: no visible global function definition for ‘title’
    centiles.ts: no visible global function definition for ‘lines’
    garmaFit : createLags: no visible global function definition for
     ‘na.omit’
    garmaFit : garmaLL: no visible global function definition for ‘filter’
    garmaFit: no visible global function definition for ‘deviance’
    garmaFit: no visible global function definition for ‘runif’
    garmaFit: no visible global function definition for ‘nlminb’
    lagPlot : lag.plot1: no visible global function definition for ‘as.ts’
    lagPlot : lag.plot1: no visible global function definition for ‘acf’
    lagPlot : lag.plot1: no visible global function definition for ‘par’
    lagPlot : lag.plot1: no visible global function definition for ‘plot’
    lagPlot : lag.plot1: no visible global function definition for ‘lag’
    lagPlot : lag.plot1: no visible global function definition for ‘lines’
    lagPlot : lag.plot1: no visible global function definition for ‘lowess’
    lagPlot : lag.plot1: no visible global function definition for
     ‘ts.intersect’
    lagPlot : lag.plot1: no visible global function definition for ‘legend’
    lagPlot : lag.plot2: no visible global function definition for ‘as.ts’
    lagPlot : lag.plot2: no visible global function definition for ‘ccf’
    lagPlot : lag.plot2: no visible global function definition for ‘par’
    lagPlot : lag.plot2: no visible global function definition for ‘plot’
    lagPlot : lag.plot2: no visible global function definition for ‘lag’
    lagPlot : lag.plot2: no visible global function definition for ‘lines’
    lagPlot : lag.plot2: no visible global function definition for ‘lowess’
    lagPlot : lag.plot2: no visible global function definition for
     ‘ts.intersect’
    lagPlot : lag.plot2: no visible global function definition for ‘legend’
    penReg: no visible global function definition for ‘nlminb’
    penReg: no visible global function definition for ‘uniroot’
    penReg: no visible global function definition for ‘gray’
    penReg: no visible global function definition for ‘lines’
    penRegQ: no visible global function definition for ‘nlminb’
    penRegQ: no visible global function definition for ‘optimHess’
    penRegQ: no visible global function definition for ‘optim’
    penRegQ: no visible global function definition for ‘gray’
    penRegQ: no visible global function definition for ‘lines’
    plot.penReg: no visible global function definition for ‘resid’
    plot.penReg: no visible global function definition for ‘is’
    plot.penReg: no visible global function definition for ‘time’
    plot.penReg: no visible global function definition for ‘par’
    plot.penReg: no visible global function definition for ‘acf’
    plot.penReg: no visible global function definition for ‘plot’
    plot.penReg: no visible global function definition for ‘pacf’
    plot.penReg: no visible global function definition for ‘density’
    plot.penReg: no visible global function definition for ‘rug’
    plot.penReg: no visible global function definition for ‘qqnorm’
    plot.penReg: no visible global function definition for ‘lines’
    plot.penReg: no visible global function definition for ‘cor’
    plot.penReg: no visible global function definition for ‘var’
    plotSimpleGamlss: no visible global function definition for ‘quantile’
    plotSimpleGamlss: no visible global function definition for ‘lines’
    scattersmooth: no visible global function definition for ‘heat.colors’
    scattersmooth: no visible global function definition for ‘par’
    scattersmooth: no visible global function definition for ‘image’
    scattersmooth: no visible global function definition for ‘rnorm’
    scattersmooth: no visible global function definition for ‘points’
    scattersmooth: no visible global function definition for ‘box’
    summary.garma: no visible global function definition for ‘pnorm’
    summary.garma: no visible global function definition for ‘printCoefmat’
    summary.penRegQ: no visible global function definition for ‘pnorm’
    summary.penRegQ: no visible global function definition for
     ‘printCoefmat’
    vcov.garma: no visible global function definition for ‘cov2cor’
    Undefined global functions or variables:
     acf as.ts box ccf cor cov2cor density deviance filter gray
     heat.colors image is lag legend lines lowess na.omit nlminb optim
     optimHess pacf par plot pnorm points printCoefmat qqnorm quantile
     resid rnorm rug runif time title ts.intersect uniroot var
Flavors: r-devel-linux-x86_64-debian-clang, r-devel-linux-x86_64-debian-gcc, r-devel-linux-x86_64-fedora-clang, r-devel-linux-x86_64-fedora-gcc, r-devel-windows-ix86+x86_64