CRAN Package Check Results for Package gamlss.util

Last updated on 2014-04-24 21:47:40.

Flavor Version Tinstall Tcheck Ttotal Status Flags
r-devel-linux-x86_64-debian-clang 4.2-7 5.99 74.82 80.81 NOTE
r-devel-linux-x86_64-debian-gcc 4.2-7 6.32 75.08 81.41 NOTE
r-devel-linux-x86_64-fedora-clang 4.2-7 184.43 NOTE
r-devel-linux-x86_64-fedora-gcc 4.2-7 176.55 NOTE
r-devel-osx-x86_64-clang 4.2-7 131.30 NOTE
r-devel-osx-x86_64-gcc 4.2-7 ERROR
r-devel-windows-ix86+x86_64 4.2-7 15.00 98.00 113.00 NOTE
r-patched-linux-x86_64 4.2-7 5.90 72.78 78.68 NOTE
r-patched-solaris-sparc 4.2-7 949.00 NOTE
r-patched-solaris-x86 4.2-7 216.80 NOTE
r-release-linux-ix86 4.2-7 8.00 114.00 122.00 NOTE
r-release-linux-x86_64 4.2-7 5.79 74.32 80.11 NOTE
r-release-osx-x86_64-mavericks 4.2-7 WARN
r-release-osx-x86_64-snowleopard 4.2-7 NOTE
r-release-windows-ix86+x86_64 4.2-7 16.00 99.00 115.00 NOTE
r-oldrel-windows-ix86+x86_64 4.2-7 17.00 96.00 113.00 NOTE

Check Details

Version: 4.2-7
Check: package dependencies
Result: NOTE
    Depends: includes the non-default packages:
     ‘gamlss’ ‘colorspace’ ‘Matrix’ ‘MASS’ ‘rgenoud’ ‘zoo’ ‘gamlss.add’
     ‘spam’
    Adding so many packages to the search path is excessive and importing
    selectively is preferable.
Flavors: r-devel-linux-x86_64-debian-clang, r-devel-linux-x86_64-debian-gcc, r-devel-linux-x86_64-fedora-clang, r-devel-linux-x86_64-fedora-gcc, r-devel-osx-x86_64-clang, r-devel-windows-ix86+x86_64, r-patched-linux-x86_64, r-patched-solaris-sparc, r-patched-solaris-x86, r-release-linux-ix86, r-release-linux-x86_64, r-release-osx-x86_64-mavericks, r-release-osx-x86_64-snowleopard, r-release-windows-ix86+x86_64

Version: 4.2-7
Check: dependencies in R code
Result: NOTE
    'library' or 'require' calls to packages already attached by Depends:
     ‘Matrix’ ‘gamlss’ ‘rgenoud’ ‘spam’ ‘zoo’
     Please remove these calls from your code.
    Packages in Depends field not imported from:
     ‘MASS’ ‘colorspace’ ‘gamlss’ ‘gamlss.add’ ‘rgenoud’ ‘spam’ ‘zoo’
     These packages need to be imported from (in the NAMESPACE file)
     for when this namespace is loaded but not attached.
    See the information on DESCRIPTION files in the chapter ‘Creating R
    packages’ of the ‘Writing R Extensions’ manual.
Flavors: r-devel-linux-x86_64-debian-clang, r-devel-linux-x86_64-debian-gcc, r-devel-linux-x86_64-fedora-clang, r-devel-linux-x86_64-fedora-gcc, r-devel-osx-x86_64-clang, r-devel-windows-ix86+x86_64, r-patched-linux-x86_64, r-patched-solaris-sparc, r-patched-solaris-x86, r-release-linux-ix86, r-release-linux-x86_64, r-release-osx-x86_64-mavericks, r-release-windows-ix86+x86_64, r-oldrel-windows-ix86+x86_64

Version: 4.2-7
Check: package dependencies
Result: ERROR
    Packages required but not available: ‘zoo’ ‘spam’
    
    Depends: includes the non-default packages:
     ‘gamlss’ ‘colorspace’ ‘Matrix’ ‘MASS’ ‘rgenoud’ ‘zoo’ ‘gamlss.add’
     ‘spam’
    Adding so many packages to the search path is excessive and importing
    selectively is preferable.
    
    See the information on DESCRIPTION files in the chapter ‘Creating R
    packages’ of the ‘Writing R Extensions’ manual.
Flavor: r-devel-osx-x86_64-gcc

Version: 4.2-7
Check: PDF version of manual
Result: WARNING
    LaTeX errors when creating PDF version.
    This typically indicates Rd problems.
    LaTeX errors found:
    ! LaTeX Error: File `upquote.sty' not found.
    
    Type X to quit or <RETURN> to proceed,
    or enter new name. (Default extension: sty)
    
    25dffe1/Rd2.tex:8: ==> Fatal error occurred, no output PDF file produced!
Flavor: r-release-osx-x86_64-mavericks

Version: 4.2-7
Check: dependencies in R code
Result: NOTE
    'library' or 'require' calls to packages already attached by Depends:
     'Matrix' 'gamlss' 'rgenoud' 'spam' 'zoo'
     Please remove these calls from your code.
    Packages in Depends field not imported from:
     'MASS' 'colorspace' 'gamlss' 'gamlss.add' 'rgenoud' 'spam' 'zoo'
     These packages need to be imported from for the case when
     this namespace is loaded but not attached.
    See the information on DESCRIPTION files in the chapter 'Creating R
    packages' of the 'Writing R Extensions' manual.
Flavor: r-release-osx-x86_64-snowleopard