CRAN Package Check Results for Package gamlss.util

Last updated on 2015-05-22 23:47:58.

Flavor Version Tinstall Tcheck Ttotal Status Flags
r-devel-linux-x86_64-debian-clang 4.3-2 1.00 18.77 19.77 NOTE
r-devel-linux-x86_64-debian-gcc 4.3-2 1.05 18.50 19.56 NOTE
r-devel-linux-x86_64-fedora-clang 4.3-2 38.71 NOTE
r-devel-linux-x86_64-fedora-gcc 4.3-2 37.61 NOTE
r-devel-osx-x86_64-clang 4.3-2 41.50 NOTE
r-devel-windows-ix86+x86_64 4.3-2 8.00 30.00 38.00 NOTE
r-patched-linux-x86_64 4.3-2 0.98 18.65 19.63 NOTE
r-patched-solaris-sparc 4.3-2 242.20 NOTE
r-patched-solaris-x86 4.3-2 51.60 NOTE
r-release-linux-x86_64 4.3-2 0.98 18.42 19.40 NOTE
r-release-osx-x86_64-mavericks 4.3-2 NOTE
r-release-osx-x86_64-snowleopard 4.3-2 ERROR
r-release-windows-ix86+x86_64 4.3-2 5.00 29.00 34.00 NOTE
r-oldrel-windows-ix86+x86_64 4.3-2 7.00 37.00 44.00 OK

Check Details

Version: 4.3-2
Check: DESCRIPTION meta-information
Result: NOTE
    Malformed Description field: should contain one or more complete sentences.
Flavors: r-devel-linux-x86_64-debian-clang, r-devel-linux-x86_64-debian-gcc, r-devel-linux-x86_64-fedora-clang, r-devel-linux-x86_64-fedora-gcc, r-devel-osx-x86_64-clang, r-devel-windows-ix86+x86_64, r-patched-linux-x86_64, r-patched-solaris-sparc, r-patched-solaris-x86, r-release-linux-x86_64, r-release-osx-x86_64-mavericks, r-release-windows-ix86+x86_64

Version: 4.3-2
Check: package dependencies
Result: ERROR
    Package required but not available: ‘zoo’
    
    See section ‘The DESCRIPTION file’ in the ‘Writing R Extensions’
    manual.
Flavor: r-release-osx-x86_64-snowleopard