CRAN Package Check Results for Package gamlss.util

Last updated on 2014-11-27 09:47:54.

Flavor Version Tinstall Tcheck Ttotal Status Flags
r-devel-linux-x86_64-debian-clang 4.2-7 5.83 71.58 77.42 NOTE
r-devel-linux-x86_64-debian-gcc 4.2-7 5.57 69.99 75.56 NOTE
r-devel-linux-x86_64-fedora-clang 4.2-7 184.29 NOTE
r-devel-linux-x86_64-fedora-gcc 4.2-7 195.62 NOTE
r-devel-osx-x86_64-clang 4.2-7 143.05 NOTE
r-devel-windows-ix86+x86_64 4.2-7 16.00 101.00 117.00 NOTE
r-patched-linux-x86_64 4.2-7 6.08 72.92 79.00 NOTE
r-patched-solaris-sparc 4.2-7 968.20 NOTE
r-patched-solaris-x86 4.2-7 219.70 NOTE
r-release-linux-ix86 4.2-7 6.81 85.24 92.05 NOTE
r-release-linux-x86_64 4.2-7 6.02 72.72 78.74 NOTE
r-release-osx-x86_64-mavericks 4.2-7 NOTE
r-release-osx-x86_64-snowleopard 4.2-7 NOTE
r-release-windows-ix86+x86_64 4.2-7 18.00 105.00 123.00 NOTE
r-oldrel-windows-ix86+x86_64 4.2-7 17.00 103.00 120.00 NOTE

Check Details

Version: 4.2-7
Check: package dependencies
Result: NOTE
    Depends: includes the non-default packages:
     ‘gamlss’ ‘colorspace’ ‘Matrix’ ‘MASS’ ‘rgenoud’ ‘zoo’ ‘gamlss.add’
     ‘spam’
    Adding so many packages to the search path is excessive and importing
    selectively is preferable.
Flavors: r-devel-linux-x86_64-debian-clang, r-devel-linux-x86_64-debian-gcc, r-devel-linux-x86_64-fedora-clang, r-devel-linux-x86_64-fedora-gcc, r-devel-osx-x86_64-clang, r-devel-windows-ix86+x86_64, r-patched-linux-x86_64, r-patched-solaris-sparc, r-patched-solaris-x86, r-release-linux-ix86, r-release-linux-x86_64, r-release-osx-x86_64-mavericks, r-release-osx-x86_64-snowleopard, r-release-windows-ix86+x86_64

Version: 4.2-7
Check: dependencies in R code
Result: NOTE
    'library' or 'require' calls to packages already attached by Depends:
     ‘Matrix’ ‘gamlss’ ‘rgenoud’ ‘spam’ ‘zoo’
     Please remove these calls from your code.
    Packages in Depends field not imported from:
     ‘MASS’ ‘colorspace’ ‘gamlss’ ‘gamlss.add’ ‘rgenoud’ ‘spam’ ‘zoo’
     These packages need to be imported from (in the NAMESPACE file)
     for when this namespace is loaded but not attached.
    See the information on DESCRIPTION files in the chapter ‘Creating R
    packages’ of the ‘Writing R Extensions’ manual.
Flavors: r-devel-linux-x86_64-debian-clang, r-devel-linux-x86_64-debian-gcc, r-devel-linux-x86_64-fedora-clang, r-devel-linux-x86_64-fedora-gcc, r-devel-osx-x86_64-clang, r-devel-windows-ix86+x86_64, r-patched-linux-x86_64, r-patched-solaris-sparc, r-patched-solaris-x86, r-release-linux-ix86, r-release-linux-x86_64, r-release-osx-x86_64-mavericks, r-release-windows-ix86+x86_64, r-oldrel-windows-ix86+x86_64

Version: 4.2-7
Check: R code for possible problems
Result: NOTE
    Locpoly: no visible global function definition for ‘.hat.WX’
    WLocmean: no visible global function definition for ‘dNO’
    WLocpoly: no visible global function definition for ‘dNO’
    WLocpoly: no visible global function definition for ‘.hat.WX’
    centiles.split: no visible global function definition for ‘is.gamlss’
    centiles.split: no visible global function definition for ‘centiles’
    centiles.ts: no visible global function definition for ‘zoo’
    flexDist: no visible global function definition for ‘diag.spam’
    garmaFit: no visible global function definition for ‘NO’
    garmaFit: no visible global function definition for ‘gamlss’
    garmaFit: no visible global function definition for ‘as.gamlss.family’
    penLS : fnGAIC: no visible global function definition for ‘dNO’
    penLS: no visible global function definition for ‘dNO’
    penReg : fnGAIC: no visible global function definition for ‘dNO’
    penReg: no visible global function definition for ‘dNO’
    penRegQ: no visible global function definition for ‘dNO’
    penRegQ: no visible global function definition for ‘genoud’
    plotSimpleGamlss: no visible global function definition for ‘is.gamlss’
    plotSimpleGamlss: no visible global function definition for
     ‘as.gamlss.family’
    plotSimpleGamlss: no visible binding for global variable ‘NO’
    plotSimpleGamlss: no visible global function definition for
     ‘predictAll’
    plotSimpleGamlss: no visible global function definition for ‘gamlss’
    residuals.penReg: no visible global function definition for ‘qNO’
    residuals.penReg: no visible global function definition for ‘pNO’
    scattersmooth: no visible global function definition for ‘heat_hcl’
Flavors: r-devel-linux-x86_64-debian-clang, r-devel-linux-x86_64-debian-gcc, r-devel-linux-x86_64-fedora-clang, r-devel-linux-x86_64-fedora-gcc, r-devel-osx-x86_64-clang, r-devel-windows-ix86+x86_64, r-patched-linux-x86_64, r-patched-solaris-x86, r-release-linux-ix86, r-release-linux-x86_64, r-release-windows-ix86+x86_64

Version: 4.2-7
Check: dependencies in R code
Result: NOTE
    'library' or 'require' calls to packages already attached by Depends:
     'Matrix' 'gamlss' 'rgenoud' 'spam' 'zoo'
     Please remove these calls from your code.
    Packages in Depends field not imported from:
     'MASS' 'colorspace' 'gamlss' 'gamlss.add' 'rgenoud' 'spam' 'zoo'
     These packages need to be imported from for the case when
     this namespace is loaded but not attached.
    See the information on DESCRIPTION files in the chapter 'Creating R
    packages' of the 'Writing R Extensions' manual.
Flavor: r-release-osx-x86_64-snowleopard