CRAN Package Check Results for Package gamlss.util

Last updated on 2015-04-19 23:49:14.

Flavor Version Tinstall Tcheck Ttotal Status Flags
r-devel-linux-x86_64-debian-clang 4.3-2 1.00 18.95 19.95 NOTE
r-devel-linux-x86_64-debian-gcc 4.3-2 0.98 18.61 19.58 NOTE
r-devel-linux-x86_64-fedora-clang 4.3-2 39.03 NOTE
r-devel-linux-x86_64-fedora-gcc 4.3-2 37.40 NOTE
r-devel-osx-x86_64-clang 4.3-2 40.45 NOTE
r-devel-windows-ix86+x86_64 4.3-2 5.00 39.00 44.00 NOTE
r-patched-linux-x86_64 4.3-2 0.98 18.62 19.60 NOTE
r-patched-solaris-sparc 4.3-2 244.20 NOTE
r-patched-solaris-x86 4.3-2 50.20 NOTE
r-release-linux-x86_64 4.3-2 0.99 18.68 19.67 NOTE
r-release-osx-x86_64-mavericks 4.3-2 NOTE
r-release-osx-x86_64-snowleopard 4.3-2 ERROR
r-release-windows-ix86+x86_64 4.3-2 3.00 28.00 31.00 NOTE
r-oldrel-windows-ix86+x86_64 4.3-2 5.00 42.00 47.00 OK

Check Details

Version: 4.3-2
Check: DESCRIPTION meta-information
Result: NOTE
    Malformed Description field: should contain one or more complete sentences.
Flavors: r-devel-linux-x86_64-debian-clang, r-devel-linux-x86_64-debian-gcc, r-devel-linux-x86_64-fedora-clang, r-devel-linux-x86_64-fedora-gcc, r-devel-osx-x86_64-clang, r-devel-windows-ix86+x86_64, r-patched-linux-x86_64, r-patched-solaris-sparc, r-patched-solaris-x86, r-release-linux-x86_64, r-release-osx-x86_64-mavericks, r-release-windows-ix86+x86_64

Version: 4.3-2
Check: package dependencies
Result: ERROR
    Package required but not available: ‘zoo’
    
    See section ‘The DESCRIPTION file’ in the ‘Writing R Extensions’
    manual.
Flavor: r-release-osx-x86_64-snowleopard