CRAN Package Check Results for Package gamlss.util

Last updated on 2014-09-19 19:48:09.

Flavor Version Tinstall Tcheck Ttotal Status Flags
r-devel-linux-x86_64-debian-clang 4.2-7 5.80 70.40 76.20 NOTE
r-devel-linux-x86_64-debian-gcc 4.2-7 5.74 69.98 75.72 NOTE
r-devel-linux-x86_64-fedora-clang 4.2-7 180.97 NOTE
r-devel-linux-x86_64-fedora-gcc 4.2-7 167.64 NOTE
r-devel-osx-x86_64-clang 4.2-7 135.17 NOTE
r-devel-windows-ix86+x86_64 4.2-7 19.00 97.00 116.00 NOTE
r-patched-linux-x86_64 4.2-7 5.99 74.30 80.30 NOTE
r-patched-solaris-sparc 4.2-7 968.20 NOTE
r-patched-solaris-x86 4.2-7 228.30 NOTE
r-release-linux-ix86 4.2-7 7.16 91.04 98.20 NOTE
r-release-linux-x86_64 4.2-7 6.18 74.94 81.11 NOTE
r-release-osx-x86_64-mavericks 4.2-7 NOTE
r-release-osx-x86_64-snowleopard 4.2-7 NOTE
r-release-windows-ix86+x86_64 4.2-7 17.00 108.00 125.00 NOTE
r-oldrel-windows-ix86+x86_64 4.2-7 20.00 102.00 122.00 NOTE

Check Details

Version: 4.2-7
Check: package dependencies
Result: NOTE
    Depends: includes the non-default packages:
     ‘gamlss’ ‘colorspace’ ‘Matrix’ ‘MASS’ ‘rgenoud’ ‘zoo’ ‘gamlss.add’
     ‘spam’
    Adding so many packages to the search path is excessive and importing
    selectively is preferable.
Flavors: r-devel-linux-x86_64-debian-clang, r-devel-linux-x86_64-debian-gcc, r-devel-linux-x86_64-fedora-clang, r-devel-linux-x86_64-fedora-gcc, r-devel-osx-x86_64-clang, r-devel-windows-ix86+x86_64, r-patched-linux-x86_64, r-patched-solaris-sparc, r-patched-solaris-x86, r-release-linux-ix86, r-release-linux-x86_64, r-release-osx-x86_64-mavericks, r-release-osx-x86_64-snowleopard, r-release-windows-ix86+x86_64

Version: 4.2-7
Check: dependencies in R code
Result: NOTE
    'library' or 'require' calls to packages already attached by Depends:
     ‘Matrix’ ‘gamlss’ ‘rgenoud’ ‘spam’ ‘zoo’
     Please remove these calls from your code.
    Packages in Depends field not imported from:
     ‘MASS’ ‘colorspace’ ‘gamlss’ ‘gamlss.add’ ‘rgenoud’ ‘spam’ ‘zoo’
     These packages need to be imported from (in the NAMESPACE file)
     for when this namespace is loaded but not attached.
    See the information on DESCRIPTION files in the chapter ‘Creating R
    packages’ of the ‘Writing R Extensions’ manual.
Flavors: r-devel-linux-x86_64-debian-clang, r-devel-linux-x86_64-debian-gcc, r-devel-linux-x86_64-fedora-clang, r-devel-linux-x86_64-fedora-gcc, r-devel-osx-x86_64-clang, r-devel-windows-ix86+x86_64, r-patched-linux-x86_64, r-patched-solaris-sparc, r-patched-solaris-x86, r-release-linux-ix86, r-release-linux-x86_64, r-release-osx-x86_64-mavericks, r-release-windows-ix86+x86_64, r-oldrel-windows-ix86+x86_64

Version: 4.2-7
Check: R code for possible problems
Result: NOTE
    Locpoly: no visible global function definition for ‘.hat.WX’
    WLocmean: no visible global function definition for ‘dNO’
    WLocpoly: no visible global function definition for ‘dNO’
    WLocpoly: no visible global function definition for ‘.hat.WX’
    centiles.split: no visible global function definition for ‘is.gamlss’
    centiles.split: no visible global function definition for ‘centiles’
    centiles.ts: no visible global function definition for ‘zoo’
    flexDist: no visible global function definition for ‘diag.spam’
    garmaFit: no visible global function definition for ‘NO’
    garmaFit: no visible global function definition for ‘gamlss’
    garmaFit: no visible global function definition for ‘as.gamlss.family’
    penLS : fnGAIC: no visible global function definition for ‘dNO’
    penLS: no visible global function definition for ‘dNO’
    penReg : fnGAIC: no visible global function definition for ‘dNO’
    penReg: no visible global function definition for ‘dNO’
    penRegQ: no visible global function definition for ‘dNO’
    penRegQ: no visible global function definition for ‘genoud’
    plotSimpleGamlss: no visible global function definition for ‘is.gamlss’
    plotSimpleGamlss: no visible global function definition for
     ‘as.gamlss.family’
    plotSimpleGamlss: no visible binding for global variable ‘NO’
    plotSimpleGamlss: no visible global function definition for
     ‘predictAll’
    plotSimpleGamlss: no visible global function definition for ‘gamlss’
    residuals.penReg: no visible global function definition for ‘qNO’
    residuals.penReg: no visible global function definition for ‘pNO’
    scattersmooth: no visible global function definition for ‘heat_hcl’
Flavors: r-devel-linux-x86_64-debian-clang, r-devel-linux-x86_64-debian-gcc, r-devel-linux-x86_64-fedora-clang, r-devel-linux-x86_64-fedora-gcc, r-devel-osx-x86_64-clang, r-devel-windows-ix86+x86_64

Version: 4.2-7
Check: dependencies in R code
Result: NOTE
    'library' or 'require' calls to packages already attached by Depends:
     'Matrix' 'gamlss' 'rgenoud' 'spam' 'zoo'
     Please remove these calls from your code.
    Packages in Depends field not imported from:
     'MASS' 'colorspace' 'gamlss' 'gamlss.add' 'rgenoud' 'spam' 'zoo'
     These packages need to be imported from for the case when
     this namespace is loaded but not attached.
    See the information on DESCRIPTION files in the chapter 'Creating R
    packages' of the 'Writing R Extensions' manual.
Flavor: r-release-osx-x86_64-snowleopard