CRAN Package Check Results for Package gamm4

Last updated on 2016-06-26 16:46:41.

Flavor Version Tinstall Tcheck Ttotal Status Flags
r-devel-linux-x86_64-debian-gcc 0.2-3 3.24 40.96 44.19 NOTE
r-devel-linux-x86_64-fedora-clang 0.2-3 89.43 NOTE
r-devel-linux-x86_64-fedora-gcc 0.2-3 83.69 NOTE
r-devel-osx-x86_64-clang 0.2-3 69.36 NOTE
r-devel-windows-ix86+x86_64 0.2-3 12.00 79.00 91.00 NOTE
r-patched-linux-x86_64 0.2-3 3.34 40.85 44.20 NOTE
r-patched-solaris-sparc 0.2-3 532.40 NOTE
r-patched-solaris-x86 0.2-3 117.40 NOTE
r-release-linux-x86_64 0.2-3 3.23 40.68 43.91 NOTE
r-release-osx-x86_64-mavericks 0.2-3 NOTE
r-release-windows-ix86+x86_64 0.2-3 9.00 71.00 80.00 NOTE
r-oldrel-windows-ix86+x86_64 0.2-3 14.00 82.00 96.00 OK

Check Details

Version: 0.2-3
Check: R code for possible problems
Result: NOTE
    gamm4: no visible global function definition for ‘gaussian’
    gamm4: no visible global function definition for ‘packageVersion’
    gamm4: no visible global function definition for ‘as.formula’
    gamm4: no visible global function definition for ‘delete.response’
    gamm4: no visible global function definition for ‘reformulate’
    gamm4: no visible global function definition for ‘residuals’
    gamm4: no visible global function definition for ‘deviance’
    gamm4.oldwork: no visible global function definition for ‘deviance’
    Undefined global functions or variables:
     as.formula delete.response deviance gaussian packageVersion
     reformulate residuals
    Consider adding
     importFrom("stats", "as.formula", "delete.response", "deviance",
     "gaussian", "reformulate", "residuals")
     importFrom("utils", "packageVersion")
    to your NAMESPACE file.
Flavors: r-devel-linux-x86_64-debian-gcc, r-devel-linux-x86_64-fedora-clang, r-devel-linux-x86_64-fedora-gcc, r-devel-osx-x86_64-clang, r-devel-windows-ix86+x86_64, r-patched-linux-x86_64, r-patched-solaris-sparc, r-patched-solaris-x86, r-release-linux-x86_64, r-release-osx-x86_64-mavericks, r-release-windows-ix86+x86_64