CRAN Package Check Results for Package gamm4

Last updated on 2016-05-29 06:46:43.

Flavor Version Tinstall Tcheck Ttotal Status Flags
r-devel-linux-x86_64-debian-gcc 0.2-3 3.29 40.17 43.47 NOTE
r-devel-linux-x86_64-fedora-clang 0.2-3 109.97 NOTE
r-devel-linux-x86_64-fedora-gcc 0.2-3 85.34 NOTE
r-devel-osx-x86_64-clang 0.2-3 90.53 NOTE
r-devel-windows-ix86+x86_64 0.2-3 8.00 81.00 89.00 NOTE
r-patched-linux-x86_64 0.2-3 3.17 40.03 43.20 NOTE
r-patched-solaris-sparc 0.2-3 522.10 NOTE
r-patched-solaris-x86 0.2-3 116.10 NOTE
r-release-linux-x86_64 0.2-3 3.22 39.65 42.87 NOTE
r-release-osx-x86_64-mavericks 0.2-3 NOTE
r-release-windows-ix86+x86_64 0.2-3 14.00 80.00 94.00 NOTE
r-oldrel-windows-ix86+x86_64 0.2-3 9.00 78.00 87.00 OK

Check Details

Version: 0.2-3
Check: R code for possible problems
Result: NOTE
    gamm4: no visible global function definition for ‘gaussian’
    gamm4: no visible global function definition for ‘packageVersion’
    gamm4: no visible global function definition for ‘as.formula’
    gamm4: no visible global function definition for ‘delete.response’
    gamm4: no visible global function definition for ‘reformulate’
    gamm4: no visible global function definition for ‘residuals’
    gamm4: no visible global function definition for ‘deviance’
    gamm4.oldwork: no visible global function definition for ‘deviance’
    Undefined global functions or variables:
     as.formula delete.response deviance gaussian packageVersion
     reformulate residuals
    Consider adding
     importFrom("stats", "as.formula", "delete.response", "deviance",
     "gaussian", "reformulate", "residuals")
     importFrom("utils", "packageVersion")
    to your NAMESPACE file.
Flavors: r-devel-linux-x86_64-debian-gcc, r-devel-linux-x86_64-fedora-clang, r-devel-linux-x86_64-fedora-gcc, r-devel-osx-x86_64-clang, r-devel-windows-ix86+x86_64, r-patched-linux-x86_64, r-patched-solaris-sparc, r-patched-solaris-x86, r-release-linux-x86_64, r-release-osx-x86_64-mavericks, r-release-windows-ix86+x86_64