CRAN Package Check Results for Package gamm4

Last updated on 2016-02-06 18:50:26.

Flavor Version Tinstall Tcheck Ttotal Status Flags
r-devel-linux-x86_64-debian-gcc 0.2-3 3.22 39.07 42.29 NOTE
r-devel-linux-x86_64-fedora-clang 0.2-3 88.69 NOTE
r-devel-linux-x86_64-fedora-gcc 0.2-3 84.90 NOTE
r-devel-osx-x86_64-clang 0.2-3 89.87 NOTE
r-devel-windows-ix86+x86_64 0.2-3 14.00 72.00 86.00 NOTE
r-patched-linux-x86_64 0.2-3 3.80 43.49 47.29 OK
r-patched-solaris-sparc 0.2-3 589.70 OK
r-patched-solaris-x86 0.2-3 120.80 OK
r-release-linux-x86_64 0.2-3 3.54 43.56 47.09 OK
r-release-osx-x86_64-mavericks 0.2-3 OK
r-release-windows-ix86+x86_64 0.2-3 9.00 62.00 71.00 OK
r-oldrel-windows-ix86+x86_64 0.2-3 20.00 126.00 146.00 OK

Check Details

Version: 0.2-3
Check: R code for possible problems
Result: NOTE
    gamm4: no visible global function definition for ‘gaussian’
    gamm4: no visible global function definition for ‘packageVersion’
    gamm4: no visible global function definition for ‘as.formula’
    gamm4: no visible global function definition for ‘delete.response’
    gamm4: no visible global function definition for ‘reformulate’
    gamm4: no visible global function definition for ‘residuals’
    gamm4: no visible global function definition for ‘deviance’
    gamm4.oldwork: no visible global function definition for ‘deviance’
    Undefined global functions or variables:
     as.formula delete.response deviance gaussian packageVersion
     reformulate residuals
    Consider adding
     importFrom("stats", "as.formula", "delete.response", "deviance",
     "gaussian", "reformulate", "residuals")
     importFrom("utils", "packageVersion")
    to your NAMESPACE file.
Flavors: r-devel-linux-x86_64-debian-gcc, r-devel-linux-x86_64-fedora-clang, r-devel-osx-x86_64-clang

Version: 0.2-3
Check: R code for possible problems
Result: NOTE
    gamm4: no visible global function definition for ‘gaussian’
    gamm4: no visible global function definition for ‘packageVersion’
    gamm4: no visible global function definition for ‘as.formula’
    gamm4: no visible global function definition for ‘delete.response’
    gamm4: no visible global function definition for ‘reformulate’
    gamm4: no visible global function definition for ‘residuals’
    gamm4: no visible global function definition for ‘deviance’
    gamm4.oldwork: no visible global function definition for ‘deviance’
    Undefined global functions or variables:
     as.formula delete.response deviance gaussian packageVersion
     reformulate residuals
    Consider adding
     importFrom("stats", "as.formula", "delete.response", "deviance",
     "gaussian", "reformulate", "residuals")
     importFrom("utils", "packageVersion")
    to your NAMESPACE.
Flavors: r-devel-linux-x86_64-fedora-gcc, r-devel-windows-ix86+x86_64