CRAN Package Check Results for Package gamm4

Last updated on 2015-07-06 23:47:44.

Flavor Version Tinstall Tcheck Ttotal Status Flags
r-devel-linux-x86_64-debian-clang 0.2-3 3.28 44.33 47.61 NOTE
r-devel-linux-x86_64-debian-gcc 0.2-3 3.51 42.42 45.93 NOTE
r-devel-linux-x86_64-fedora-clang 0.2-3 95.08 NOTE
r-devel-linux-x86_64-fedora-gcc 0.2-3 90.10 NOTE
r-devel-osx-x86_64-clang 0.2-3 79.56 OK
r-devel-windows-ix86+x86_64 0.2-3 10.00 63.00 73.00 NOTE
r-patched-linux-x86_64 0.2-3 3.30 43.26 46.56 OK
r-patched-solaris-sparc 0.2-3 614.80 OK
r-patched-solaris-x86 0.2-3 130.50 OK
r-release-linux-x86_64 0.2-3 3.34 42.50 45.84 OK
r-release-osx-x86_64-mavericks 0.2-3 OK
r-release-windows-ix86+x86_64 0.2-3 13.00 62.00 75.00 OK
r-oldrel-windows-ix86+x86_64 0.2-3 13.00 87.00 100.00 OK

Check Details

Version: 0.2-3
Check: R code for possible problems
Result: NOTE
    gamm4: Error while checking: invalid ‘envir’ argument
    gamm4.oldwork: no visible global function definition for ‘deviance’
    Undefined global functions or variables:
     deviance
Flavors: r-devel-linux-x86_64-debian-clang, r-devel-linux-x86_64-debian-gcc, r-devel-linux-x86_64-fedora-clang, r-devel-linux-x86_64-fedora-gcc

Version: 0.2-3
Check: R code for possible problems
Result: NOTE
    gamm4: no visible global function definition for 'gaussian'
    gamm4: no visible global function definition for 'packageVersion'
    gamm4: no visible global function definition for 'as.formula'
    gamm4: no visible global function definition for 'delete.response'
    gamm4: no visible global function definition for 'reformulate'
    gamm4: no visible global function definition for 'residuals'
    gamm4: no visible global function definition for 'deviance'
    gamm4.oldwork: no visible global function definition for 'deviance'
    Undefined global functions or variables:
     as.formula delete.response deviance gaussian packageVersion
     reformulate residuals
Flavor: r-devel-windows-ix86+x86_64