CRAN Package Check Results for Package gamm4

Last updated on 2015-05-30 11:50:15.

Flavor Version Tinstall Tcheck Ttotal Status Flags
r-devel-linux-x86_64-debian-clang 0.2-3 3.58 43.47 47.04 OK
r-devel-linux-x86_64-debian-gcc 0.2-3 3.39 43.00 46.40 OK
r-devel-linux-x86_64-fedora-clang 0.2-3 107.13 OK
r-devel-linux-x86_64-fedora-gcc 0.2-3 95.10 OK
r-devel-osx-x86_64-clang 0.2-3 84.25 OK
r-devel-windows-ix86+x86_64 0.2-3 9.00 64.00 73.00 OK
r-patched-linux-x86_64 0.2-3 3.41 42.75 46.16 OK
r-patched-solaris-sparc 0.2-3 614.80 OK
r-patched-solaris-x86 0.2-3 131.90 OK
r-release-linux-x86_64 0.2-3 5.06 42.36 47.42 OK
r-release-osx-x86_64-mavericks 0.2-3 OK
r-release-osx-x86_64-snowleopard 0.2-3 ERROR
r-release-windows-ix86+x86_64 0.2-3 9.00 63.00 72.00 OK
r-oldrel-windows-ix86+x86_64 0.2-3 14.00 79.00 93.00 OK

Check Details

Version: 0.2-3
Check: R code for possible problems
Result: NOTE
    gamm4: no visible global function definition for ‘REMLcrit’
Flavor: r-release-osx-x86_64-snowleopard

Version: 0.2-3
Check: examples
Result: ERROR
    Running examples in ‘gamm4-Ex.R’ failed
    The error most likely occurred in:
    
    > ### Name: gamm4
    > ### Title: Generalized Additive Mixed Models using lme4 and mgcv
    > ### Aliases: gamm4
    > ### Keywords: models smooth regression
    >
    > ### ** Examples
    >
    > ## NOTE: most examples are flagged as 'do not run' simply to
    > ## save time in package checking on CRAN.
    >
    > ###################################
    > ## A simple additive mixed model...
    > ###################################
    > library(gamm4)
    >
    > set.seed(0)
    > dat <- gamSim(1,n=400,scale=2) ## simulate 4 term additive truth
    Gu & Wahba 4 term additive model
    > ## Now add 20 level random effect `fac'...
    > dat$fac <- fac <- as.factor(sample(1:20,400,replace=TRUE))
    > dat$y <- dat$y + model.matrix(~fac-1)%*%rnorm(20)*.5
    >
    > br <- gamm4(y~s(x0)+x1+s(x2),data=dat,random=~(1|fac))
    Error in gamm4(y ~ s(x0) + x1 + s(x2), data = dat, random = ~(1 | fac)) :
     could not find function "REMLcrit"
    Execution halted
Flavor: r-release-osx-x86_64-snowleopard