CRAN Package Check Results for Package gamm4

Last updated on 2014-04-24 15:50:38.

Flavor Version Tinstall Tcheck Ttotal Status Flags
r-devel-linux-x86_64-debian-clang 0.2-2 5.23 59.74 64.96 OK
r-devel-linux-x86_64-debian-gcc 0.2-2 5.14 60.47 65.61 OK
r-devel-linux-x86_64-fedora-clang 0.2-2 147.76 OK
r-devel-linux-x86_64-fedora-gcc 0.2-2 145.77 OK
r-devel-osx-x86_64-clang 0.2-2 110.48 OK
r-devel-osx-x86_64-gcc 0.2-2 OK
r-devel-windows-ix86+x86_64 0.2-2 12.00 76.00 88.00 OK
r-patched-linux-x86_64 0.2-2 4.82 59.47 64.29 OK
r-patched-solaris-sparc 0.2-2 798.50 OK
r-patched-solaris-x86 0.2-2 179.50 OK
r-release-linux-ix86 0.2-2 7.00 94.00 101.00 OK
r-release-linux-x86_64 0.2-2 4.85 59.42 64.28 OK
r-release-osx-x86_64-mavericks 0.2-2 OK
r-release-osx-x86_64-snowleopard 0.2-2 ERROR
r-release-windows-ix86+x86_64 0.2-2 12.00 84.00 96.00 OK
r-oldrel-windows-ix86+x86_64 0.2-2 12.00 78.00 90.00 OK

Check Details

Version: 0.2-2
Check: whether package can be installed
Result: ERROR
    Installation failed.
    See ‘/Volumes/XT3/Builds/R-dev-web/QA/Simon/packages/snowleopard-x86_64/results/3.1/gamm4.Rcheck/00install.out’ for details.
Flavor: r-release-osx-x86_64-snowleopard