CRAN Package Check Results for Package gamm4

Last updated on 2015-09-04 16:48:31.

Flavor Version Tinstall Tcheck Ttotal Status Flags
r-devel-linux-x86_64-debian-clang 0.2-3 3.12 41.08 44.21 NOTE
r-devel-linux-x86_64-debian-gcc 0.2-3 3.16 40.99 44.15 NOTE
r-devel-linux-x86_64-fedora-clang 0.2-3 92.10 NOTE
r-devel-linux-x86_64-fedora-gcc 0.2-3 91.80 NOTE
r-devel-osx-x86_64-clang 0.2-3 77.14 OK
r-devel-windows-ix86+x86_64 0.2-3 8.00 67.00 75.00 NOTE
r-patched-linux-x86_64 0.2-3 3.42 44.42 47.84 OK
r-patched-solaris-sparc 0.2-3 627.60 OK
r-patched-solaris-x86 0.2-3 130.00 OK
r-release-linux-x86_64 0.2-3 3.42 44.44 47.86 OK
r-release-osx-x86_64-mavericks 0.2-3 OK
r-release-windows-ix86+x86_64 0.2-3 13.00 99.00 112.00 OK
r-oldrel-windows-ix86+x86_64 0.2-3 12.00 118.00 130.00 OK

Check Details

Version: 0.2-3
Check: R code for possible problems
Result: NOTE
    gamm4: no visible global function definition for ‘gaussian’
    gamm4: no visible global function definition for ‘packageVersion’
    gamm4: no visible global function definition for ‘as.formula’
    gamm4: no visible global function definition for ‘delete.response’
    gamm4: no visible global function definition for ‘reformulate’
    gamm4: no visible global function definition for ‘residuals’
    gamm4: no visible global function definition for ‘deviance’
    gamm4.oldwork: no visible global function definition for ‘deviance’
    Undefined global functions or variables:
     as.formula delete.response deviance gaussian packageVersion
     reformulate residuals
    Consider adding
     importFrom("stats", "as.formula", "delete.response", "deviance",
     "gaussian", "reformulate", "residuals")
     importFrom("utils", "packageVersion")
    to your NAMESPACE.
Flavors: r-devel-linux-x86_64-debian-clang, r-devel-linux-x86_64-debian-gcc, r-devel-linux-x86_64-fedora-clang, r-devel-linux-x86_64-fedora-gcc, r-devel-windows-ix86+x86_64