CRAN Package Check Results for Package gamm4

Last updated on 2016-08-26 09:53:42.

Flavor Version Tinstall Tcheck Ttotal Status Flags
r-devel-linux-x86_64-debian-clang 0.2-3 3.23 43.01 46.24 NOTE
r-devel-linux-x86_64-debian-gcc 0.2-3 4.22 52.18 56.40 NOTE
r-devel-linux-x86_64-fedora-clang 0.2-3 91.73 NOTE
r-devel-linux-x86_64-fedora-gcc 0.2-3 83.85 NOTE
r-devel-osx-x86_64-clang 0.2-3 71.65 NOTE
r-devel-windows-ix86+x86_64 0.2-3 12.00 73.00 85.00 NOTE
r-patched-linux-x86_64 0.2-3 3.03 39.32 42.35 NOTE
r-patched-solaris-sparc 0.2-3 500.10 NOTE
r-patched-solaris-x86 0.2-3 114.80 NOTE
r-release-linux-x86_64 0.2-3 3.55 39.99 43.55 NOTE
r-release-osx-x86_64-mavericks 0.2-3 NOTE
r-release-windows-ix86+x86_64 0.2-3 7.00 71.00 78.00 NOTE
r-oldrel-windows-ix86+x86_64 0.2-3 10.00 86.00 96.00 NOTE

Check Details

Version: 0.2-3
Check: dependencies in R code
Result: NOTE
    ':::' call which should be '::': ‘mgcv:::smooth2random’
     See the note in ?`:::` about the use of this operator.
Flavors: r-devel-linux-x86_64-debian-clang, r-devel-linux-x86_64-debian-gcc, r-devel-linux-x86_64-fedora-clang, r-devel-linux-x86_64-fedora-gcc, r-devel-osx-x86_64-clang, r-devel-windows-ix86+x86_64, r-patched-linux-x86_64, r-patched-solaris-sparc, r-patched-solaris-x86, r-release-linux-x86_64, r-release-windows-ix86+x86_64, r-oldrel-windows-ix86+x86_64

Version: 0.2-3
Check: R code for possible problems
Result: NOTE
    gamm4: no visible global function definition for ‘gaussian’
    gamm4: no visible global function definition for ‘packageVersion’
    gamm4: no visible global function definition for ‘as.formula’
    gamm4: no visible global function definition for ‘delete.response’
    gamm4: no visible global function definition for ‘reformulate’
    gamm4: no visible global function definition for ‘residuals’
    gamm4: no visible global function definition for ‘deviance’
    gamm4.oldwork: no visible global function definition for ‘deviance’
    Undefined global functions or variables:
     as.formula delete.response deviance gaussian packageVersion
     reformulate residuals
    Consider adding
     importFrom("stats", "as.formula", "delete.response", "deviance",
     "gaussian", "reformulate", "residuals")
     importFrom("utils", "packageVersion")
    to your NAMESPACE file.
Flavors: r-devel-linux-x86_64-debian-clang, r-devel-linux-x86_64-debian-gcc, r-devel-linux-x86_64-fedora-clang, r-devel-linux-x86_64-fedora-gcc, r-devel-osx-x86_64-clang, r-devel-windows-ix86+x86_64, r-patched-linux-x86_64, r-patched-solaris-sparc, r-patched-solaris-x86, r-release-linux-x86_64, r-release-osx-x86_64-mavericks, r-release-windows-ix86+x86_64