CRAN Package Check Results for Package gamm4

Last updated on 2015-08-02 03:48:10.

Flavor Version Tinstall Tcheck Ttotal Status Flags
r-devel-linux-x86_64-debian-clang 0.2-3 3.47 45.21 48.68 NOTE
r-devel-linux-x86_64-debian-gcc 0.2-3 3.59 43.43 47.02 NOTE
r-devel-linux-x86_64-fedora-clang 0.2-3 98.85 NOTE
r-devel-linux-x86_64-fedora-gcc 0.2-3 92.84 NOTE
r-devel-osx-x86_64-clang 0.2-3 79.87 OK
r-devel-windows-ix86+x86_64 0.2-3 10.00 73.00 83.00 NOTE
r-patched-linux-x86_64 0.2-3 3.37 44.54 47.91 OK
r-patched-solaris-sparc 0.2-3 627.60 OK
r-patched-solaris-x86 0.2-3 129.90 OK
r-release-linux-x86_64 0.2-3 3.36 43.34 46.69 OK
r-release-osx-x86_64-mavericks 0.2-3 OK
r-release-windows-ix86+x86_64 0.2-3 13.00 73.00 86.00 OK
r-oldrel-windows-ix86+x86_64 0.2-3 19.00 94.00 113.00 OK

Check Details

Version: 0.2-3
Check: R code for possible problems
Result: NOTE
    gamm4: no visible global function definition for ‘gaussian’
    gamm4: no visible global function definition for ‘packageVersion’
    gamm4: no visible global function definition for ‘as.formula’
    gamm4: no visible global function definition for ‘delete.response’
    gamm4: no visible global function definition for ‘reformulate’
    gamm4: no visible global function definition for ‘residuals’
    gamm4: no visible global function definition for ‘deviance’
    gamm4.oldwork: no visible global function definition for ‘deviance’
    Undefined global functions or variables:
     as.formula delete.response deviance gaussian packageVersion
     reformulate residuals
    Consider adding
     importFrom("stats", "as.formula", "delete.response", "deviance",
     "gaussian", "reformulate", "residuals")
     importFrom("utils", "packageVersion")
    to your NAMESPACE.
Flavors: r-devel-linux-x86_64-debian-clang, r-devel-linux-x86_64-debian-gcc, r-devel-linux-x86_64-fedora-clang, r-devel-linux-x86_64-fedora-gcc, r-devel-windows-ix86+x86_64