CRAN Package Check Results for Package gammSlice

Last updated on 2014-08-21 15:47:42.

Flavor Version Tinstall Tcheck Ttotal Status Flags
r-release-linux-ix86 1.2-6 6.27 51.43 57.70 NOTE
r-release-osx-x86_64-snowleopard 1.2-6 ERROR

Check Details

Version: 1.2-6
Check: R code for possible problems
Result: NOTE
    Found an obsolete/platform-specific call in the following function:
     ‘summMCMC’
    Found the platform-specific device:
     ‘x11’
    dev.new() is the preferred way to open a new device, in the unlikely
    event one is needed.
Flavor: r-release-linux-ix86

Version: 1.2-6
Check: whether package can be installed
Result: ERROR
    Installation failed.
Flavor: r-release-osx-x86_64-snowleopard