CRAN Package Check Results for Package gammSlice

Last updated on 2014-04-18 17:48:02.

Flavor Version Tinstall Tcheck Ttotal Status Flags
r-devel-linux-x86_64-debian-clang 1.2-6 5.02 43.05 48.07 NOTE
r-devel-linux-x86_64-debian-gcc NOTE
r-devel-linux-x86_64-fedora-clang 1.2-6 110.77 NOTE
r-devel-linux-x86_64-fedora-gcc 1.2-6 104.35 NOTE
r-devel-macosx-x86_64-clang 1.2-6 87.99 NOTE
r-devel-macosx-x86_64-gcc 1.2-6 OK
r-devel-windows-ix86+x86_64 1.2-6 21.00 71.00 92.00 NOTE
r-patched-linux-x86_64 1.2-6 5.26 43.78 49.04 NOTE
r-patched-solaris-sparc 1.2-6 560.70 NOTE
r-patched-solaris-x86 1.2-6 139.70 NOTE
r-release-linux-ix86 1.2-6 11.00 70.00 81.00 NOTE
r-release-linux-x86_64 1.2-6 5.05 43.16 48.20 NOTE
r-release-macosx-x86_64 1.2-6 ERROR
r-release-windows-ix86+x86_64 1.2-6 20.00 74.00 94.00 NOTE
r-oldrel-windows-ix86+x86_64 1.2-6 21.00 74.00 95.00 NOTE

Check Details

Version: 1.2-6
Check: R code for possible problems
Result: NOTE
    Found an obsolete/platform-specific call in the following function:
     ‘summMCMC’
    Found the platform-specific device:
     ‘x11’
    dev.new() is the preferred way to open a new device, in the unlikely
    event one is needed.
Flavors: r-devel-linux-x86_64-debian-clang, r-devel-linux-x86_64-debian-gcc, r-devel-linux-x86_64-fedora-clang, r-devel-linux-x86_64-fedora-gcc, r-devel-macosx-x86_64-clang, r-patched-linux-x86_64, r-patched-solaris-sparc, r-patched-solaris-x86, r-release-linux-ix86, r-release-linux-x86_64

Version: 1.2-6
Check: Rd line widths
Result: NOTE
    Rd file 'gSlc.control.Rd':
     \usage lines wider than 90 characters:
     gSlc.control(nBurnin = 5000, nIter = 5000, nThin = 5, fixedEffPriorVar = 1e10, sdPriorScale = 1e5)
    
    These lines will be truncated in the PDF manual.
Flavors: r-devel-linux-x86_64-fedora-clang, r-devel-linux-x86_64-fedora-gcc

Version: 1.2-6
Check: dependencies in R code
Result: NOTE
    'library' or 'require' calls to packages already attached by Depends:
     'KernSmooth' 'lattice' 'mgcv'
     Please remove these calls from your code.
    See the information on DESCRIPTION files in the chapter 'Creating R
    packages' of the 'Writing R Extensions' manual.
Flavors: r-devel-windows-ix86+x86_64, r-release-windows-ix86+x86_64, r-oldrel-windows-ix86+x86_64

Version: 1.2-6
Check: whether package can be installed
Result: ERROR
    Installation failed.
    See ‘/Volumes/XT3/Builds/R-dev-web/QA/Simon/packages/snowleopard-x86_64/results/3.1/gammSlice.Rcheck/00install.out’ for details.
Flavor: r-release-macosx-x86_64