CRAN Package Check Results for Package gammSlice

Last updated on 2015-03-04 00:47:07.

Flavor Version Tinstall Tcheck Ttotal Status Flags
r-devel-linux-x86_64-debian-clang 1.3 4.27 34.65 38.92 NOTE
r-devel-linux-x86_64-debian-gcc 1.3 4.10 33.09 37.19 NOTE
r-devel-linux-x86_64-fedora-clang 1.3 79.32 NOTE
r-devel-linux-x86_64-fedora-gcc 1.3 73.66 NOTE
r-devel-osx-x86_64-clang 1.3 70.24 NOTE
r-devel-windows-ix86+x86_64 1.3 19.00 67.00 86.00 OK
r-patched-linux-x86_64 1.3 5.08 42.30 47.38 OK
r-patched-solaris-sparc 1.3 606.20 OK
r-patched-solaris-x86 1.3 137.10 OK
r-release-linux-ix86 1.3 5.93 51.30 57.24 OK
r-release-linux-x86_64 1.3 5.01 42.39 47.40 OK
r-release-osx-x86_64-mavericks 1.3 OK
r-release-osx-x86_64-snowleopard 1.3 OK
r-release-windows-ix86+x86_64 1.3 33.00 84.00 117.00 OK
r-oldrel-windows-ix86+x86_64 1.3 21.00 83.00 104.00 OK

Check Details

Version: 1.3
Check: S3 generic/method consistency
Result: NOTE
    Found the following apparent S3 methods exported but not registered:
     plot.gSlc summary.gSlc
    See section ‘Registering S3 methods’ in the ‘Writing R Extensions’
    manual.
Flavors: r-devel-linux-x86_64-debian-clang, r-devel-linux-x86_64-debian-gcc, r-devel-linux-x86_64-fedora-clang, r-devel-linux-x86_64-fedora-gcc, r-devel-osx-x86_64-clang