CRAN Package Check Results for Package gammSlice

Last updated on 2018-05-22 22:48:30 CEST.

Flavor Version Tinstall Tcheck Ttotal Status Flags
r-devel-linux-x86_64-debian-clang 2.0-1 5.60 69.60 75.20 OK
r-devel-linux-x86_64-debian-gcc 2.0-1 6.03 55.05 61.08 OK
r-devel-linux-x86_64-fedora-clang 2.0-1 50.37 OK
r-devel-linux-x86_64-fedora-gcc 2.0-1 47.91 OK
r-devel-windows-ix86+x86_64 2.0-1 26.00 160.00 186.00 OK
r-patched-solaris-x86 2.0-1 111.90 OK
r-release-linux-x86_64 2.0-1 5.96 60.76 66.72 OK
r-release-windows-ix86+x86_64 2.0-1 18.00 147.00 165.00 OK
r-release-osx-x86_64 2.0-1 OK
r-oldrel-osx-x86_64 1.3 NOTE

Check Details

Version: 1.3
Check: R code for possible problems
Result: NOTE
    gSlc: no visible global function definition for ‘par’
    gSlc : blankPlot: no visible global function definition for ‘plot’
    gSlc: no visible global function definition for ‘text’
    gSlc: no visible global function definition for ‘quantile’
    gSlc: no visible global function definition for ‘rect’
    gSlcSim : getobs: no visible global function definition for ‘rbinom’
    gSlcSim : getobs: no visible global function definition for ‘rpois’
    gSlcSim: no visible global function definition for ‘rnorm’
    gSlcSim: no visible global function definition for ‘runif’
    interpret.gSlc: no visible global function definition for
     ‘terms.formula’
    interpret.gSlc: no visible global function definition for ‘as.formula’
    interpret.gSlc: no visible global function definition for ‘reformulate’
    plot.gSlc : upper.perc: no visible global function definition for
     ‘quantile’
    plot.gSlc : lower.perc: no visible global function definition for
     ‘quantile’
    plot.gSlc: no visible global function definition for ‘quantile’
    plot.gSlc: no visible global function definition for ‘par’
    plot.gSlc: no visible global function definition for ‘plot’
    plot.gSlc: no visible global function definition for ‘polygon’
    plot.gSlc: no visible global function definition for ‘lines’
    summMCMC: no visible global function definition for ‘pdf’
    summMCMC: no visible global function definition for ‘postscript’
    summMCMC: no visible global function definition for ‘par’
    summMCMC : empty.panel: no visible global function definition for
     ‘plot’
    summMCMC: no visible global function definition for ‘text’
    summMCMC: no visible global function definition for ‘dev.new’
    summMCMC: no visible global function definition for ‘plot’
    summMCMC: no visible global function definition for ‘points’
    summMCMC: no visible global function definition for ‘acf’
    summMCMC: no visible global function definition for ‘lines’
    summMCMC: no visible global function definition for ‘quantile’
    summary.gSlc: no visible global function definition for ‘par’
    Undefined global functions or variables:
     acf as.formula dev.new lines par pdf plot points polygon postscript
     quantile rbinom rect reformulate rnorm rpois runif terms.formula text
    Consider adding
     importFrom("grDevices", "dev.new", "pdf", "postscript")
     importFrom("graphics", "lines", "par", "plot", "points", "polygon",
     "rect", "text")
     importFrom("stats", "acf", "as.formula", "quantile", "rbinom",
     "reformulate", "rnorm", "rpois", "runif", "terms.formula")
    to your NAMESPACE file.
Flavor: r-oldrel-osx-x86_64