CRAN Package Check Results for Package gammSlice

Last updated on 2017-12-18 10:47:13 CET.

Flavor Version Tinstall Tcheck Ttotal Status Flags
r-devel-linux-x86_64-debian-clang 1.3 5.17 44.06 49.23 NOTE
r-devel-linux-x86_64-debian-gcc 1.3 3.96 39.56 43.52 NOTE
r-devel-linux-x86_64-fedora-clang 1.3 71.83 NOTE
r-devel-linux-x86_64-fedora-gcc 1.3 73.78 NOTE
r-devel-windows-ix86+x86_64 1.3 20.00 72.00 92.00 NOTE
r-patched-linux-x86_64 1.3 5.13 54.98 60.11 NOTE
r-patched-solaris-x86 1.3 119.40 NOTE
r-release-linux-x86_64 1.3 4.89 53.97 58.86 NOTE
r-release-windows-ix86+x86_64 1.3 20.00 101.00 121.00 NOTE
r-release-osx-x86_64 1.3 NOTE
r-oldrel-windows-ix86+x86_64 1.3 26.00 98.00 124.00 NOTE
r-oldrel-osx-x86_64 1.3 NOTE

Check Details

Version: 1.3
Check: S3 generic/method consistency
Result: NOTE
    Found the following apparent S3 methods exported but not registered:
     plot.gSlc summary.gSlc
    See section ‘Registering S3 methods’ in the ‘Writing R Extensions’
    manual.
Flavors: r-devel-linux-x86_64-debian-clang, r-devel-linux-x86_64-debian-gcc, r-devel-linux-x86_64-fedora-clang, r-devel-linux-x86_64-fedora-gcc, r-patched-linux-x86_64, r-patched-solaris-x86, r-release-linux-x86_64

Version: 1.3
Check: R code for possible problems
Result: NOTE
    gSlc: no visible global function definition for ‘par’
    gSlc : blankPlot: no visible global function definition for ‘plot’
    gSlc: no visible global function definition for ‘text’
    gSlc: no visible global function definition for ‘quantile’
    gSlc: no visible global function definition for ‘rect’
    gSlcSim : getobs: no visible global function definition for ‘rbinom’
    gSlcSim : getobs: no visible global function definition for ‘rpois’
    gSlcSim: no visible global function definition for ‘rnorm’
    gSlcSim: no visible global function definition for ‘runif’
    interpret.gSlc: no visible global function definition for
     ‘terms.formula’
    interpret.gSlc: no visible global function definition for ‘as.formula’
    interpret.gSlc: no visible global function definition for ‘reformulate’
    plot.gSlc : upper.perc: no visible global function definition for
     ‘quantile’
    plot.gSlc : lower.perc: no visible global function definition for
     ‘quantile’
    plot.gSlc: no visible global function definition for ‘quantile’
    plot.gSlc: no visible global function definition for ‘par’
    plot.gSlc: no visible global function definition for ‘plot’
    plot.gSlc: no visible global function definition for ‘polygon’
    plot.gSlc: no visible global function definition for ‘lines’
    summMCMC: no visible global function definition for ‘pdf’
    summMCMC: no visible global function definition for ‘postscript’
    summMCMC: no visible global function definition for ‘par’
    summMCMC : empty.panel: no visible global function definition for
     ‘plot’
    summMCMC: no visible global function definition for ‘text’
    summMCMC: no visible global function definition for ‘dev.new’
    summMCMC: no visible global function definition for ‘plot’
    summMCMC: no visible global function definition for ‘points’
    summMCMC: no visible global function definition for ‘acf’
    summMCMC: no visible global function definition for ‘lines’
    summMCMC: no visible global function definition for ‘quantile’
    summary.gSlc: no visible global function definition for ‘par’
    Undefined global functions or variables:
     acf as.formula dev.new lines par pdf plot points polygon postscript
     quantile rbinom rect reformulate rnorm rpois runif terms.formula text
    Consider adding
     importFrom("grDevices", "dev.new", "pdf", "postscript")
     importFrom("graphics", "lines", "par", "plot", "points", "polygon",
     "rect", "text")
     importFrom("stats", "acf", "as.formula", "quantile", "rbinom",
     "reformulate", "rnorm", "rpois", "runif", "terms.formula")
    to your NAMESPACE file.
Flavors: r-devel-linux-x86_64-debian-clang, r-devel-linux-x86_64-debian-gcc, r-devel-linux-x86_64-fedora-clang, r-devel-linux-x86_64-fedora-gcc, r-devel-windows-ix86+x86_64, r-patched-linux-x86_64, r-patched-solaris-x86, r-release-linux-x86_64, r-release-windows-ix86+x86_64, r-release-osx-x86_64, r-oldrel-windows-ix86+x86_64, r-oldrel-osx-x86_64

Version: 1.3
Check: compiled code
Result: NOTE
    File ‘gammSlice/libs/gammSlice.so’:
     Found no calls to: ‘R_registerRoutines’, ‘R_useDynamicSymbols’
    
    It is good practice to register native routines and to disable symbol
    search.
    
    See ‘Writing portable packages’ in the ‘Writing R Extensions’ manual.
Flavors: r-devel-linux-x86_64-debian-clang, r-devel-linux-x86_64-debian-gcc, r-devel-linux-x86_64-fedora-clang, r-devel-linux-x86_64-fedora-gcc, r-patched-linux-x86_64, r-release-linux-x86_64