CRAN Package Check Results for Package gammSlice

Last updated on 2015-09-01 03:48:56.

Flavor Version Tinstall Tcheck Ttotal Status Flags
r-devel-linux-x86_64-debian-clang 1.3 3.98 33.30 37.28 NOTE
r-devel-linux-x86_64-debian-gcc 1.3 3.93 32.62 36.54 NOTE
r-devel-linux-x86_64-fedora-clang 1.3 75.31 NOTE
r-devel-linux-x86_64-fedora-gcc 1.3 72.42 NOTE
r-devel-osx-x86_64-clang 1.3 63.30 NOTE
r-devel-windows-ix86+x86_64 1.3 25.00 98.00 123.00 NOTE
r-patched-linux-x86_64 1.3 4.06 33.42 37.48 NOTE
r-patched-solaris-sparc 1.3 489.00 NOTE
r-patched-solaris-x86 1.3 114.10 NOTE
r-release-linux-x86_64 1.3 4.40 36.39 40.79 NOTE
r-release-osx-x86_64-mavericks 1.3 OK
r-release-windows-ix86+x86_64 1.3 23.00 73.00 96.00 OK
r-oldrel-windows-ix86+x86_64 1.3 30.00 122.00 152.00 OK

Check Details

Version: 1.3
Check: S3 generic/method consistency
Result: NOTE
    Found the following apparent S3 methods exported but not registered:
     plot.gSlc summary.gSlc
    See section ‘Registering S3 methods’ in the ‘Writing R Extensions’
    manual.
Flavors: r-devel-linux-x86_64-debian-clang, r-devel-linux-x86_64-debian-gcc, r-devel-linux-x86_64-fedora-clang, r-devel-linux-x86_64-fedora-gcc, r-devel-osx-x86_64-clang, r-patched-linux-x86_64, r-patched-solaris-sparc, r-patched-solaris-x86, r-release-linux-x86_64

Version: 1.3
Check: R code for possible problems
Result: NOTE
    gSlc: no visible global function definition for ‘par’
    gSlc : blankPlot: no visible global function definition for ‘plot’
    gSlc: no visible global function definition for ‘text’
    gSlc: no visible global function definition for ‘quantile’
    gSlc: no visible global function definition for ‘rect’
    gSlcSim : getobs: no visible global function definition for ‘rbinom’
    gSlcSim : getobs: no visible global function definition for ‘rpois’
    gSlcSim: no visible global function definition for ‘rnorm’
    gSlcSim: no visible global function definition for ‘runif’
    interpret.gSlc: no visible global function definition for
     ‘terms.formula’
    interpret.gSlc: no visible global function definition for ‘as.formula’
    interpret.gSlc: no visible global function definition for ‘reformulate’
    plot.gSlc : upper.perc: no visible global function definition for
     ‘quantile’
    plot.gSlc : lower.perc: no visible global function definition for
     ‘quantile’
    plot.gSlc: no visible global function definition for ‘quantile’
    plot.gSlc: no visible global function definition for ‘par’
    plot.gSlc: no visible global function definition for ‘plot’
    plot.gSlc: no visible global function definition for ‘polygon’
    plot.gSlc: no visible global function definition for ‘lines’
    summMCMC: no visible global function definition for ‘pdf’
    summMCMC: no visible global function definition for ‘postscript’
    summMCMC: no visible global function definition for ‘par’
    summMCMC : empty.panel: no visible global function definition for
     ‘plot’
    summMCMC: no visible global function definition for ‘text’
    summMCMC: no visible global function definition for ‘dev.new’
    summMCMC: no visible global function definition for ‘plot’
    summMCMC: no visible global function definition for ‘points’
    summMCMC: no visible global function definition for ‘acf’
    summMCMC: no visible global function definition for ‘lines’
    summMCMC: no visible global function definition for ‘quantile’
    summary.gSlc: no visible global function definition for ‘par’
    Undefined global functions or variables:
     acf as.formula dev.new lines par pdf plot points polygon postscript
     quantile rbinom rect reformulate rnorm rpois runif terms.formula text
    Consider adding
     importFrom("grDevices", "dev.new", "pdf", "postscript")
     importFrom("graphics", "lines", "par", "plot", "points", "polygon",
     "rect", "text")
     importFrom("stats", "acf", "as.formula", "quantile", "rbinom",
     "reformulate", "rnorm", "rpois", "runif", "terms.formula")
    to your NAMESPACE.
Flavors: r-devel-linux-x86_64-debian-clang, r-devel-linux-x86_64-debian-gcc, r-devel-linux-x86_64-fedora-clang, r-devel-linux-x86_64-fedora-gcc, r-devel-windows-ix86+x86_64