CRAN Package Check Results for Package gammSlice

Last updated on 2014-07-23 19:49:15.

Flavor Version Tinstall Tcheck Ttotal Status Flags
r-devel-linux-x86_64-debian-clang 1.2-6 5.11 40.64 45.75 NOTE
r-devel-linux-x86_64-debian-gcc 1.2-6 4.97 39.83 44.80 NOTE
r-devel-linux-x86_64-fedora-clang 1.2-6 110.05 NOTE
r-devel-linux-x86_64-fedora-gcc 1.2-6 107.83 NOTE
r-devel-osx-x86_64-clang 1.2-6 86.11 NOTE
r-devel-windows-ix86+x86_64 1.2-6 21.00 72.00 93.00 NOTE
r-patched-linux-x86_64 1.2-6 4.89 40.26 45.15 NOTE
r-patched-solaris-sparc 1.2-6 560.70 NOTE
r-patched-solaris-x86 1.2-6 140.30 NOTE
r-release-linux-ix86 1.2-6 6.38 51.12 57.51 NOTE
r-release-linux-x86_64 1.2-6 4.98 42.16 47.14 NOTE
r-release-osx-x86_64-mavericks 1.2-6 OK
r-release-osx-x86_64-snowleopard 1.2-6 ERROR
r-release-windows-ix86+x86_64 1.2-6 22.00 75.00 97.00 NOTE
r-oldrel-windows-ix86+x86_64 1.2-6 23.00 73.00 96.00 NOTE

Check Details

Version: 1.2-6
Check: R code for possible problems
Result: NOTE
    Found an obsolete/platform-specific call in the following function:
     ‘summMCMC’
    Found the platform-specific device:
     ‘x11’
    dev.new() is the preferred way to open a new device, in the unlikely
    event one is needed.
Flavors: r-devel-linux-x86_64-debian-clang, r-devel-linux-x86_64-debian-gcc, r-devel-linux-x86_64-fedora-clang, r-devel-linux-x86_64-fedora-gcc, r-devel-osx-x86_64-clang, r-patched-linux-x86_64, r-patched-solaris-sparc, r-patched-solaris-x86, r-release-linux-ix86, r-release-linux-x86_64

Version: 1.2-6
Check: Rd line widths
Result: NOTE
    Rd file 'gSlc.control.Rd':
     \usage lines wider than 90 characters:
     gSlc.control(nBurnin = 5000, nIter = 5000, nThin = 5, fixedEffPriorVar = 1e10, sdPriorScale = 1e5)
    
    These lines will be truncated in the PDF manual.
Flavors: r-devel-linux-x86_64-fedora-clang, r-devel-linux-x86_64-fedora-gcc

Version: 1.2-6
Check: dependencies in R code
Result: NOTE
    'library' or 'require' calls to packages already attached by Depends:
     'KernSmooth' 'lattice' 'mgcv'
     Please remove these calls from your code.
    See the information on DESCRIPTION files in the chapter 'Creating R
    packages' of the 'Writing R Extensions' manual.
Flavors: r-devel-windows-ix86+x86_64, r-release-windows-ix86+x86_64, r-oldrel-windows-ix86+x86_64

Version: 1.2-6
Check: whether package can be installed
Result: ERROR
    Installation failed.
    See ‘/Volumes/XT3/Builds/R-dev-web/QA/Simon/packages/snowleopard-x86_64/results/3.1/gammSlice.Rcheck/00install.out’ for details.
Flavor: r-release-osx-x86_64-snowleopard