CRAN Package Check Results for Package gamselBayes

Last updated on 2022-12-03 23:01:28 CET.

Flavor Version Tinstall Tcheck Ttotal Status Flags
r-devel-linux-x86_64-debian-clang 1.0-2 166.09 54.50 220.59 OK
r-devel-linux-x86_64-debian-gcc 1.0-2 120.55 42.65 163.20 OK
r-devel-linux-x86_64-fedora-clang 1.0-2 340.37 NOTE
r-devel-linux-x86_64-fedora-gcc 1.0-2 287.16 NOTE
r-devel-windows-x86_64 1.0-2 142.00 112.00 254.00 OK
r-patched-linux-x86_64 1.0-2 128.47 52.16 180.63 OK
r-release-linux-x86_64 1.0-2 122.56 52.28 174.84 OK
r-release-macos-arm64 1.0-2 65.00 NOTE
r-release-macos-x86_64 1.0-2 87.00 NOTE
r-release-windows-x86_64 1.0-2 167.00 122.00 289.00 OK
r-oldrel-macos-arm64 1.0-2 58.00 NOTE
r-oldrel-macos-x86_64 1.0-2 90.00 NOTE
r-oldrel-windows-ix86+x86_64 1.0-2 379.00 109.00 488.00 OK

Check Details

Version: 1.0-2
Check: dependencies in R code
Result: NOTE
    Namespace in Imports field not imported from: ‘methods’
     All declared Imports should be used.
Flavors: r-devel-linux-x86_64-fedora-clang, r-devel-linux-x86_64-fedora-gcc, r-release-macos-arm64, r-release-macos-x86_64, r-oldrel-macos-arm64, r-oldrel-macos-x86_64

Version: 1.0-2
Check: installed package size
Result: NOTE
     installed size is 8.1Mb
     sub-directories of 1Mb or more:
     doc 2.3Mb
     libs 5.6Mb
Flavors: r-release-macos-arm64, r-release-macos-x86_64, r-oldrel-macos-arm64, r-oldrel-macos-x86_64