CRAN Package Check Results for Package gap

Last updated on 2021-10-22 01:55:05 CEST.

Flavor Version Tinstall Tcheck Ttotal Status Flags
r-devel-linux-x86_64-debian-clang 1.2.3-1 26.59 117.82 144.41 OK
r-devel-linux-x86_64-debian-gcc 1.2.3-1 17.91 87.05 104.96 OK
r-devel-linux-x86_64-fedora-clang 1.2.3-1 184.40 OK
r-devel-linux-x86_64-fedora-gcc 1.2.3-1 185.82 OK
r-devel-windows-x86_64 1.2.3-1 34.00 123.00 157.00 OK
r-devel-windows-x86_64-gcc10-UCRT 1.2.3-1 OK
r-patched-linux-x86_64 1.2.3-1 25.92 115.09 141.01 OK
r-patched-solaris-x86 1.2.3-1 183.60 OK
r-release-linux-x86_64 1.2.3-1 23.89 113.66 137.55 OK
r-release-macos-arm64 1.2.3-1 NOTE
r-release-macos-x86_64 1.2.3-1 OK
r-release-windows-ix86+x86_64 1.2.3-1 44.00 133.00 177.00 OK
r-oldrel-macos-x86_64 1.2.3-1 OK
r-oldrel-windows-ix86+x86_64 1.2.3-1 54.00 133.00 187.00 OK

Check Details

Version: 1.2.3-1
Check: package dependencies
Result: NOTE
    Package suggested but not available for checking: ‘R2jags’
Flavor: r-release-macos-arm64