Last updated on 2022-07-04 06:51:24 CEST.
Flavor | Version | Tinstall | Tcheck | Ttotal | Status | Flags |
---|---|---|---|---|---|---|
r-devel-linux-x86_64-debian-clang | 0.9.6-1 | 28.48 | 156.62 | 185.10 | OK | |
r-devel-linux-x86_64-debian-gcc | 0.9.6-1 | 23.83 | 118.72 | 142.55 | OK | |
r-devel-linux-x86_64-fedora-clang | 0.9.6-1 | 232.80 | OK | |||
r-devel-linux-x86_64-fedora-gcc | 0.9.6-1 | 232.28 | OK | |||
r-devel-windows-x86_64 | 0.9.6-1 | 30.00 | 189.00 | 219.00 | OK | |
r-patched-linux-x86_64 | 0.9.6-1 | 24.30 | 147.72 | 172.02 | OK | |
r-release-linux-x86_64 | 0.9.6-1 | 27.79 | 147.87 | 175.66 | OK | |
r-release-macos-arm64 | 0.9.6-1 | 69.00 | NOTE | |||
r-release-macos-x86_64 | 0.9.6-1 | 130.00 | NOTE | |||
r-release-windows-x86_64 | 0.9.6-1 | 40.00 | 187.00 | 227.00 | OK | |
r-oldrel-macos-arm64 | 0.9.6-1 | 71.00 | NOTE | |||
r-oldrel-macos-x86_64 | 0.9.6-1 | 91.00 | NOTE | |||
r-oldrel-windows-ix86+x86_64 | 0.9.6-1 | 75.00 | 251.00 | 326.00 | OK |
Version: 0.9.6-1
Check: package dependencies
Result: NOTE
Package which this enhances but not available for checking: ‘doMPI’
Flavors: r-release-macos-arm64, r-release-macos-x86_64, r-oldrel-macos-arm64, r-oldrel-macos-x86_64