CRAN Package Check Results for Package gastempt

Last updated on 2022-07-06 23:52:44 CEST.

Flavor Version Tinstall Tcheck Ttotal Status Flags
r-devel-linux-x86_64-debian-clang 0.5.5 449.12 189.36 638.48 NOTE
r-devel-linux-x86_64-debian-gcc 0.5.5 415.84 160.41 576.25 NOTE
r-devel-linux-x86_64-fedora-clang 0.5.5 908.15 NOTE
r-devel-linux-x86_64-fedora-gcc 0.5.5 981.39 NOTE
r-devel-windows-x86_64 0.5.5 653.00 234.00 887.00 NOTE
r-patched-linux-x86_64 0.5.5 374.45 200.97 575.42 NOTE
r-release-linux-x86_64 0.5.5 337.00 200.13 537.13 NOTE
r-release-macos-arm64 0.5.5 208.00 NOTE
r-release-macos-x86_64 0.5.5 311.00 NOTE
r-release-windows-x86_64 0.5.5 312.00 243.00 555.00 NOTE
r-oldrel-macos-arm64 0.5.5 219.00 NOTE
r-oldrel-macos-x86_64 0.5.5 293.00 NOTE
r-oldrel-windows-ix86+x86_64 0.5.5 532.00 213.00 745.00 NOTE

Check Details

Version: 0.5.5
Check: for GNU extensions in Makefiles
Result: NOTE
    GNU make is a SystemRequirements.
Flavors: r-devel-linux-x86_64-debian-clang, r-devel-linux-x86_64-debian-gcc, r-devel-linux-x86_64-fedora-clang, r-devel-linux-x86_64-fedora-gcc, r-devel-windows-x86_64, r-patched-linux-x86_64, r-release-linux-x86_64, r-release-macos-arm64, r-release-macos-x86_64, r-release-windows-x86_64, r-oldrel-macos-arm64, r-oldrel-macos-x86_64, r-oldrel-windows-ix86+x86_64

Version: 0.5.5
Check: installed package size
Result: NOTE
     installed size is 57.5Mb
     sub-directories of 1Mb or more:
     libs 57.0Mb
Flavors: r-devel-linux-x86_64-fedora-clang, r-release-macos-arm64, r-release-macos-x86_64, r-oldrel-macos-arm64, r-oldrel-macos-x86_64