Last updated on 2023-01-30 19:54:46 CET.
Flavor | Version | Tinstall | Tcheck | Ttotal | Status | Flags |
---|---|---|---|---|---|---|
r-devel-linux-x86_64-debian-clang | 1.5.9 | 758.88 | 123.05 | 881.93 | OK | |
r-devel-linux-x86_64-debian-gcc | 1.5.9 | 588.87 | 106.89 | 695.76 | NOTE | |
r-devel-linux-x86_64-fedora-clang | 1.5.9 | 1250.89 | NOTE | |||
r-devel-linux-x86_64-fedora-gcc | 1.5.9 | 1243.26 | NOTE | |||
r-devel-windows-x86_64 | 1.5.9 | 543.00 | 231.00 | 774.00 | NOTE | |
r-patched-linux-x86_64 | 1.5.9 | 612.03 | 130.49 | 742.52 | OK | |
r-release-linux-x86_64 | 1.5.9 | 640.24 | 128.76 | 769.00 | OK | |
r-release-macos-arm64 | 1.5.9 | 269.00 | NOTE | |||
r-release-macos-x86_64 | 1.5.9 | 347.00 | NOTE | |||
r-release-windows-x86_64 | 1.5.9 | 512.00 | 225.00 | 737.00 | NOTE | |
r-oldrel-macos-arm64 | 1.5.9 | 244.00 | NOTE | |||
r-oldrel-macos-x86_64 | 1.5.9 | 347.00 | NOTE | |||
r-oldrel-windows-ix86+x86_64 | 1.5.9 | 1640.00 | 243.00 | 1883.00 | NOTE |
Version: 1.5.9
Check: C++ specification
Result: NOTE
Specified C++11: please update to current default of C++17
Flavors: r-devel-linux-x86_64-debian-gcc, r-devel-linux-x86_64-fedora-clang, r-devel-linux-x86_64-fedora-gcc, r-devel-windows-x86_64
Version: 1.5.9
Check: installed package size
Result: NOTE
installed size is 5.5Mb
sub-directories of 1Mb or more:
extdata 1.6Mb
libs 1.9Mb
Flavors: r-devel-linux-x86_64-fedora-clang, r-devel-windows-x86_64, r-release-macos-arm64, r-release-macos-x86_64, r-release-windows-x86_64, r-oldrel-macos-arm64, r-oldrel-macos-x86_64, r-oldrel-windows-ix86+x86_64
Version: 1.5.9
Check: Rd cross-references
Result: NOTE
Undeclared package ‘RcppEigen’ in Rd xrefs
Flavor: r-devel-linux-x86_64-fedora-clang