CRAN Package Check Results for Package gatepoints

Last updated on 2024-06-13 17:49:11 CEST.

Flavor Version Tinstall Tcheck Ttotal Status Flags
r-devel-linux-x86_64-debian-clang 0.1.5 2.08 28.60 30.68 OK
r-devel-linux-x86_64-debian-gcc 0.1.5 1.72 21.60 23.32 ERROR
r-devel-linux-x86_64-fedora-clang 0.1.5 40.84 OK
r-devel-linux-x86_64-fedora-gcc 0.1.5 50.71 OK
r-devel-windows-x86_64 0.1.5 2.00 43.00 45.00 OK
r-patched-linux-x86_64 0.1.5 2.25 28.25 30.50 OK
r-release-linux-x86_64 0.1.5 1.81 27.49 29.30 OK
r-release-macos-arm64 0.1.5 21.00 OK
r-release-macos-x86_64 0.1.5 42.00 OK
r-release-windows-x86_64 0.1.5 2.00 43.00 45.00 OK
r-oldrel-macos-arm64 0.1.5 22.00 OK
r-oldrel-macos-x86_64 0.1.5 57.00 OK
r-oldrel-windows-x86_64 0.1.5 4.00 51.00 55.00 OK

Check Details

Version: 0.1.5
Check: package dependencies
Result: NOTE Package suggested but not available for checking: ‘testthat’ Flavor: r-devel-linux-x86_64-debian-gcc

Version: 0.1.5
Check: tests
Result: ERROR Running ‘testthat.R’ [0s/1s] Running the tests in ‘tests/testthat.R’ failed. Complete output: > library(testthat) Error in library(testthat) : there is no package called 'testthat' Execution halted Flavor: r-devel-linux-x86_64-debian-gcc