CRAN Package Check Results for Package gatepoints

Last updated on 2022-08-13 09:54:24 CEST.

Flavor Version Tinstall Tcheck Ttotal Status Flags
r-devel-linux-x86_64-debian-clang 0.1.4 1.76 25.37 27.13 NOTE
r-devel-linux-x86_64-debian-gcc 0.1.4 1.69 19.96 21.65 NOTE
r-devel-linux-x86_64-fedora-clang 0.1.4 44.66 NOTE
r-devel-linux-x86_64-fedora-gcc 0.1.4 43.01 NOTE
r-devel-windows-x86_64 0.1.4 9.00 56.00 65.00 NOTE
r-patched-linux-x86_64 0.1.4 1.87 24.53 26.40 NOTE
r-release-linux-x86_64 0.1.4 2.01 24.75 26.76 NOTE
r-release-macos-arm64 0.1.4 16.00 NOTE
r-release-macos-x86_64 0.1.4 23.00 NOTE
r-release-windows-x86_64 0.1.4 11.00 54.00 65.00 NOTE
r-oldrel-macos-arm64 0.1.4 20.00 NOTE
r-oldrel-macos-x86_64 0.1.4 31.00 NOTE
r-oldrel-windows-ix86+x86_64 0.1.4 6.00 48.00 54.00 NOTE

Check Details

Version: 0.1.4
Check: LazyData
Result: NOTE
     'LazyData' is specified without a 'data' directory
Flavors: r-devel-linux-x86_64-debian-clang, r-devel-linux-x86_64-debian-gcc, r-devel-linux-x86_64-fedora-clang, r-devel-linux-x86_64-fedora-gcc, r-devel-windows-x86_64, r-patched-linux-x86_64, r-release-linux-x86_64, r-release-macos-arm64, r-release-macos-x86_64, r-release-windows-x86_64, r-oldrel-macos-arm64, r-oldrel-macos-x86_64, r-oldrel-windows-ix86+x86_64