Last updated on 2021-01-23 21:49:42 CET.
Flavor | Version | Tinstall | Tcheck | Ttotal | Status | Flags |
---|---|---|---|---|---|---|
r-devel-linux-x86_64-debian-clang | 0.2.3 | 3.27 | 45.69 | 48.96 | OK | |
r-devel-linux-x86_64-debian-gcc | 0.2.3 | 2.22 | 33.64 | 35.86 | OK | |
r-devel-linux-x86_64-fedora-clang | 0.2.3 | 66.19 | OK | |||
r-devel-linux-x86_64-fedora-gcc | 0.2.3 | 56.86 | OK | |||
r-devel-windows-ix86+x86_64 | 0.2.3 | 8.00 | 63.00 | 71.00 | OK | |
r-patched-linux-x86_64 | 0.2.3 | 3.19 | 42.27 | 45.46 | OK | |
r-patched-solaris-x86 | 0.2.3 | 70.70 | OK | |||
r-release-linux-x86_64 | 0.2.3 | 3.72 | 42.72 | 46.44 | OK | |
r-release-macos-x86_64 | 0.2.3 | OK | ||||
r-release-windows-ix86+x86_64 | 0.2.3 | 9.00 | 60.00 | 69.00 | OK | |
r-oldrel-macos-x86_64 | 0.2.3 | ERROR | ||||
r-oldrel-windows-ix86+x86_64 | 0.2.0 | 4.00 | 27.00 | 31.00 | OK |
Version: 0.2.3
Check: whether package can be installed
Result: ERROR
Installation failed.
Flavor: r-oldrel-macos-x86_64