CRAN Package Check Results for Package gb

Last updated on 2015-01-28 01:48:03.

Flavor Version Tinstall Tcheck Ttotal Status Flags
r-devel-linux-x86_64-debian-clang 1.1.8-8 1.38 12.55 13.93 NOTE
r-devel-linux-x86_64-debian-gcc 1.1.8-8 1.51 12.24 13.75 NOTE
r-devel-linux-x86_64-fedora-clang 1.1.8-8 28.77 NOTE
r-devel-linux-x86_64-fedora-gcc 1.1.8-8 28.55 NOTE
r-devel-osx-x86_64-clang 1.1.8-8 28.71 NOTE
r-devel-windows-ix86+x86_64 1.1.8-8 11.00 30.00 41.00 NOTE
r-patched-linux-x86_64 1.1.8-8 1.61 13.47 15.08 NOTE
r-patched-solaris-sparc 1.1.8-8 174.30 NOTE
r-patched-solaris-x86 1.1.8-8 39.80 NOTE
r-release-linux-ix86 1.1.8-8 2.23 20.94 23.18 NOTE
r-release-linux-x86_64 1.1.8-8 1.64 13.23 14.87 NOTE
r-release-osx-x86_64-mavericks 1.1.8-8 NOTE
r-release-osx-x86_64-snowleopard 1.1.8-8 OK
r-release-windows-ix86+x86_64 1.1.8-8 9.00 32.00 41.00 NOTE
r-oldrel-windows-ix86+x86_64 1.1.8-8 9.00 49.00 58.00 NOTE

Check Details

Version: 1.1.8-8
Check: dependencies in R code
Result: NOTE
    Package in Depends field not imported from: ‘boot’
     These packages need to be imported from (in the NAMESPACE file)
     for when this namespace is loaded but not attached.
Flavors: r-devel-linux-x86_64-debian-clang, r-devel-linux-x86_64-debian-gcc, r-devel-linux-x86_64-fedora-clang, r-devel-linux-x86_64-fedora-gcc, r-devel-osx-x86_64-clang, r-devel-windows-ix86+x86_64

Version: 1.1.8-8
Check: S3 generic/method consistency
Result: NOTE
    Found the following apparent S3 methods exported but not registered:
     print.egld print.gld lines.gld plot.egld plot.gld
    See section ‘Registering S3 methods’ in the ‘Writing R Extensions’
    manual.
Flavors: r-devel-linux-x86_64-debian-clang, r-devel-linux-x86_64-debian-gcc, r-devel-linux-x86_64-fedora-clang, r-devel-linux-x86_64-fedora-gcc, r-devel-osx-x86_64-clang

Version: 1.1.8-8
Check: R code for possible problems
Result: NOTE
    gboot: no visible global function definition for ‘boot’
Flavors: r-devel-linux-x86_64-debian-clang, r-devel-linux-x86_64-debian-gcc, r-devel-linux-x86_64-fedora-clang, r-devel-linux-x86_64-fedora-gcc, r-devel-osx-x86_64-clang, r-devel-windows-ix86+x86_64, r-patched-linux-x86_64, r-patched-solaris-sparc, r-patched-solaris-x86, r-release-linux-ix86, r-release-linux-x86_64, r-release-osx-x86_64-mavericks, r-release-windows-ix86+x86_64

Version: 1.1.8-8
Check: dependencies in R code
Result: NOTE
    Package in Depends field not imported from: ‘boot’
     These packages need to be imported from (in the NAMESPACE file)
     for when this namespace is loaded but not attached.
    See the information on DESCRIPTION files in the chapter ‘Creating R
    packages’ of the ‘Writing R Extensions’ manual.
Flavors: r-patched-linux-x86_64, r-patched-solaris-sparc, r-patched-solaris-x86, r-release-linux-ix86, r-release-linux-x86_64, r-release-osx-x86_64-mavericks, r-release-windows-ix86+x86_64, r-oldrel-windows-ix86+x86_64