CRAN Package Check Results for Package gb

Last updated on 2015-08-30 04:48:23.

Flavor Version Tinstall Tcheck Ttotal Status Flags
r-devel-linux-x86_64-debian-clang 1.1.8-8 1.47 11.47 12.94 NOTE
r-devel-linux-x86_64-debian-gcc 1.1.8-8 1.45 11.65 13.10 NOTE
r-devel-linux-x86_64-fedora-clang 1.1.8-8 25.14 NOTE
r-devel-linux-x86_64-fedora-gcc 1.1.8-8 24.45 NOTE
r-devel-osx-x86_64-clang 1.1.8-8 22.53 NOTE
r-devel-windows-ix86+x86_64 1.1.8-8 13.00 34.00 47.00 NOTE
r-patched-linux-x86_64 1.1.8-8 1.62 12.06 13.68 NOTE
r-patched-solaris-sparc 1.1.8-8 167.90 NOTE
r-patched-solaris-x86 1.1.8-8 38.40 NOTE
r-release-linux-x86_64 1.1.8-8 1.54 12.57 14.11 NOTE
r-release-osx-x86_64-mavericks 1.1.8-8 NOTE
r-release-windows-ix86+x86_64 1.1.8-8 12.00 43.00 55.00 NOTE
r-oldrel-windows-ix86+x86_64 1.1.8-8 13.00 36.00 49.00 NOTE

Check Details

Version: 1.1.8-8
Check: dependencies in R code
Result: NOTE
    Package in Depends field not imported from: ‘boot’
     These packages need to be imported from (in the NAMESPACE file)
     for when this namespace is loaded but not attached.
Flavors: r-devel-linux-x86_64-debian-clang, r-devel-linux-x86_64-debian-gcc, r-devel-linux-x86_64-fedora-clang, r-devel-linux-x86_64-fedora-gcc, r-devel-osx-x86_64-clang, r-devel-windows-ix86+x86_64, r-patched-linux-x86_64, r-patched-solaris-sparc, r-patched-solaris-x86, r-release-linux-x86_64, r-release-osx-x86_64-mavericks, r-release-windows-ix86+x86_64, r-oldrel-windows-ix86+x86_64

Version: 1.1.8-8
Check: S3 generic/method consistency
Result: NOTE
    Found the following apparent S3 methods exported but not registered:
     lines.gld plot.egld plot.gld print.egld print.gld
    See section ‘Registering S3 methods’ in the ‘Writing R Extensions’
    manual.
Flavors: r-devel-linux-x86_64-debian-clang, r-devel-linux-x86_64-debian-gcc, r-devel-linux-x86_64-fedora-clang, r-devel-linux-x86_64-fedora-gcc, r-devel-osx-x86_64-clang, r-patched-linux-x86_64, r-patched-solaris-sparc, r-patched-solaris-x86, r-release-linux-x86_64

Version: 1.1.8-8
Check: R code for possible problems
Result: NOTE
    .bincount: no visible global function definition for ‘sd’
    .mom: no visible global function definition for ‘sd’
    .mop: no visible global function definition for ‘quantile’
    degld: no visible global function definition for ‘dbeta’
    fit.egld: no visible global function definition for ‘sd’
    fit.egld: no visible global function definition for ‘var’
    fit.egld: no visible global function definition for ‘pchisq’
    fit.gld: no visible global function definition for ‘sd’
    fit.gld: no visible global function definition for ‘pchisq’
    gboot: no visible global function definition for ‘boot’
    lines.gld: no visible global function definition for ‘lines.default’
    pegld: no visible global function definition for ‘pbeta’
    plot.egld: no visible global function definition for ‘plot.default’
    plot.egld: no visible global function definition for ‘abline’
    plot.gld: no visible global function definition for ‘plot.default’
    plot.gld: no visible global function definition for ‘abline’
    qegld: no visible global function definition for ‘qbeta’
    regld: no visible global function definition for ‘rbeta’
    rrsgld: no visible global function definition for ‘runif’
    Undefined global functions or variables:
     abline boot dbeta lines.default pbeta pchisq plot.default qbeta
     quantile rbeta runif sd var
    Consider adding
     importFrom("graphics", "abline", "lines.default", "plot.default")
     importFrom("stats", "dbeta", "pbeta", "pchisq", "qbeta", "quantile",
     "rbeta", "runif", "sd", "var")
    to your NAMESPACE.
Flavors: r-devel-linux-x86_64-debian-clang, r-devel-linux-x86_64-debian-gcc, r-devel-linux-x86_64-fedora-clang, r-devel-linux-x86_64-fedora-gcc, r-devel-windows-ix86+x86_64

Version: 1.1.8-8
Check: R code for possible problems
Result: NOTE
    gboot: no visible global function definition for ‘boot’
    Undefined global functions or variables:
     boot
Flavor: r-devel-osx-x86_64-clang

Version: 1.1.8-8
Check: R code for possible problems
Result: NOTE
    gboot: no visible global function definition for ‘boot’
Flavors: r-patched-linux-x86_64, r-patched-solaris-sparc, r-patched-solaris-x86, r-release-linux-x86_64, r-release-osx-x86_64-mavericks, r-release-windows-ix86+x86_64, r-oldrel-windows-ix86+x86_64