CRAN Package Check Results for Package gb

Last updated on 2015-03-05 19:47:53.

Flavor Version Tinstall Tcheck Ttotal Status Flags
r-devel-linux-x86_64-debian-clang 1.1.8-8 1.32 13.39 14.70 NOTE
r-devel-linux-x86_64-debian-gcc 1.1.8-8 1.54 13.27 14.81 NOTE
r-devel-linux-x86_64-fedora-clang 1.1.8-8 26.30 NOTE
r-devel-linux-x86_64-fedora-gcc 1.1.8-8 24.83 NOTE
r-devel-osx-x86_64-clang 1.1.8-8 27.33 NOTE
r-devel-windows-ix86+x86_64 1.1.8-8 10.00 29.00 39.00 NOTE
r-patched-linux-x86_64 1.1.8-8 1.67 13.54 15.21 NOTE
r-patched-solaris-sparc 1.1.8-8 185.30 NOTE
r-patched-solaris-x86 1.1.8-8 40.50 NOTE
r-release-linux-ix86 1.1.8-8 2.19 24.89 27.08 NOTE
r-release-linux-x86_64 1.1.8-8 1.68 13.72 15.40 NOTE
r-release-osx-x86_64-mavericks 1.1.8-8 NOTE
r-release-osx-x86_64-snowleopard 1.1.8-8 OK
r-release-windows-ix86+x86_64 1.1.8-8 10.00 32.00 42.00 NOTE
r-oldrel-windows-ix86+x86_64 1.1.8-8 10.00 49.00 59.00 NOTE

Check Details

Version: 1.1.8-8
Check: dependencies in R code
Result: NOTE
    Package in Depends field not imported from: ‘boot’
     These packages need to be imported from (in the NAMESPACE file)
     for when this namespace is loaded but not attached.
Flavors: r-devel-linux-x86_64-debian-clang, r-devel-linux-x86_64-debian-gcc, r-devel-linux-x86_64-fedora-clang, r-devel-linux-x86_64-fedora-gcc, r-devel-osx-x86_64-clang, r-devel-windows-ix86+x86_64, r-patched-linux-x86_64, r-patched-solaris-sparc, r-patched-solaris-x86

Version: 1.1.8-8
Check: S3 generic/method consistency
Result: NOTE
    Found the following apparent S3 methods exported but not registered:
     lines.gld plot.egld plot.gld print.egld print.gld
    See section ‘Registering S3 methods’ in the ‘Writing R Extensions’
    manual.
Flavors: r-devel-linux-x86_64-debian-clang, r-devel-linux-x86_64-debian-gcc, r-devel-linux-x86_64-fedora-clang, r-devel-linux-x86_64-fedora-gcc, r-devel-osx-x86_64-clang

Version: 1.1.8-8
Check: R code for possible problems
Result: NOTE
    gboot: no visible global function definition for ‘boot’
Flavors: r-devel-linux-x86_64-debian-clang, r-devel-linux-x86_64-debian-gcc, r-devel-linux-x86_64-fedora-clang, r-devel-linux-x86_64-fedora-gcc, r-devel-osx-x86_64-clang, r-devel-windows-ix86+x86_64, r-patched-linux-x86_64, r-patched-solaris-sparc, r-patched-solaris-x86, r-release-linux-ix86, r-release-linux-x86_64, r-release-osx-x86_64-mavericks, r-release-windows-ix86+x86_64

Version: 1.1.8-8
Check: dependencies in R code
Result: NOTE
    Package in Depends field not imported from: ‘boot’
     These packages need to be imported from (in the NAMESPACE file)
     for when this namespace is loaded but not attached.
    See the information on DESCRIPTION files in the chapter ‘Creating R
    packages’ of the ‘Writing R Extensions’ manual.
Flavors: r-release-linux-ix86, r-release-linux-x86_64, r-release-osx-x86_64-mavericks, r-release-windows-ix86+x86_64, r-oldrel-windows-ix86+x86_64