CRAN Package Check Results for Package gbRd

Last updated on 2024-03-03 07:50:04 CET.

Flavor Version Tinstall Tcheck Ttotal Status Flags
r-devel-linux-x86_64-debian-clang 0.4-11 1.91 23.42 25.33 NOTE
r-devel-linux-x86_64-debian-gcc 0.4-11 1.66 18.65 20.31 NOTE
r-devel-linux-x86_64-fedora-clang 0.4-11 32.32 NOTE
r-devel-linux-x86_64-fedora-gcc 0.4-11 30.81 NOTE
r-devel-windows-x86_64 0.4-11 3.00 47.00 50.00 NOTE
r-patched-linux-x86_64 0.4-11 2.41 23.56 25.97 NOTE
r-release-linux-x86_64 0.4-11 1.53 23.20 24.73 NOTE
r-release-macos-arm64 0.4-11 18.00 NOTE
r-release-macos-x86_64 0.4-11 20.00 NOTE
r-release-windows-x86_64 0.4-11 2.00 44.00 46.00 NOTE
r-oldrel-macos-arm64 0.4-11 17.00 NOTE
r-oldrel-windows-x86_64 0.4-11 5.00 53.00 58.00 NOTE

Check Details

Version: 0.4-11
Check: dependencies in R code
Result: NOTE Package in Depends field not imported from: ‘tools’ These packages need to be imported from (in the NAMESPACE file) for when this namespace is loaded but not attached. Unexported objects imported by ':::' calls: ‘tools:::.Rd_get_argument_names’ ‘tools:::RdTags’ ‘tools:::fetchRdDB’ See the note in ?`:::` about the use of this operator. Flavors: r-devel-linux-x86_64-debian-clang, r-devel-linux-x86_64-debian-gcc, r-devel-linux-x86_64-fedora-clang, r-devel-linux-x86_64-fedora-gcc, r-devel-windows-x86_64, r-patched-linux-x86_64, r-release-linux-x86_64, r-release-macos-arm64, r-release-macos-x86_64, r-release-windows-x86_64, r-oldrel-macos-arm64, r-oldrel-windows-x86_64