CRAN Package Check Results for Package gbfs

Last updated on 2020-09-19 08:50:00 CEST.

Flavor Version Tinstall Tcheck Ttotal Status Flags
r-devel-linux-x86_64-debian-clang 1.3.3 4.23 43.18 47.41 OK
r-devel-linux-x86_64-debian-gcc 1.3.3 3.16 33.02 36.18 OK
r-devel-linux-x86_64-fedora-clang 1.3.3 62.14 OK
r-devel-linux-x86_64-fedora-gcc 1.3.3 60.98 OK
r-devel-windows-ix86+x86_64 1.3.3 12.00 173.00 185.00 OK
r-patched-linux-x86_64 1.3.3 3.94 42.29 46.23 OK
r-patched-solaris-x86 1.3.3 78.00 ERROR
r-release-linux-x86_64 1.3.3 3.78 41.97 45.75 OK
r-release-macos-x86_64 1.3.3 OK
r-release-windows-ix86+x86_64 1.3.3 10.00 169.00 179.00 OK
r-oldrel-macos-x86_64 1.3.3 OK
r-oldrel-windows-ix86+x86_64 1.3.3 6.00 151.00 157.00 OK

Check Details

Version: 1.3.3
Check: tests
Result: ERROR
     Running ‘testthat.R’ [0m/16m]
    Running the tests in ‘tests/testthat.R’ failed.
    Complete output:
     > library(testthat)
     > library(gbfs)
     >
     > test_check("gbfs")
     ── 1. Error: dynamic feeds work (@test-dynamic-feeds.R#8) ─────────────────────
     The supplied "city" argument looks like the top-level "gbfs.json" URL, but the webpage for the station_status .json feed doesn't seem to exist. Please supply the actual URL or the name of the city as a string.
     Backtrace:
     1. gbfs::get_station_status("portland")
     2. gbfs:::get_gbfs_dataset_(city, directory, file, output, feed = "station_status")
     3. gbfs:::city_to_url(city, feed)
     4. gbfs:::find_feed_from_top_level(dplyr::pull(url), feed_)
    
     ── 2. Error: static feeds work (@test-static-feeds.R#20) ──────────────────────
     The supplied "city" argument looks like the top-level "gbfs.json" URL, but the webpage for the system_regions .json feed doesn't seem to exist. Please supply the actual URL or the name of the city as a string.
     Backtrace:
     1. gbfs::get_system_regions("portland")
     2. gbfs:::get_gbfs_dataset_(city, directory, file, output, feed = "system_regions")
     3. gbfs:::city_to_url(city, feed)
     4. gbfs:::find_feed_from_top_level(dplyr::pull(url), feed_)
    
     ══ testthat results ═══════════════════════════════════════════════════════════
     [ OK: 30 | SKIPPED: 1 | WARNINGS: 0 | FAILED: 2 ]
     1. Error: dynamic feeds work (@test-dynamic-feeds.R#8)
     2. Error: static feeds work (@test-static-feeds.R#20)
    
     Error: testthat unit tests failed
     Execution halted
Flavor: r-patched-solaris-x86