CRAN Package Check Results for Package gbm.auto

Last updated on 2024-02-24 05:48:38 CET.

Flavor Version Tinstall Tcheck Ttotal Status Flags
r-devel-linux-x86_64-debian-clang 2023.08.31 53.08 400.04 453.12 NOTE
r-devel-linux-x86_64-debian-gcc 2023.08.31 39.96 302.23 342.19 NOTE
r-devel-linux-x86_64-fedora-clang 2023.08.31 606.16 NOTE
r-devel-linux-x86_64-fedora-gcc 2023.08.31 583.68 NOTE
r-devel-windows-x86_64 2023.08.31 41.00 251.00 292.00 OK
r-patched-linux-x86_64 2023.08.31 53.16 397.93 451.09 OK
r-release-linux-x86_64 2023.08.31 33.22 391.92 425.14 OK
r-release-macos-arm64 2023.08.31 133.00 OK
r-release-macos-x86_64 2023.08.31 281.00 OK
r-release-windows-x86_64 2023.08.31 54.00 339.00 393.00 OK
r-oldrel-macos-arm64 2023.08.31 121.00 OK
r-oldrel-windows-x86_64 2023.08.31 57.00 325.00 382.00 OK

Check Details

Version: 2023.08.31
Check: Rd files
Result: NOTE checkRd: (-1) gbm.auto.Rd:208: Lost braces; missing escapes or markup? 208 | \item Error in if (n.trees > x$n.trees) { : argument is of length zero}. LR or BF probably too low | ^ Flavors: r-devel-linux-x86_64-debian-clang, r-devel-linux-x86_64-debian-gcc, r-devel-linux-x86_64-fedora-clang, r-devel-linux-x86_64-fedora-gcc