CRAN Package Check Results for Package gbm

Last updated on 2014-04-24 21:47:40.

Flavor Version Tinstall Tcheck Ttotal Status Flags
r-devel-linux-x86_64-debian-clang 2.1 7.55 26.10 33.64 OK
r-devel-linux-x86_64-debian-gcc 2.1 8.94 25.41 34.35 OK
r-devel-linux-x86_64-fedora-clang 2.1 71.62 OK
r-devel-linux-x86_64-fedora-gcc 2.1 65.82 OK
r-devel-osx-x86_64-clang 2.1 54.75 OK
r-devel-osx-x86_64-gcc 2.1 OK
r-devel-windows-ix86+x86_64 2.1 44.00 52.00 96.00 OK
r-patched-linux-x86_64 2.1 9.08 25.45 34.52 OK
r-patched-solaris-sparc 2.1 362.30 OK
r-patched-solaris-x86 2.1 89.20 OK
r-release-linux-ix86 2.1 15.00 47.00 62.00 OK
r-release-linux-x86_64 2.1 8.96 25.62 34.58 OK
r-release-osx-x86_64-mavericks 2.1 WARN
r-release-windows-ix86+x86_64 2.1 44.00 57.00 101.00 OK
r-oldrel-windows-ix86+x86_64 2.1 49.00 61.00 110.00 OK

Check Details

Version: 2.1
Check: PDF version of manual
Result: WARNING
    LaTeX errors when creating PDF version.
    This typically indicates Rd problems.
    LaTeX errors found:
    ! LaTeX Error: File `upquote.sty' not found.
    
    Type X to quit or <RETURN> to proceed,
    or enter new name. (Default extension: sty)
    
    a560e9c/Rd2.tex:8: ==> Fatal error occurred, no output PDF file produced!
Flavor: r-release-osx-x86_64-mavericks