CRAN Package Check Results for Package gbm2sas

Last updated on 2021-12-03 00:48:41 CET.

Flavor Version Tinstall Tcheck Ttotal Status Flags
r-devel-linux-x86_64-debian-clang 2.1 6.66 63.02 69.68 NOTE
r-devel-linux-x86_64-debian-gcc 2.1 5.24 49.70 54.94 NOTE
r-devel-linux-x86_64-fedora-clang 2.1 94.19 NOTE
r-devel-linux-x86_64-fedora-gcc 2.1 85.10 NOTE
r-devel-windows-x86_64-new-UL 2.1 12.00 98.00 110.00 OK
r-devel-windows-x86_64-new-TK 2.1 OK
r-devel-windows-x86_64-old 2.1 10.00 59.00 69.00 OK
r-patched-linux-x86_64 2.1 6.41 61.05 67.46 NOTE
r-patched-solaris-x86 2.1 124.20 NOTE
r-release-linux-x86_64 2.1 6.55 60.56 67.11 NOTE
r-release-macos-arm64 2.1 OK
r-release-macos-x86_64 2.1 OK
r-release-windows-ix86+x86_64 2.1 16.00 83.00 99.00 OK
r-oldrel-macos-x86_64 2.1 OK
r-oldrel-windows-ix86+x86_64 2.1 15.00 86.00 101.00 OK

Check Details

Version: 2.1
Check: for non-standard things in the check directory
Result: NOTE
    Found the following files/directories:
     'checkdata.csv' 'gbmforest.sas'
Flavors: r-devel-linux-x86_64-debian-clang, r-devel-linux-x86_64-debian-gcc, r-devel-linux-x86_64-fedora-clang, r-devel-linux-x86_64-fedora-gcc, r-patched-linux-x86_64, r-patched-solaris-x86, r-release-linux-x86_64