CRAN Package Check Results for Package gbs

Last updated on 2014-07-31 03:48:33.

Flavor Version Tinstall Tcheck Ttotal Status Flags
r-devel-linux-x86_64-debian-clang 1.0 1.28 21.32 22.61 NOTE
r-devel-linux-x86_64-debian-gcc 1.0 1.20 20.70 21.90 NOTE
r-devel-linux-x86_64-fedora-clang 1.0 44.88 NOTE
r-devel-linux-x86_64-fedora-gcc 1.0 42.72 NOTE
r-devel-osx-x86_64-clang 1.0 39.75 NOTE
r-devel-windows-ix86+x86_64 1.0 4.00 34.00 38.00 NOTE
r-patched-linux-x86_64 1.0 1.15 20.94 22.10 NOTE
r-patched-solaris-sparc 1.0 276.30 NOTE
r-patched-solaris-x86 1.0 55.10 NOTE
r-release-linux-ix86 1.0 1.49 29.11 30.60 NOTE
r-release-linux-x86_64 1.0 1.20 21.01 22.21 NOTE
r-release-osx-x86_64-mavericks 1.0 NOTE
r-release-osx-x86_64-snowleopard 1.0 WARN
r-release-windows-ix86+x86_64 1.0 6.00 47.00 53.00 NOTE
r-oldrel-windows-ix86+x86_64 1.0 7.00 46.00 53.00 NOTE

Check Details

Version: 1.0
Check: R code for possible problems
Result: NOTE
    ksgbsc: no visible binding for global variable nuFixed
    la: no visible binding for global variable n
Flavors: r-devel-linux-x86_64-debian-clang, r-devel-linux-x86_64-debian-gcc, r-devel-linux-x86_64-fedora-clang, r-devel-linux-x86_64-fedora-gcc, r-devel-osx-x86_64-clang, r-devel-windows-ix86+x86_64, r-patched-linux-x86_64, r-patched-solaris-sparc, r-patched-solaris-x86, r-release-linux-ix86, r-release-linux-x86_64, r-release-osx-x86_64-mavericks, r-release-osx-x86_64-snowleopard, r-release-windows-ix86+x86_64, r-oldrel-windows-ix86+x86_64

Version: 1.0
Check: Rd files
Result: NOTE
    prepare_Rd: searchMode.Rd:23: Dropping empty section \references
Flavors: r-devel-linux-x86_64-debian-clang, r-devel-linux-x86_64-debian-gcc, r-devel-linux-x86_64-fedora-clang, r-devel-linux-x86_64-fedora-gcc, r-devel-osx-x86_64-clang, r-devel-windows-ix86+x86_64, r-patched-linux-x86_64, r-patched-solaris-sparc, r-patched-solaris-x86, r-release-linux-ix86, r-release-linux-x86_64, r-release-osx-x86_64-mavericks, r-release-osx-x86_64-snowleopard, r-release-windows-ix86+x86_64, r-oldrel-windows-ix86+x86_64

Version: 1.0
Check: examples
Result: WARNING
    checking a package with encoding 'latin1' in an ASCII locale
    
     OK
Flavor: r-release-osx-x86_64-snowleopard