CRAN Package Check Results for Package gbs

Last updated on 2014-12-21 19:48:38.

Flavor Version Tinstall Tcheck Ttotal Status Flags
r-devel-linux-x86_64-debian-clang 1.0 1.18 20.84 22.01 NOTE
r-devel-linux-x86_64-debian-gcc 1.0 1.16 20.14 21.30 NOTE
r-devel-linux-x86_64-fedora-clang 1.0 45.13 NOTE
r-devel-linux-x86_64-fedora-gcc 1.0 41.64 NOTE
r-devel-osx-x86_64-clang 1.0 48.17 NOTE
r-devel-windows-ix86+x86_64 1.0 5.00 32.00 37.00 NOTE
r-patched-linux-x86_64 1.0 1.19 21.12 22.32 NOTE
r-patched-solaris-sparc 1.0 266.00 NOTE
r-patched-solaris-x86 1.0 56.30 NOTE
r-release-linux-ix86 1.0 1.50 28.52 30.02 NOTE
r-release-linux-x86_64 1.0 1.22 21.48 22.71 NOTE
r-release-osx-x86_64-mavericks 1.0 NOTE
r-release-osx-x86_64-snowleopard 1.0 WARN
r-release-windows-ix86+x86_64 1.0 5.00 35.00 40.00 NOTE
r-oldrel-windows-ix86+x86_64 1.0 5.00 34.00 39.00 NOTE

Check Details

Version: 1.0
Check: R code for possible problems
Result: NOTE
    ksgbsc: no visible binding for global variable ‘nuFixed’
    la: no visible binding for global variable ‘n’
Flavors: r-devel-linux-x86_64-debian-clang, r-devel-linux-x86_64-debian-gcc, r-devel-linux-x86_64-fedora-clang, r-devel-linux-x86_64-fedora-gcc, r-devel-osx-x86_64-clang, r-devel-windows-ix86+x86_64, r-patched-linux-x86_64, r-patched-solaris-sparc, r-patched-solaris-x86, r-release-linux-ix86, r-release-linux-x86_64, r-release-osx-x86_64-mavericks, r-release-osx-x86_64-snowleopard, r-release-windows-ix86+x86_64, r-oldrel-windows-ix86+x86_64

Version: 1.0
Check: Rd files
Result: NOTE
    prepare_Rd: searchMode.Rd:23: Dropping empty section \references
Flavors: r-devel-linux-x86_64-debian-clang, r-devel-linux-x86_64-debian-gcc, r-devel-linux-x86_64-fedora-clang, r-devel-linux-x86_64-fedora-gcc, r-devel-osx-x86_64-clang, r-devel-windows-ix86+x86_64, r-patched-linux-x86_64, r-patched-solaris-sparc, r-patched-solaris-x86, r-release-linux-ix86, r-release-linux-x86_64, r-release-osx-x86_64-mavericks, r-release-osx-x86_64-snowleopard, r-release-windows-ix86+x86_64, r-oldrel-windows-ix86+x86_64

Version: 1.0
Check: examples
Result: WARN
    checking a package with encoding 'latin1' in an ASCII locale
    
     OK
Flavor: r-release-osx-x86_64-snowleopard