CRAN Package Check Results for Package gbs

Last updated on 2015-02-26 23:47:43.

Flavor Version Tinstall Tcheck Ttotal Status Flags
r-devel-linux-x86_64-debian-clang 1.0 1.07 19.41 20.48 NOTE
r-devel-linux-x86_64-debian-gcc 1.0 1.02 19.04 20.06 NOTE
r-devel-linux-x86_64-fedora-clang 1.0 40.91 NOTE
r-devel-linux-x86_64-fedora-gcc 1.0 38.93 NOTE
r-devel-osx-x86_64-clang 1.0 38.74 NOTE
r-devel-windows-ix86+x86_64 1.0 7.00 34.00 41.00 NOTE
r-patched-linux-x86_64 1.0 1.24 21.94 23.19 NOTE
r-patched-solaris-sparc 1.0 273.20 NOTE
r-patched-solaris-x86 1.0 57.50 NOTE
r-release-linux-ix86 1.0 1.54 38.15 39.70 NOTE
r-release-linux-x86_64 1.0 1.24 0.25 1.50 OK
r-release-osx-x86_64-mavericks 1.0 NOTE
r-release-osx-x86_64-snowleopard 1.0 WARN
r-release-windows-ix86+x86_64 1.0 5.00 36.00 41.00 NOTE
r-oldrel-windows-ix86+x86_64 1.0 5.00 36.00 41.00 NOTE

Check Details

Version: 1.0
Check: DESCRIPTION meta-information
Result: NOTE
    Malformed Description field: should contain one or more complete sentences.
Flavors: r-devel-linux-x86_64-debian-clang, r-devel-linux-x86_64-debian-gcc, r-devel-linux-x86_64-fedora-clang, r-devel-linux-x86_64-fedora-gcc, r-devel-osx-x86_64-clang, r-devel-windows-ix86+x86_64

Version: 1.0
Check: R code for possible problems
Result: NOTE
    ksgbsc: no visible binding for global variable ‘nuFixed’
    la: no visible binding for global variable ‘n’
Flavors: r-devel-linux-x86_64-debian-clang, r-devel-linux-x86_64-debian-gcc, r-devel-linux-x86_64-fedora-clang, r-devel-linux-x86_64-fedora-gcc, r-devel-osx-x86_64-clang, r-devel-windows-ix86+x86_64, r-patched-linux-x86_64, r-patched-solaris-sparc, r-patched-solaris-x86, r-release-linux-ix86, r-release-osx-x86_64-mavericks, r-release-osx-x86_64-snowleopard, r-release-windows-ix86+x86_64, r-oldrel-windows-ix86+x86_64

Version: 1.0
Check: Rd files
Result: NOTE
    prepare_Rd: searchMode.Rd:23: Dropping empty section \references
Flavors: r-devel-linux-x86_64-debian-clang, r-devel-linux-x86_64-debian-gcc, r-devel-linux-x86_64-fedora-clang, r-devel-linux-x86_64-fedora-gcc, r-devel-osx-x86_64-clang, r-devel-windows-ix86+x86_64, r-patched-linux-x86_64, r-patched-solaris-sparc, r-patched-solaris-x86, r-release-linux-ix86, r-release-osx-x86_64-mavericks, r-release-osx-x86_64-snowleopard, r-release-windows-ix86+x86_64, r-oldrel-windows-ix86+x86_64

Version: 1.0
Check: examples
Result: WARN
    checking a package with encoding 'latin1' in an ASCII locale
    
     OK
Flavor: r-release-osx-x86_64-snowleopard