CRAN Package Check Results for Package gbs

Last updated on 2014-11-27 09:47:54.

Flavor Version Tinstall Tcheck Ttotal Status Flags
r-devel-linux-x86_64-debian-clang 1.0 1.18 20.62 21.79 NOTE
r-devel-linux-x86_64-debian-gcc 1.0 1.18 20.59 21.78 NOTE
r-devel-linux-x86_64-fedora-clang 1.0 45.44 NOTE
r-devel-linux-x86_64-fedora-gcc 1.0 49.61 NOTE
r-devel-osx-x86_64-clang 1.0 41.24 NOTE
r-devel-windows-ix86+x86_64 1.0 4.00 35.00 39.00 NOTE
r-patched-linux-x86_64 1.0 1.58 20.97 22.56 NOTE
r-patched-solaris-sparc 1.0 266.00 NOTE
r-patched-solaris-x86 1.0 56.90 NOTE
r-release-linux-ix86 1.0 1.46 28.69 30.15 NOTE
r-release-linux-x86_64 1.0 1.20 21.11 22.30 NOTE
r-release-osx-x86_64-mavericks 1.0 NOTE
r-release-osx-x86_64-snowleopard 1.0 WARN
r-release-windows-ix86+x86_64 1.0 4.00 33.00 37.00 NOTE
r-oldrel-windows-ix86+x86_64 1.0 4.00 33.00 37.00 NOTE

Check Details

Version: 1.0
Check: R code for possible problems
Result: NOTE
    ksgbsc: no visible binding for global variable ‘nuFixed’
    la: no visible binding for global variable ‘n’
Flavors: r-devel-linux-x86_64-debian-clang, r-devel-linux-x86_64-debian-gcc, r-devel-linux-x86_64-fedora-clang, r-devel-linux-x86_64-fedora-gcc, r-devel-osx-x86_64-clang, r-devel-windows-ix86+x86_64, r-patched-linux-x86_64, r-patched-solaris-sparc, r-patched-solaris-x86, r-release-linux-ix86, r-release-linux-x86_64, r-release-osx-x86_64-mavericks, r-release-osx-x86_64-snowleopard, r-release-windows-ix86+x86_64, r-oldrel-windows-ix86+x86_64

Version: 1.0
Check: Rd files
Result: NOTE
    prepare_Rd: searchMode.Rd:23: Dropping empty section \references
Flavors: r-devel-linux-x86_64-debian-clang, r-devel-linux-x86_64-debian-gcc, r-devel-linux-x86_64-fedora-clang, r-devel-linux-x86_64-fedora-gcc, r-devel-osx-x86_64-clang, r-devel-windows-ix86+x86_64, r-patched-linux-x86_64, r-patched-solaris-sparc, r-patched-solaris-x86, r-release-linux-ix86, r-release-linux-x86_64, r-release-osx-x86_64-mavericks, r-release-osx-x86_64-snowleopard, r-release-windows-ix86+x86_64, r-oldrel-windows-ix86+x86_64

Version: 1.0
Check: examples
Result: WARN
    checking a package with encoding 'latin1' in an ASCII locale
    
     OK
Flavor: r-release-osx-x86_64-snowleopard