CRAN Package Check Results for Package gcExplorer

Last updated on 2014-08-01 14:47:24.

Flavor Version Tinstall Tcheck Ttotal Status Flags
r-devel-linux-x86_64-debian-clang 0.9-4 2.51 53.06 55.57 NOTE
r-devel-linux-x86_64-debian-gcc 0.9-4 2.75 53.62 56.38 NOTE
r-devel-linux-x86_64-fedora-clang 0.9-4 120.80 NOTE
r-devel-linux-x86_64-fedora-gcc 0.9-4 118.00 NOTE
r-devel-osx-x86_64-clang 0.9-4 95.83 NOTE
r-devel-windows-ix86+x86_64 0.9-4 7.00 78.00 85.00 NOTE
r-patched-linux-x86_64 0.9-4 2.37 53.34 55.72 NOTE
r-patched-solaris-sparc 0.9-4 646.30 NOTE
r-patched-solaris-x86 0.9-4 132.90 NOTE
r-release-linux-ix86 0.9-4 3.23 63.06 66.30 NOTE
r-release-linux-x86_64 0.9-4 2.79 53.98 56.77 NOTE
r-release-osx-x86_64-mavericks 0.9-4 NOTE
r-release-osx-x86_64-snowleopard 0.9-4 NOTE
r-release-windows-ix86+x86_64 0.9-4 12.00 110.00 122.00 NOTE
r-oldrel-windows-ix86+x86_64 0.9-4 13.00 102.00 115.00 NOTE

Check Details

Version: 0.9-4
Check: DESCRIPTION meta-information
Result: NOTE
    Package listed in more than one of Depends, Imports, Suggests, Enhances:
     flexclust
    A package should be listed in only one of these fields.
Flavors: r-devel-linux-x86_64-debian-clang, r-devel-linux-x86_64-debian-gcc, r-devel-linux-x86_64-fedora-clang, r-devel-linux-x86_64-fedora-gcc, r-devel-osx-x86_64-clang, r-devel-windows-ix86+x86_64, r-patched-linux-x86_64, r-patched-solaris-sparc, r-patched-solaris-x86, r-release-linux-ix86, r-release-linux-x86_64, r-release-osx-x86_64-mavericks, r-release-osx-x86_64-snowleopard, r-release-windows-ix86+x86_64, r-oldrel-windows-ix86+x86_64

Version: 0.9-4
Check: dependencies in R code
Result: NOTE
    Packages in Depends field not imported from:
     Rgraphviz methods
     These packages need to be imported from (in the NAMESPACE file)
     for when this namespace is loaded but not attached.
    See the information on DESCRIPTION files in the chapter Creating R
    packages of the Writing R Extensions manual.
Flavors: r-devel-linux-x86_64-debian-clang, r-devel-linux-x86_64-debian-gcc, r-devel-linux-x86_64-fedora-clang, r-devel-linux-x86_64-fedora-gcc, r-devel-osx-x86_64-clang, r-devel-windows-ix86+x86_64, r-patched-linux-x86_64, r-patched-solaris-sparc, r-patched-solaris-x86, r-release-linux-ix86, r-release-linux-x86_64, r-release-osx-x86_64-mavericks, r-release-osx-x86_64-snowleopard, r-release-windows-ix86+x86_64, r-oldrel-windows-ix86+x86_64

Version: 0.9-4
Check: top-level files
Result: NOTE
    Non-standard file/directory found at top level:
     COPYRIGHTS
    Copyright information should be in file inst/COPYRIGHTS
Flavors: r-devel-linux-x86_64-fedora-clang, r-devel-linux-x86_64-fedora-gcc