CRAN Package Check Results for Package gcExplorer

Last updated on 2014-11-23 01:48:04.

Flavor Version Tinstall Tcheck Ttotal Status Flags
r-devel-linux-x86_64-debian-clang 0.9-4 2.42 52.36 54.78 NOTE
r-devel-linux-x86_64-debian-gcc 0.9-4 2.30 48.89 51.20 NOTE
r-devel-linux-x86_64-fedora-clang 0.9-4 114.10 NOTE
r-devel-linux-x86_64-fedora-gcc 0.9-4 106.89 NOTE
r-devel-osx-x86_64-clang 0.9-4 96.37 NOTE
r-devel-windows-ix86+x86_64 0.9-4 9.00 72.00 81.00 NOTE
r-patched-linux-x86_64 0.9-4 2.41 53.57 55.98 NOTE
r-patched-solaris-sparc 0.9-4 618.80 NOTE
r-patched-solaris-x86 0.9-4 131.30 NOTE
r-release-linux-ix86 0.9-4 2.86 59.81 62.67 NOTE
r-release-linux-x86_64 0.9-4 2.46 54.96 57.42 NOTE
r-release-osx-x86_64-mavericks 0.9-4 NOTE
r-release-osx-x86_64-snowleopard 0.9-4 NOTE
r-release-windows-ix86+x86_64 0.9-4 10.00 78.00 88.00 NOTE
r-oldrel-windows-ix86+x86_64 0.9-4 9.00 72.00 81.00 NOTE

Check Details

Version: 0.9-4
Check: DESCRIPTION meta-information
Result: NOTE
    Package listed in more than one of Depends, Imports, Suggests, Enhances:
     ‘flexclust’
    A package should be listed in only one of these fields.
Flavors: r-devel-linux-x86_64-debian-clang, r-devel-linux-x86_64-debian-gcc, r-devel-linux-x86_64-fedora-clang, r-devel-linux-x86_64-fedora-gcc, r-devel-osx-x86_64-clang, r-devel-windows-ix86+x86_64, r-patched-linux-x86_64, r-patched-solaris-sparc, r-patched-solaris-x86, r-release-linux-ix86, r-release-linux-x86_64, r-release-osx-x86_64-mavericks, r-release-osx-x86_64-snowleopard, r-release-windows-ix86+x86_64, r-oldrel-windows-ix86+x86_64

Version: 0.9-4
Check: top-level files
Result: NOTE
    Non-standard file/directory found at top level:
     ‘COPYRIGHTS’
    Copyright information should be in file inst/COPYRIGHTS
Flavors: r-devel-linux-x86_64-debian-clang, r-devel-linux-x86_64-debian-gcc, r-devel-linux-x86_64-fedora-clang, r-devel-linux-x86_64-fedora-gcc, r-patched-linux-x86_64, r-release-linux-x86_64

Version: 0.9-4
Check: dependencies in R code
Result: NOTE
    Packages in Depends field not imported from:
     ‘Rgraphviz’ ‘methods’
     These packages need to be imported from (in the NAMESPACE file)
     for when this namespace is loaded but not attached.
    See the information on DESCRIPTION files in the chapter ‘Creating R
    packages’ of the ‘Writing R Extensions’ manual.
Flavors: r-devel-linux-x86_64-debian-clang, r-devel-linux-x86_64-debian-gcc, r-devel-linux-x86_64-fedora-clang, r-devel-linux-x86_64-fedora-gcc, r-devel-osx-x86_64-clang, r-devel-windows-ix86+x86_64, r-patched-linux-x86_64, r-patched-solaris-sparc, r-patched-solaris-x86, r-release-linux-ix86, r-release-linux-x86_64, r-release-osx-x86_64-mavericks, r-release-osx-x86_64-snowleopard, r-release-windows-ix86+x86_64, r-oldrel-windows-ix86+x86_64

Version: 0.9-4
Check: R code for possible problems
Result: NOTE
    DrawEdges: no visible global function definition for ‘pushViewport’
    DrawEdges: no visible global function definition for ‘viewport’
    DrawEdges: no visible global function definition for ‘unit’
    DrawEdges: no visible global function definition for ‘popViewport’
    EdgeIsLine: no visible global function definition for ‘grid.move.to’
    EdgeIsLine: no visible global function definition for ‘grid.line.to’
    EdgeIsLineWidth: no visible global function definition for
     ‘grid.move.to’
    EdgeIsLineWidth: no visible global function definition for
     ‘grid.line.to’
    EdgeIsLineWidth: no visible global function definition for ‘gpar’
    NodeIsNumber: no visible global function definition for ‘grid.circle’
    NodeIsNumber: no visible global function definition for ‘unit’
    NodeIsNumber: no visible global function definition for ‘gpar’
    NodeIsNumber: no visible global function definition for ‘grid.text’
    gridnodes: no visible global function definition for ‘getNodeHeight’
    gridnodes: no visible global function definition for ‘getNodeRW’
    gridnodes: no visible global function definition for ‘getNodeLW’
    gridnodes: no visible global function definition for ‘getNodeXY’
    gridnodes: no visible global function definition for ‘pushViewport’
    gridnodes: no visible global function definition for ‘viewport’
    gridnodes: no visible global function definition for ‘AgNode’
    gridnodes: no visible global function definition for ‘popViewport’
Flavors: r-devel-linux-x86_64-debian-clang, r-devel-linux-x86_64-debian-gcc, r-devel-linux-x86_64-fedora-clang, r-devel-linux-x86_64-fedora-gcc, r-devel-osx-x86_64-clang, r-devel-windows-ix86+x86_64, r-patched-linux-x86_64, r-patched-solaris-sparc, r-patched-solaris-x86, r-release-linux-ix86, r-release-linux-x86_64, r-release-windows-ix86+x86_64