CRAN Package Check Results for Package gcExplorer

Last updated on 2014-04-20 11:46:54.

Flavor Version Tinstall Tcheck Ttotal Status Flags
r-devel-linux-x86_64-debian-clang 0.9-4 2.56 56.88 59.44 NOTE
r-devel-linux-x86_64-debian-gcc 0.9-4 2.56 56.71 59.27 NOTE
r-devel-linux-x86_64-fedora-clang 0.9-4 121.86 NOTE
r-devel-linux-x86_64-fedora-gcc 0.9-4 116.23 NOTE
r-devel-macosx-x86_64-clang 0.9-4 91.25 NOTE
r-devel-macosx-x86_64-gcc 0.9-4 ERROR
r-devel-windows-ix86+x86_64 0.9-4 7.00 80.00 87.00 NOTE
r-patched-linux-x86_64 0.9-4 2.56 56.02 58.58 NOTE
r-patched-solaris-sparc 0.9-4 627.00 NOTE
r-patched-solaris-x86 0.9-4 137.90 NOTE
r-release-linux-ix86 NOTE
r-release-linux-x86_64 0.9-4 2.56 57.50 60.06 NOTE
r-release-macosx-x86_64 0.9-4 ERROR
r-release-windows-ix86+x86_64 0.9-4 10.00 80.00 90.00 NOTE
r-oldrel-windows-ix86+x86_64 0.9-4 8.00 75.00 83.00 NOTE

Check Details

Version: 0.9-4
Check: DESCRIPTION meta-information
Result: NOTE
    Package listed in more than one of Depends, Imports, Suggests, Enhances:
     ‘flexclust’
    A package should be listed in only one of these fields.
Flavors: r-devel-linux-x86_64-debian-clang, r-devel-linux-x86_64-debian-gcc, r-devel-linux-x86_64-fedora-clang, r-devel-linux-x86_64-fedora-gcc, r-devel-macosx-x86_64-clang, r-devel-windows-ix86+x86_64, r-patched-linux-x86_64, r-patched-solaris-sparc, r-patched-solaris-x86, r-release-linux-ix86, r-release-linux-x86_64, r-release-windows-ix86+x86_64, r-oldrel-windows-ix86+x86_64

Version: 0.9-4
Check: dependencies in R code
Result: NOTE
    Packages in Depends field not imported from:
     ‘Rgraphviz’ ‘methods’
     These packages need to be imported from (in the NAMESPACE file)
     for when this namespace is loaded but not attached.
    See the information on DESCRIPTION files in the chapter ‘Creating R
    packages’ of the ‘Writing R Extensions’ manual.
Flavors: r-devel-linux-x86_64-debian-clang, r-devel-linux-x86_64-debian-gcc, r-devel-linux-x86_64-fedora-clang, r-devel-linux-x86_64-fedora-gcc, r-devel-macosx-x86_64-clang, r-devel-windows-ix86+x86_64, r-patched-linux-x86_64, r-patched-solaris-sparc, r-patched-solaris-x86, r-release-linux-ix86, r-release-linux-x86_64, r-release-windows-ix86+x86_64, r-oldrel-windows-ix86+x86_64

Version: 0.9-4
Check: top-level files
Result: NOTE
    Non-standard file/directory found at top level:
     ‘COPYRIGHTS’
    Copyright information should be in file inst/COPYRIGHTS
Flavors: r-devel-linux-x86_64-fedora-clang, r-devel-linux-x86_64-fedora-gcc

Version: 0.9-4
Check: package dependencies
Result: ERROR
    Package required but not available: ‘Rgraphviz’
    
    See the information on DESCRIPTION files in the chapter ‘Creating R
    packages’ of the ‘Writing R Extensions’ manual.
Flavors: r-devel-macosx-x86_64-gcc, r-release-macosx-x86_64