CRAN Package Check Results for Package gcbd

Last updated on 2014-07-25 12:47:32.

Flavor Version Tinstall Tcheck Ttotal Status Flags
r-devel-linux-x86_64-debian-clang 0.2.5 1.37 20.19 21.56 NOTE --install=fake
r-devel-linux-x86_64-debian-gcc 0.2.5 1.34 20.50 21.83 NOTE --install=fake
r-devel-linux-x86_64-fedora-clang 0.2.5 55.85 NOTE
r-devel-linux-x86_64-fedora-gcc 0.2.5 56.80 NOTE
r-devel-osx-x86_64-clang 0.2.5 46.74 NOTE
r-patched-linux-x86_64 0.2.5 1.43 20.26 21.69 NOTE --install=fake
r-patched-solaris-sparc 0.2.5 289.90 NOTE
r-patched-solaris-x86 0.2.5 70.30 NOTE
r-release-linux-ix86 0.2.5 1.92 28.38 30.30 NOTE --install=fake
r-release-linux-x86_64 0.2.5 1.47 20.97 22.44 NOTE --install=fake
r-release-osx-x86_64-mavericks 0.2.5 NOTE
r-release-osx-x86_64-snowleopard 0.2.5 NOTE

Check Details

Version: 0.2.5
Flags: --install=fake
Check: dependencies in R code
Result: NOTE
    Packages in Depends field not imported from:
     ‘RSQLite’ ‘lattice’ ‘plyr’ ‘reshape’
     These packages need to be imported from (in the NAMESPACE file)
     for when this namespace is loaded but not attached.
    See the information on DESCRIPTION files in the chapter ‘Creating R
    packages’ of the ‘Writing R Extensions’ manual.
Flavors: r-devel-linux-x86_64-debian-clang, r-devel-linux-x86_64-debian-gcc, r-patched-linux-x86_64, r-release-linux-ix86, r-release-linux-x86_64

Version: 0.2.5
Flags: --install=fake
Check: R code for possible problems
Result: NOTE
    svdBenchmarkgputools: no visible global function definition for
     ‘gpuSvd’
Flavors: r-devel-linux-x86_64-debian-clang, r-devel-linux-x86_64-debian-gcc, r-patched-linux-x86_64, r-release-linux-ix86, r-release-linux-x86_64

Version: 0.2.5
Check: package dependencies
Result: NOTE
    Package suggested but not available for checking: ‘gputools’
Flavors: r-devel-linux-x86_64-fedora-clang, r-devel-linux-x86_64-fedora-gcc, r-devel-osx-x86_64-clang, r-patched-solaris-sparc, r-patched-solaris-x86, r-release-osx-x86_64-mavericks, r-release-osx-x86_64-snowleopard

Version: 0.2.5
Check: dependencies in R code
Result: NOTE
    Packages in Depends field not imported from:
     ‘RSQLite’ ‘lattice’ ‘plyr’ ‘reshape’
     These packages need to be imported from (in the NAMESPACE file)
     for when this namespace is loaded but not attached.
    See the information on DESCRIPTION files in the chapter ‘Creating R
    packages’ of the ‘Writing R Extensions’ manual.
Flavors: r-devel-linux-x86_64-fedora-clang, r-devel-linux-x86_64-fedora-gcc, r-devel-osx-x86_64-clang, r-patched-solaris-sparc, r-patched-solaris-x86, r-release-osx-x86_64-mavericks

Version: 0.2.5
Check: R code for possible problems
Result: NOTE
    matmultBenchmarkgputools: no visible global function definition for
     ‘gpuMatMult’
    qrBenchmarkgputools: no visible global function definition for ‘gpuQr’
    svdBenchmarkgputools: no visible global function definition for
     ‘gpuSvd’
Flavors: r-devel-linux-x86_64-fedora-clang, r-devel-linux-x86_64-fedora-gcc, r-devel-osx-x86_64-clang, r-patched-solaris-sparc, r-patched-solaris-x86, r-release-osx-x86_64-mavericks, r-release-osx-x86_64-snowleopard

Version: 0.2.5
Check: re-building of vignette outputs
Result: NOTE
    Error in re-building vignettes:
     ...
    Loading required package: RSQLite
    Loading required package: DBI
    Loading required package: plyr
    Loading required package: reshape
    
    Attaching package: ‘reshape’
    
    The following objects are masked from ‘package:plyr’:
    
     rename, round_any
    
    Loading required package: lattice
    Warning in packageDescription("gputools") :
     no package 'gputools' was found
    Error: processing vignette 'gcbd.Rnw' failed with diagnostics:
    at gcbd.Rnw:860, subscript out of bounds
    Execution halted
Flavors: r-devel-linux-x86_64-fedora-clang, r-devel-linux-x86_64-fedora-gcc, r-devel-osx-x86_64-clang, r-patched-solaris-x86

Version: 0.2.5
Check: re-building of vignette outputs
Result: NOTE
    Error in re-building vignettes:
     ...
    Loading required package: RSQLite
    Loading required package: DBI
    Loading required package: plyr
    Loading required package: reshape
    
    Attaching package: ‘reshape’
    
    The following objects are masked from ‘package:plyr’:
    
     rename, round_any
    
    Loading required package: lattice
    Warning in packageDescription("gputools") :
     no package 'gputools' was found
    Error: processing vignette 'gcbd.Rnw' failed with diagnostics:
    subscript out of bounds
    Execution halted
Flavors: r-patched-solaris-sparc, r-release-osx-x86_64-mavericks, r-release-osx-x86_64-snowleopard