CRAN Package Check Results for Package gcbd

Last updated on 2017-06-23 20:48:20.

Flavor Version Tinstall Tcheck Ttotal Status Flags
r-devel-linux-x86_64-debian-clang 0.2.6 3.05 40.05 43.10 OK --install=fake
r-devel-linux-x86_64-debian-gcc 0.2.6 3.17 37.56 40.73 OK --install=fake
r-devel-linux-x86_64-fedora-clang 0.2.6 89.56 NOTE --no-vignettes
r-devel-linux-x86_64-fedora-gcc 0.2.6 85.94 NOTE --no-vignettes
r-patched-linux-x86_64 0.2.6 2.98 36.62 39.59 OK --install=fake
r-patched-solaris-sparc 0.2.6 497.80 WARN
r-patched-solaris-x86 0.2.6 116.60 WARN
r-release-linux-x86_64 0.2.6 3.19 37.71 40.90 OK --install=fake
r-release-osx-x86_64 0.2.6 NOTE
r-oldrel-osx-x86_64 0.2.6 NOTE

Check Details

Version: 0.2.6
Flags: --no-vignettes
Check: package dependencies
Result: NOTE
    Package suggested but not available for checking: ‘gputools’
Flavors: r-devel-linux-x86_64-fedora-clang, r-devel-linux-x86_64-fedora-gcc

Version: 0.2.6
Check: package dependencies
Result: NOTE
    Package suggested but not available for checking: ‘gputools’
Flavors: r-patched-solaris-sparc, r-patched-solaris-x86, r-release-osx-x86_64, r-oldrel-osx-x86_64

Version: 0.2.6
Check: re-building of vignette outputs
Result: WARN
    Error in re-building vignettes:
     ...
    Warning in packageDescription("gputools") :
     no package 'gputools' was found
    Error: processing vignette 'gcbd.Rnw' failed with diagnostics:
    at gcbd.Rnw:860, subscript out of bounds
    Execution halted
Flavors: r-patched-solaris-sparc, r-patched-solaris-x86

Version: 0.2.6
Check: re-building of vignette outputs
Result: NOTE
    Error in re-building vignettes:
     ...
    Warning in packageDescription("gputools") :
     no package 'gputools' was found
    Error: processing vignette 'gcbd.Rnw' failed with diagnostics:
    at gcbd.Rnw:860, subscript out of bounds
    Execution halted
Flavors: r-release-osx-x86_64, r-oldrel-osx-x86_64