CRAN Package Check Results for Package gcbd

Last updated on 2017-12-15 08:48:39 CET.

Flavor Version Tinstall Tcheck Ttotal Status Flags
r-devel-linux-x86_64-debian-clang 0.2.6 3.86 47.81 51.67 OK --install=fake
r-devel-linux-x86_64-debian-gcc 0.2.6 3.28 44.60 47.88 OK --install=fake
r-devel-linux-x86_64-fedora-clang 0.2.6 71.03 NOTE --no-vignettes
r-devel-linux-x86_64-fedora-gcc 0.2.6 72.62 NOTE --no-vignettes
r-patched-linux-x86_64 0.2.6 3.72 59.80 63.52 OK --install=fake
r-patched-solaris-x86 0.2.6 128.60 WARN
r-release-linux-x86_64 0.2.6 3.81 59.60 63.41 OK --install=fake
r-release-osx-x86_64 0.2.6 NOTE
r-oldrel-osx-x86_64 0.2.6 NOTE

Check Details

Version: 0.2.6
Flags: --no-vignettes
Check: package dependencies
Result: NOTE
    Package suggested but not available for checking: ‘gputools’
Flavors: r-devel-linux-x86_64-fedora-clang, r-devel-linux-x86_64-fedora-gcc

Version: 0.2.6
Check: package dependencies
Result: NOTE
    Package suggested but not available for checking: ‘gputools’
Flavors: r-patched-solaris-x86, r-release-osx-x86_64, r-oldrel-osx-x86_64

Version: 0.2.6
Check: re-building of vignette outputs
Result: WARN
    Error in re-building vignettes:
     ...
    Warning in packageDescription("gputools") :
     no package 'gputools' was found
    Error: processing vignette 'gcbd.Rnw' failed with diagnostics:
    at gcbd.Rnw:860, subscript out of bounds
    Execution halted
Flavor: r-patched-solaris-x86

Version: 0.2.6
Check: re-building of vignette outputs
Result: NOTE
    Error in re-building vignettes:
     ...
    Warning in packageDescription("gputools") :
     no package 'gputools' was found
    Error: processing vignette 'gcbd.Rnw' failed with diagnostics:
    at gcbd.Rnw:860, subscript out of bounds
    Execution halted
Flavors: r-release-osx-x86_64, r-oldrel-osx-x86_64