CRAN Package Check Results for Package gcbd

Last updated on 2017-04-29 08:48:49.

Flavor Version Tinstall Tcheck Ttotal Status Flags
r-devel-linux-x86_64-debian-clang 0.2.6 2.86 37.13 40.00 OK --install=fake
r-devel-linux-x86_64-debian-gcc 0.2.6 2.85 36.21 39.06 OK --install=fake
r-devel-linux-x86_64-fedora-clang 0.2.6 80.74 NOTE --no-vignettes --no-stop-on-test-error
r-devel-linux-x86_64-fedora-gcc 0.2.6 81.74 NOTE --no-vignettes --no-stop-on-test-error
r-patched-linux-x86_64 0.2.6 2.97 36.21 39.18 OK --install=fake
r-patched-solaris-sparc 0.2.6 497.80 WARN
r-patched-solaris-x86 0.2.6 114.50 WARN
r-release-linux-x86_64 0.2.6 3.20 37.16 40.35 OK --install=fake
r-release-osx-x86_64 0.2.6 NOTE
r-oldrel-osx-x86_64 0.2.6 NOTE

Check Details

Version: 0.2.6
Flags: --no-vignettes --no-stop-on-test-error
Check: package dependencies
Result: NOTE
    Package suggested but not available for checking: ‘gputools’
Flavors: r-devel-linux-x86_64-fedora-clang, r-devel-linux-x86_64-fedora-gcc

Version: 0.2.6
Check: package dependencies
Result: NOTE
    Package suggested but not available for checking: ‘gputools’
Flavors: r-patched-solaris-sparc, r-patched-solaris-x86, r-release-osx-x86_64, r-oldrel-osx-x86_64

Version: 0.2.6
Check: re-building of vignette outputs
Result: WARN
    Error in re-building vignettes:
     ...
    Warning in packageDescription("gputools") :
     no package 'gputools' was found
    Error: processing vignette 'gcbd.Rnw' failed with diagnostics:
    at gcbd.Rnw:860, subscript out of bounds
    Execution halted
Flavors: r-patched-solaris-sparc, r-patched-solaris-x86

Version: 0.2.6
Check: re-building of vignette outputs
Result: NOTE
    Error in re-building vignettes:
     ...
    Warning in packageDescription("gputools") :
     no package 'gputools' was found
    Error: processing vignette 'gcbd.Rnw' failed with diagnostics:
    at gcbd.Rnw:860, subscript out of bounds
    Execution halted
Flavors: r-release-osx-x86_64, r-oldrel-osx-x86_64