CRAN Package Check Results for Package gcbd

Last updated on 2014-10-02 11:48:07.

Flavor Version Tinstall Tcheck Ttotal Status Flags
r-devel-linux-x86_64-debian-clang 0.2.5 1.58 21.40 22.98 NOTE --install=fake
r-devel-linux-x86_64-debian-gcc 0.2.5 1.50 20.95 22.45 NOTE --install=fake
r-devel-linux-x86_64-fedora-clang 0.2.5 56.13 NOTE
r-devel-linux-x86_64-fedora-gcc 0.2.5 51.79 NOTE
r-devel-osx-x86_64-clang 0.2.5 44.27 NOTE
r-patched-linux-x86_64 0.2.5 1.62 23.50 25.12 NOTE --install=fake
r-patched-solaris-sparc 0.2.5 306.30 NOTE
r-patched-solaris-x86 0.2.5 72.30 NOTE
r-release-linux-ix86 0.2.5 2.12 30.27 32.38 NOTE --install=fake
r-release-linux-x86_64 0.2.5 1.62 23.89 25.51 NOTE --install=fake
r-release-osx-x86_64-mavericks 0.2.5 NOTE
r-release-osx-x86_64-snowleopard 0.2.5 NOTE

Check Details

Version: 0.2.5
Flags: --install=fake
Check: dependencies in R code
Result: NOTE
    Packages in Depends field not imported from:
     ‘RSQLite’ ‘lattice’ ‘plyr’ ‘reshape’
     These packages need to be imported from (in the NAMESPACE file)
     for when this namespace is loaded but not attached.
    See the information on DESCRIPTION files in the chapter ‘Creating R
    packages’ of the ‘Writing R Extensions’ manual.
Flavors: r-devel-linux-x86_64-debian-clang, r-devel-linux-x86_64-debian-gcc, r-patched-linux-x86_64, r-release-linux-ix86, r-release-linux-x86_64

Version: 0.2.5
Flags: --install=fake
Check: R code for possible problems
Result: NOTE
    createDatabase: no visible global function definition for ‘dbDriver’
    createDatabase: no visible global function definition for
     ‘dbBuildTableDefinition’
    createDatabase: no visible global function definition for ‘dbConnect’
    createDatabase: no visible global function definition for ‘dbGetQuery’
    createDatabase: no visible global function definition for
     ‘dbDisconnect’
    databaseResult: no visible global function definition for ‘dbConnect’
    databaseResult: no visible global function definition for ‘dbDriver’
    databaseResult: no visible global function definition for
     ‘dbWriteTable’
    databaseResult: no visible global function definition for
     ‘dbDisconnect’
    figure_Lattice: no visible global function definition for ‘melt’
    figure_Lattice: no visible global function definition for
     ‘trellis.par.get’
    figure_Lattice: no visible global function definition for
     ‘trellis.par.set’
    figure_LatticeByArch: no visible global function definition for ‘melt’
    figure_LatticeByArch: no visible global function definition for
     ‘trellis.par.get’
    figure_LatticeByArch: no visible global function definition for
     ‘trellis.par.set’
    figure_LogLogIntercept: no visible global function definition for
     ‘trellis.par.get’
    figure_LogLogIntercept: no visible global function definition for
     ‘trellis.par.set’
    figure_LogLogLattice: no visible global function definition for ‘melt’
    figure_LogLogLattice: no visible global function definition for
     ‘trellis.par.get’
    figure_LogLogLattice: no visible global function definition for
     ‘trellis.par.set’
    figure_LogLogSlopes: no visible global function definition for
     ‘trellis.par.get’
    figure_LogLogSlopes: no visible global function definition for
     ‘trellis.par.set’
    getBenchmarkData: no visible global function definition for ‘dbConnect’
    getBenchmarkData: no visible global function definition for ‘dbDriver’
    getBenchmarkData: no visible global function definition for
     ‘dbGetQuery’
    getBenchmarkData: no visible global function definition for
     ‘dbDisconnect’
    loglogAnalysis: no visible global function definition for ‘dbConnect’
    loglogAnalysis: no visible global function definition for ‘dbDriver’
    loglogAnalysis: no visible global function definition for ‘dbGetQuery’
    loglogAnalysis: no visible global function definition for
     ‘dbDisconnect’
    loglogAnalysis: no visible global function definition for ‘ddply’
    loglogAnalysis: no visible global function definition for ‘melt’
    luBenchmark: no visible global function definition for ‘lu’
    matmultBenchmarkgputools: no visible global function definition for
     ‘gpuMatMult’
    qrBenchmarkgputools: no visible global function definition for ‘gpuQr’
    svdBenchmarkgputools: no visible global function definition for
     ‘gpuSvd’
Flavors: r-devel-linux-x86_64-debian-clang, r-devel-linux-x86_64-debian-gcc

Version: 0.2.5
Check: package dependencies
Result: NOTE
    Package suggested but not available for checking: ‘gputools’
Flavors: r-devel-linux-x86_64-fedora-clang, r-devel-linux-x86_64-fedora-gcc, r-devel-osx-x86_64-clang, r-patched-solaris-sparc, r-patched-solaris-x86, r-release-osx-x86_64-mavericks, r-release-osx-x86_64-snowleopard

Version: 0.2.5
Check: dependencies in R code
Result: NOTE
    Packages in Depends field not imported from:
     ‘RSQLite’ ‘lattice’ ‘plyr’ ‘reshape’
     These packages need to be imported from (in the NAMESPACE file)
     for when this namespace is loaded but not attached.
    See the information on DESCRIPTION files in the chapter ‘Creating R
    packages’ of the ‘Writing R Extensions’ manual.
Flavors: r-devel-linux-x86_64-fedora-clang, r-devel-linux-x86_64-fedora-gcc, r-devel-osx-x86_64-clang, r-patched-solaris-sparc, r-patched-solaris-x86, r-release-osx-x86_64-mavericks

Version: 0.2.5
Check: R code for possible problems
Result: NOTE
    createDatabase: no visible global function definition for ‘dbDriver’
    createDatabase: no visible global function definition for
     ‘dbBuildTableDefinition’
    createDatabase: no visible global function definition for ‘dbConnect’
    createDatabase: no visible global function definition for ‘dbGetQuery’
    createDatabase: no visible global function definition for
     ‘dbDisconnect’
    databaseResult: no visible global function definition for ‘dbConnect’
    databaseResult: no visible global function definition for ‘dbDriver’
    databaseResult: no visible global function definition for
     ‘dbWriteTable’
    databaseResult: no visible global function definition for
     ‘dbDisconnect’
    figure_Lattice: no visible global function definition for ‘melt’
    figure_Lattice: no visible global function definition for
     ‘trellis.par.get’
    figure_Lattice: no visible global function definition for
     ‘trellis.par.set’
    figure_LatticeByArch: no visible global function definition for ‘melt’
    figure_LatticeByArch: no visible global function definition for
     ‘trellis.par.get’
    figure_LatticeByArch: no visible global function definition for
     ‘trellis.par.set’
    figure_LogLogIntercept: no visible global function definition for
     ‘trellis.par.get’
    figure_LogLogIntercept: no visible global function definition for
     ‘trellis.par.set’
    figure_LogLogLattice: no visible global function definition for ‘melt’
    figure_LogLogLattice: no visible global function definition for
     ‘trellis.par.get’
    figure_LogLogLattice: no visible global function definition for
     ‘trellis.par.set’
    figure_LogLogSlopes: no visible global function definition for
     ‘trellis.par.get’
    figure_LogLogSlopes: no visible global function definition for
     ‘trellis.par.set’
    getBenchmarkData: no visible global function definition for ‘dbConnect’
    getBenchmarkData: no visible global function definition for ‘dbDriver’
    getBenchmarkData: no visible global function definition for
     ‘dbGetQuery’
    getBenchmarkData: no visible global function definition for
     ‘dbDisconnect’
    loglogAnalysis: no visible global function definition for ‘dbConnect’
    loglogAnalysis: no visible global function definition for ‘dbDriver’
    loglogAnalysis: no visible global function definition for ‘dbGetQuery’
    loglogAnalysis: no visible global function definition for
     ‘dbDisconnect’
    loglogAnalysis: no visible global function definition for ‘ddply’
    loglogAnalysis: no visible global function definition for ‘melt’
    luBenchmark: no visible global function definition for ‘lu’
    matmultBenchmarkgputools: no visible global function definition for
     ‘gpuMatMult’
    qrBenchmarkgputools: no visible global function definition for ‘gpuQr’
    svdBenchmarkgputools: no visible global function definition for
     ‘gpuSvd’
Flavors: r-devel-linux-x86_64-fedora-clang, r-devel-linux-x86_64-fedora-gcc, r-devel-osx-x86_64-clang

Version: 0.2.5
Check: re-building of vignette outputs
Result: NOTE
    Error in re-building vignettes:
     ...
    Loading required package: RSQLite
    Loading required package: DBI
    Loading required package: plyr
    Loading required package: reshape
    
    Attaching package: ‘reshape’
    
    The following objects are masked from ‘package:plyr’:
    
     rename, round_any
    
    Loading required package: lattice
    Warning in packageDescription("gputools") :
     no package 'gputools' was found
    Error: processing vignette 'gcbd.Rnw' failed with diagnostics:
    at gcbd.Rnw:860, subscript out of bounds
    Execution halted
Flavors: r-devel-linux-x86_64-fedora-clang, r-devel-linux-x86_64-fedora-gcc, r-devel-osx-x86_64-clang, r-patched-solaris-sparc, r-patched-solaris-x86

Version: 0.2.5
Flags: --install=fake
Check: R code for possible problems
Result: NOTE
    svdBenchmarkgputools: no visible global function definition for
     ‘gpuSvd’
Flavors: r-patched-linux-x86_64, r-release-linux-ix86, r-release-linux-x86_64

Version: 0.2.5
Check: R code for possible problems
Result: NOTE
    matmultBenchmarkgputools: no visible global function definition for
     ‘gpuMatMult’
    qrBenchmarkgputools: no visible global function definition for ‘gpuQr’
    svdBenchmarkgputools: no visible global function definition for
     ‘gpuSvd’
Flavors: r-patched-solaris-sparc, r-patched-solaris-x86, r-release-osx-x86_64-mavericks, r-release-osx-x86_64-snowleopard

Version: 0.2.5
Check: re-building of vignette outputs
Result: NOTE
    Error in re-building vignettes:
     ...
    Loading required package: RSQLite
    Loading required package: DBI
    Loading required package: plyr
    Loading required package: reshape
    
    Attaching package: ‘reshape’
    
    The following objects are masked from ‘package:plyr’:
    
     rename, round_any
    
    Loading required package: lattice
    Warning in packageDescription("gputools") :
     no package 'gputools' was found
    Error: processing vignette 'gcbd.Rnw' failed with diagnostics:
    subscript out of bounds
    Execution halted
Flavors: r-release-osx-x86_64-mavericks, r-release-osx-x86_64-snowleopard