CRAN Package Check Results for Package gcbd

Last updated on 2017-08-19 16:46:19.

Flavor Version Tinstall Tcheck Ttotal Status Flags
r-devel-linux-x86_64-debian-clang 0.2.6 3.13 38.66 41.79 OK --install=fake
r-devel-linux-x86_64-debian-gcc 0.2.6 3.16 37.76 40.92 OK --install=fake
r-devel-linux-x86_64-fedora-clang 0.2.6 90.74 NOTE --no-vignettes
r-devel-linux-x86_64-fedora-gcc 0.2.6 87.94 NOTE --no-vignettes
r-patched-linux-x86_64 0.2.6 3.05 37.84 40.89 OK --install=fake
r-patched-solaris-x86 0.2.6 124.20 WARN
r-release-linux-x86_64 0.2.6 2.96 38.09 41.05 OK --install=fake
r-release-osx-x86_64 0.2.6 NOTE
r-oldrel-osx-x86_64 0.2.6 NOTE

Check Details

Version: 0.2.6
Flags: --no-vignettes
Check: package dependencies
Result: NOTE
    Package suggested but not available for checking: ‘gputools’
Flavors: r-devel-linux-x86_64-fedora-clang, r-devel-linux-x86_64-fedora-gcc

Version: 0.2.6
Check: package dependencies
Result: NOTE
    Package suggested but not available for checking: ‘gputools’
Flavors: r-patched-solaris-x86, r-release-osx-x86_64, r-oldrel-osx-x86_64

Version: 0.2.6
Check: re-building of vignette outputs
Result: WARN
    Error in re-building vignettes:
     ...
    Warning in packageDescription("gputools") :
     no package 'gputools' was found
    Error: processing vignette 'gcbd.Rnw' failed with diagnostics:
    at gcbd.Rnw:860, subscript out of bounds
    Execution halted
Flavor: r-patched-solaris-x86

Version: 0.2.6
Check: re-building of vignette outputs
Result: NOTE
    Error in re-building vignettes:
     ...
    Warning in packageDescription("gputools") :
     no package 'gputools' was found
    Error: processing vignette 'gcbd.Rnw' failed with diagnostics:
    at gcbd.Rnw:860, subscript out of bounds
    Execution halted
Flavors: r-release-osx-x86_64, r-oldrel-osx-x86_64