CRAN Package Check Results for Package gcbd

Last updated on 2017-03-27 17:47:25.

Flavor Version Tinstall Tcheck Ttotal Status Flags
r-devel-linux-x86_64-debian-clang 0.2.6 2.90 36.15 39.05 OK --install=fake
r-devel-linux-x86_64-debian-gcc 0.2.6 3.03 35.13 38.16 OK --install=fake
r-devel-linux-x86_64-fedora-clang 0.2.6 85.89 NOTE --no-vignettes --no-stop-on-test-error
r-devel-linux-x86_64-fedora-gcc 0.2.6 82.19 NOTE --no-vignettes --no-stop-on-test-error
r-devel-macos-x86_64-clang 0.2.6 59.21 NOTE --no-vignettes --no-stop-on-test-error
r-patched-linux-x86_64 0.2.6 2.87 35.75 38.62 OK --install=fake
r-patched-solaris-sparc 0.2.6 497.80 WARN
r-patched-solaris-x86 0.2.6 117.50 WARN
r-release-linux-x86_64 0.2.6 2.56 32.84 35.41 OK --install=fake
r-release-osx-x86_64-mavericks 0.2.6 NOTE

Check Details

Version: 0.2.6
Flags: --no-vignettes --no-stop-on-test-error
Check: package dependencies
Result: NOTE
    Package suggested but not available for checking: ‘gputools’
Flavors: r-devel-linux-x86_64-fedora-clang, r-devel-linux-x86_64-fedora-gcc, r-devel-macos-x86_64-clang

Version: 0.2.6
Check: package dependencies
Result: NOTE
    Package suggested but not available for checking: ‘gputools’
Flavors: r-patched-solaris-sparc, r-patched-solaris-x86, r-release-osx-x86_64-mavericks

Version: 0.2.6
Check: re-building of vignette outputs
Result: WARN
    Error in re-building vignettes:
     ...
    Warning in packageDescription("gputools") :
     no package 'gputools' was found
    Error: processing vignette 'gcbd.Rnw' failed with diagnostics:
    at gcbd.Rnw:860, subscript out of bounds
    Execution halted
Flavors: r-patched-solaris-sparc, r-patched-solaris-x86

Version: 0.2.6
Check: re-building of vignette outputs
Result: NOTE
    Error in re-building vignettes:
     ...
    Warning in packageDescription("gputools") :
     no package 'gputools' was found
    Error: processing vignette 'gcbd.Rnw' failed with diagnostics:
    at gcbd.Rnw:860, subscript out of bounds
    Execution halted
Flavor: r-release-osx-x86_64-mavericks