CRAN Package Check Results for Package gcbd

Last updated on 2016-07-29 15:47:26.

Flavor Version Tinstall Tcheck Ttotal Status Flags
r-devel-linux-x86_64-debian-clang 0.2.5 1.28 16.60 17.89 NOTE --install=fake
r-devel-linux-x86_64-debian-gcc 0.2.5 1.70 19.39 21.09 NOTE --install=fake
r-devel-linux-x86_64-fedora-clang 0.2.5 30.04 NOTE --no-vignettes
r-devel-linux-x86_64-fedora-gcc 0.2.5 27.38 NOTE --no-vignettes
r-devel-osx-x86_64-clang 0.2.5 24.67 NOTE --no-vignettes
r-patched-linux-x86_64 0.2.5 1.53 19.71 21.24 NOTE --install=fake
r-patched-solaris-sparc 0.2.5 193.40 WARN
r-patched-solaris-x86 0.2.5 41.90 WARN
r-release-linux-x86_64 0.2.5 1.46 18.91 20.37 NOTE --install=fake
r-release-osx-x86_64-mavericks 0.2.5 NOTE

Check Details

Version: 0.2.5
Flags: --install=fake
Check: dependencies in R code
Result: NOTE
    Packages in Depends field not imported from:
     ‘RSQLite’ ‘lattice’ ‘plyr’ ‘reshape’
     These packages need to be imported from (in the NAMESPACE file)
     for when this namespace is loaded but not attached.
Flavors: r-devel-linux-x86_64-debian-clang, r-devel-linux-x86_64-debian-gcc, r-patched-linux-x86_64, r-release-linux-x86_64

Version: 0.2.5
Flags: --install=fake
Check: R code for possible problems
Result: NOTE
    createDatabase: no visible global function definition for ‘dbDriver’
    createDatabase: no visible global function definition for
     ‘dbBuildTableDefinition’
    createDatabase: no visible global function definition for ‘dbConnect’
    createDatabase: no visible global function definition for ‘dbGetQuery’
    createDatabase: no visible global function definition for
     ‘dbDisconnect’
    databaseResult: no visible global function definition for ‘dbConnect’
    databaseResult: no visible global function definition for ‘dbDriver’
    databaseResult: no visible global function definition for
     ‘dbWriteTable’
    databaseResult: no visible global function definition for
     ‘dbDisconnect’
    figure_LU_i7: no visible global function definition for ‘par’
    figure_LU_i7: no visible global function definition for ‘matplot’
    figure_LU_i7: no visible global function definition for ‘legend’
    figure_LU_xeon: no visible global function definition for ‘par’
    figure_LU_xeon: no visible global function definition for ‘matplot’
    figure_LU_xeon: no visible global function definition for ‘legend’
    figure_Lattice: no visible global function definition for ‘melt’
    figure_Lattice: no visible global function definition for
     ‘trellis.par.get’
    figure_Lattice: no visible global function definition for
     ‘trellis.par.set’
    figure_LatticeByArch: no visible global function definition for ‘melt’
    figure_LatticeByArch: no visible global function definition for
     ‘trellis.par.get’
    figure_LatticeByArch: no visible global function definition for
     ‘trellis.par.set’
    figure_LogLogIntercept: no visible global function definition for
     ‘trellis.par.get’
    figure_LogLogIntercept: no visible global function definition for
     ‘trellis.par.set’
    figure_LogLogLattice: no visible global function definition for ‘melt’
    figure_LogLogLattice: no visible global function definition for
     ‘trellis.par.get’
    figure_LogLogLattice: no visible global function definition for
     ‘trellis.par.set’
    figure_LogLogSlopes: no visible global function definition for
     ‘trellis.par.get’
    figure_LogLogSlopes: no visible global function definition for
     ‘trellis.par.set’
    figure_MatMult_i7: no visible global function definition for ‘par’
    figure_MatMult_i7: no visible global function definition for ‘matplot’
    figure_MatMult_i7: no visible global function definition for ‘legend’
    figure_MatMult_xeon: no visible global function definition for ‘par’
    figure_MatMult_xeon: no visible global function definition for
     ‘matplot’
    figure_MatMult_xeon: no visible global function definition for ‘legend’
    figure_QR_i7: no visible global function definition for ‘par’
    figure_QR_i7: no visible global function definition for ‘matplot’
    figure_QR_i7: no visible global function definition for ‘legend’
    figure_QR_xeon: no visible global function definition for ‘par’
    figure_QR_xeon: no visible global function definition for ‘matplot’
    figure_QR_xeon: no visible global function definition for ‘legend’
    figure_SVD_i7: no visible global function definition for ‘par’
    figure_SVD_i7: no visible global function definition for ‘matplot’
    figure_SVD_i7: no visible global function definition for ‘legend’
    figure_SVD_xeon: no visible global function definition for ‘par’
    figure_SVD_xeon: no visible global function definition for ‘matplot’
    figure_SVD_xeon: no visible global function definition for ‘legend’
    getBenchmarkData: no visible global function definition for ‘dbConnect’
    getBenchmarkData: no visible global function definition for ‘dbDriver’
    getBenchmarkData: no visible global function definition for
     ‘dbGetQuery’
    getBenchmarkData: no visible global function definition for
     ‘dbDisconnect’
    getMatrix: no visible global function definition for ‘rnorm’
    loglogAnalysis: no visible global function definition for ‘dbConnect’
    loglogAnalysis: no visible global function definition for ‘dbDriver’
    loglogAnalysis: no visible global function definition for ‘dbGetQuery’
    loglogAnalysis: no visible global function definition for
     ‘dbDisconnect’
    loglogAnalysis: no visible global function definition for ‘ddply’
    loglogAnalysis : <anonymous>: no visible global function definition for
     ‘coef’
    loglogAnalysis : <anonymous>: no visible global function definition for
     ‘lm’
    loglogAnalysis: no visible global function definition for ‘melt’
    luBenchmark: no visible global function definition for ‘lu’
    matmultBenchmarkgputools: no visible global function definition for
     ‘gpuMatMult’
    qrBenchmarkgputools: no visible global function definition for ‘gpuQr’
    svdBenchmarkgputools: no visible global function definition for
     ‘gpuSvd’
    Undefined global functions or variables:
     coef dbBuildTableDefinition dbConnect dbDisconnect dbDriver
     dbGetQuery dbWriteTable ddply gpuMatMult gpuQr gpuSvd legend lm lu
     matplot melt par rnorm trellis.par.get trellis.par.set
    Consider adding
     importFrom("graphics", "legend", "matplot", "par")
     importFrom("stats", "coef", "lm", "rnorm")
    to your NAMESPACE file.
Flavors: r-devel-linux-x86_64-debian-clang, r-devel-linux-x86_64-debian-gcc, r-patched-linux-x86_64, r-release-linux-x86_64

Version: 0.2.5
Flags: --no-vignettes
Check: package dependencies
Result: NOTE
    Package suggested but not available for checking: ‘gputools’
Flavors: r-devel-linux-x86_64-fedora-clang, r-devel-linux-x86_64-fedora-gcc, r-devel-osx-x86_64-clang

Version: 0.2.5
Flags: --no-vignettes
Check: dependencies in R code
Result: NOTE
    Packages in Depends field not imported from:
     ‘RSQLite’ ‘lattice’ ‘plyr’ ‘reshape’
     These packages need to be imported from (in the NAMESPACE file)
     for when this namespace is loaded but not attached.
Flavors: r-devel-linux-x86_64-fedora-clang, r-devel-linux-x86_64-fedora-gcc, r-devel-osx-x86_64-clang

Version: 0.2.5
Flags: --no-vignettes
Check: R code for possible problems
Result: NOTE
    createDatabase: no visible global function definition for ‘dbDriver’
    createDatabase: no visible global function definition for
     ‘dbBuildTableDefinition’
    createDatabase: no visible global function definition for ‘dbConnect’
    createDatabase: no visible global function definition for ‘dbGetQuery’
    createDatabase: no visible global function definition for
     ‘dbDisconnect’
    databaseResult: no visible global function definition for ‘dbConnect’
    databaseResult: no visible global function definition for ‘dbDriver’
    databaseResult: no visible global function definition for
     ‘dbWriteTable’
    databaseResult: no visible global function definition for
     ‘dbDisconnect’
    figure_LU_i7: no visible global function definition for ‘par’
    figure_LU_i7: no visible global function definition for ‘matplot’
    figure_LU_i7: no visible global function definition for ‘legend’
    figure_LU_xeon: no visible global function definition for ‘par’
    figure_LU_xeon: no visible global function definition for ‘matplot’
    figure_LU_xeon: no visible global function definition for ‘legend’
    figure_Lattice: no visible global function definition for ‘melt’
    figure_Lattice: no visible global function definition for
     ‘trellis.par.get’
    figure_Lattice: no visible global function definition for
     ‘trellis.par.set’
    figure_LatticeByArch: no visible global function definition for ‘melt’
    figure_LatticeByArch: no visible global function definition for
     ‘trellis.par.get’
    figure_LatticeByArch: no visible global function definition for
     ‘trellis.par.set’
    figure_LogLogIntercept: no visible global function definition for
     ‘trellis.par.get’
    figure_LogLogIntercept: no visible global function definition for
     ‘trellis.par.set’
    figure_LogLogLattice: no visible global function definition for ‘melt’
    figure_LogLogLattice: no visible global function definition for
     ‘trellis.par.get’
    figure_LogLogLattice: no visible global function definition for
     ‘trellis.par.set’
    figure_LogLogSlopes: no visible global function definition for
     ‘trellis.par.get’
    figure_LogLogSlopes: no visible global function definition for
     ‘trellis.par.set’
    figure_MatMult_i7: no visible global function definition for ‘par’
    figure_MatMult_i7: no visible global function definition for ‘matplot’
    figure_MatMult_i7: no visible global function definition for ‘legend’
    figure_MatMult_xeon: no visible global function definition for ‘par’
    figure_MatMult_xeon: no visible global function definition for
     ‘matplot’
    figure_MatMult_xeon: no visible global function definition for ‘legend’
    figure_QR_i7: no visible global function definition for ‘par’
    figure_QR_i7: no visible global function definition for ‘matplot’
    figure_QR_i7: no visible global function definition for ‘legend’
    figure_QR_xeon: no visible global function definition for ‘par’
    figure_QR_xeon: no visible global function definition for ‘matplot’
    figure_QR_xeon: no visible global function definition for ‘legend’
    figure_SVD_i7: no visible global function definition for ‘par’
    figure_SVD_i7: no visible global function definition for ‘matplot’
    figure_SVD_i7: no visible global function definition for ‘legend’
    figure_SVD_xeon: no visible global function definition for ‘par’
    figure_SVD_xeon: no visible global function definition for ‘matplot’
    figure_SVD_xeon: no visible global function definition for ‘legend’
    getBenchmarkData: no visible global function definition for ‘dbConnect’
    getBenchmarkData: no visible global function definition for ‘dbDriver’
    getBenchmarkData: no visible global function definition for
     ‘dbGetQuery’
    getBenchmarkData: no visible global function definition for
     ‘dbDisconnect’
    getMatrix: no visible global function definition for ‘rnorm’
    loglogAnalysis: no visible global function definition for ‘dbConnect’
    loglogAnalysis: no visible global function definition for ‘dbDriver’
    loglogAnalysis: no visible global function definition for ‘dbGetQuery’
    loglogAnalysis: no visible global function definition for
     ‘dbDisconnect’
    loglogAnalysis: no visible global function definition for ‘ddply’
    loglogAnalysis : <anonymous>: no visible global function definition for
     ‘coef’
    loglogAnalysis : <anonymous>: no visible global function definition for
     ‘lm’
    loglogAnalysis: no visible global function definition for ‘melt’
    luBenchmark: no visible global function definition for ‘lu’
    matmultBenchmarkgputools: no visible global function definition for
     ‘gpuMatMult’
    qrBenchmarkgputools: no visible global function definition for ‘gpuQr’
    svdBenchmarkgputools: no visible global function definition for
     ‘gpuSvd’
    Undefined global functions or variables:
     coef dbBuildTableDefinition dbConnect dbDisconnect dbDriver
     dbGetQuery dbWriteTable ddply gpuMatMult gpuQr gpuSvd legend lm lu
     matplot melt par rnorm trellis.par.get trellis.par.set
    Consider adding
     importFrom("graphics", "legend", "matplot", "par")
     importFrom("stats", "coef", "lm", "rnorm")
    to your NAMESPACE file.
Flavors: r-devel-linux-x86_64-fedora-clang, r-devel-linux-x86_64-fedora-gcc, r-devel-osx-x86_64-clang

Version: 0.2.5
Check: package dependencies
Result: NOTE
    Package suggested but not available for checking: ‘gputools’
Flavors: r-patched-solaris-sparc, r-patched-solaris-x86, r-release-osx-x86_64-mavericks

Version: 0.2.5
Check: dependencies in R code
Result: NOTE
    Packages in Depends field not imported from:
     ‘RSQLite’ ‘lattice’ ‘plyr’ ‘reshape’
     These packages need to be imported from (in the NAMESPACE file)
     for when this namespace is loaded but not attached.
Flavors: r-patched-solaris-sparc, r-patched-solaris-x86, r-release-osx-x86_64-mavericks

Version: 0.2.5
Check: R code for possible problems
Result: NOTE
    createDatabase: no visible global function definition for ‘dbDriver’
    createDatabase: no visible global function definition for
     ‘dbBuildTableDefinition’
    createDatabase: no visible global function definition for ‘dbConnect’
    createDatabase: no visible global function definition for ‘dbGetQuery’
    createDatabase: no visible global function definition for
     ‘dbDisconnect’
    databaseResult: no visible global function definition for ‘dbConnect’
    databaseResult: no visible global function definition for ‘dbDriver’
    databaseResult: no visible global function definition for
     ‘dbWriteTable’
    databaseResult: no visible global function definition for
     ‘dbDisconnect’
    figure_LU_i7: no visible global function definition for ‘par’
    figure_LU_i7: no visible global function definition for ‘matplot’
    figure_LU_i7: no visible global function definition for ‘legend’
    figure_LU_xeon: no visible global function definition for ‘par’
    figure_LU_xeon: no visible global function definition for ‘matplot’
    figure_LU_xeon: no visible global function definition for ‘legend’
    figure_Lattice: no visible global function definition for ‘melt’
    figure_Lattice: no visible global function definition for
     ‘trellis.par.get’
    figure_Lattice: no visible global function definition for
     ‘trellis.par.set’
    figure_LatticeByArch: no visible global function definition for ‘melt’
    figure_LatticeByArch: no visible global function definition for
     ‘trellis.par.get’
    figure_LatticeByArch: no visible global function definition for
     ‘trellis.par.set’
    figure_LogLogIntercept: no visible global function definition for
     ‘trellis.par.get’
    figure_LogLogIntercept: no visible global function definition for
     ‘trellis.par.set’
    figure_LogLogLattice: no visible global function definition for ‘melt’
    figure_LogLogLattice: no visible global function definition for
     ‘trellis.par.get’
    figure_LogLogLattice: no visible global function definition for
     ‘trellis.par.set’
    figure_LogLogSlopes: no visible global function definition for
     ‘trellis.par.get’
    figure_LogLogSlopes: no visible global function definition for
     ‘trellis.par.set’
    figure_MatMult_i7: no visible global function definition for ‘par’
    figure_MatMult_i7: no visible global function definition for ‘matplot’
    figure_MatMult_i7: no visible global function definition for ‘legend’
    figure_MatMult_xeon: no visible global function definition for ‘par’
    figure_MatMult_xeon: no visible global function definition for
     ‘matplot’
    figure_MatMult_xeon: no visible global function definition for ‘legend’
    figure_QR_i7: no visible global function definition for ‘par’
    figure_QR_i7: no visible global function definition for ‘matplot’
    figure_QR_i7: no visible global function definition for ‘legend’
    figure_QR_xeon: no visible global function definition for ‘par’
    figure_QR_xeon: no visible global function definition for ‘matplot’
    figure_QR_xeon: no visible global function definition for ‘legend’
    figure_SVD_i7: no visible global function definition for ‘par’
    figure_SVD_i7: no visible global function definition for ‘matplot’
    figure_SVD_i7: no visible global function definition for ‘legend’
    figure_SVD_xeon: no visible global function definition for ‘par’
    figure_SVD_xeon: no visible global function definition for ‘matplot’
    figure_SVD_xeon: no visible global function definition for ‘legend’
    getBenchmarkData: no visible global function definition for ‘dbConnect’
    getBenchmarkData: no visible global function definition for ‘dbDriver’
    getBenchmarkData: no visible global function definition for
     ‘dbGetQuery’
    getBenchmarkData: no visible global function definition for
     ‘dbDisconnect’
    getMatrix: no visible global function definition for ‘rnorm’
    loglogAnalysis: no visible global function definition for ‘dbConnect’
    loglogAnalysis: no visible global function definition for ‘dbDriver’
    loglogAnalysis: no visible global function definition for ‘dbGetQuery’
    loglogAnalysis: no visible global function definition for
     ‘dbDisconnect’
    loglogAnalysis: no visible global function definition for ‘ddply’
    loglogAnalysis : <anonymous>: no visible global function definition for
     ‘coef’
    loglogAnalysis : <anonymous>: no visible global function definition for
     ‘lm’
    loglogAnalysis: no visible global function definition for ‘melt’
    luBenchmark: no visible global function definition for ‘lu’
    matmultBenchmarkgputools: no visible global function definition for
     ‘gpuMatMult’
    qrBenchmarkgputools: no visible global function definition for ‘gpuQr’
    svdBenchmarkgputools: no visible global function definition for
     ‘gpuSvd’
    Undefined global functions or variables:
     coef dbBuildTableDefinition dbConnect dbDisconnect dbDriver
     dbGetQuery dbWriteTable ddply gpuMatMult gpuQr gpuSvd legend lm lu
     matplot melt par rnorm trellis.par.get trellis.par.set
    Consider adding
     importFrom("graphics", "legend", "matplot", "par")
     importFrom("stats", "coef", "lm", "rnorm")
    to your NAMESPACE file.
Flavors: r-patched-solaris-sparc, r-patched-solaris-x86, r-release-osx-x86_64-mavericks

Version: 0.2.5
Check: re-building of vignette outputs
Result: WARN
    Error in re-building vignettes:
     ...
    Loading required package: RSQLite
    Loading required package: DBI
    Loading required package: plyr
    Loading required package: reshape
    
    Attaching package: ‘reshape’
    
    The following objects are masked from ‘package:plyr’:
    
     rename, round_any
    
    Loading required package: lattice
    Warning in packageDescription("gputools") :
     no package 'gputools' was found
    Error: processing vignette 'gcbd.Rnw' failed with diagnostics:
    at gcbd.Rnw:860, subscript out of bounds
    Execution halted
Flavors: r-patched-solaris-sparc, r-patched-solaris-x86

Version: 0.2.5
Check: re-building of vignette outputs
Result: NOTE
    Error in re-building vignettes:
     ...
    Loading required package: RSQLite
    Loading required package: DBI
    Loading required package: plyr
    Loading required package: reshape
    
    Attaching package: ‘reshape’
    
    The following objects are masked from ‘package:plyr’:
    
     rename, round_any
    
    Loading required package: lattice
    Warning in packageDescription("gputools") :
     no package 'gputools' was found
    Error: processing vignette 'gcbd.Rnw' failed with diagnostics:
    at gcbd.Rnw:860, subscript out of bounds
    Execution halted
Flavor: r-release-osx-x86_64-mavericks