CRAN Package Check Results for Package gcbd

Last updated on 2016-12-02 18:47:33.

Flavor Version Tinstall Tcheck Ttotal Status Flags
r-devel-linux-x86_64-debian-clang 0.2.6 2.91 35.22 38.13 OK --install=fake
r-devel-linux-x86_64-debian-gcc 0.2.6 2.82 34.27 37.08 OK --install=fake
r-devel-linux-x86_64-fedora-clang 0.2.6 80.42 NOTE --no-vignettes
r-devel-linux-x86_64-fedora-gcc 0.2.6 82.18 NOTE --no-vignettes
r-devel-macos-x86_64-clang 0.2.6 59.37 NOTE --no-vignettes
r-patched-linux-x86_64 0.2.6 2.63 31.77 34.40 OK --install=fake
r-patched-solaris-sparc 0.2.6 420.70 WARN
r-patched-solaris-x86 0.2.6 94.50 WARN
r-release-linux-x86_64 0.2.6 2.66 31.74 34.40 OK --install=fake
r-release-osx-x86_64-mavericks 0.2.6 NOTE

Check Details

Version: 0.2.6
Flags: --no-vignettes
Check: package dependencies
Result: NOTE
    Package suggested but not available for checking: ‘gputools’
Flavors: r-devel-linux-x86_64-fedora-clang, r-devel-linux-x86_64-fedora-gcc, r-devel-macos-x86_64-clang

Version: 0.2.6
Check: package dependencies
Result: NOTE
    Package suggested but not available for checking: ‘gputools’
Flavors: r-patched-solaris-sparc, r-patched-solaris-x86, r-release-osx-x86_64-mavericks

Version: 0.2.6
Check: re-building of vignette outputs
Result: WARN
    Error in re-building vignettes:
     ...
    Warning in packageDescription("gputools") :
     no package 'gputools' was found
    Error: processing vignette 'gcbd.Rnw' failed with diagnostics:
    at gcbd.Rnw:860, subscript out of bounds
    Execution halted
Flavors: r-patched-solaris-sparc, r-patched-solaris-x86

Version: 0.2.6
Check: re-building of vignette outputs
Result: NOTE
    Error in re-building vignettes:
     ...
    Warning in packageDescription("gputools") :
     no package 'gputools' was found
    Error: processing vignette 'gcbd.Rnw' failed with diagnostics:
    at gcbd.Rnw:860, subscript out of bounds
    Execution halted
Flavor: r-release-osx-x86_64-mavericks