CRAN Package Check Results for Package gcbd

Last updated on 2014-04-19 15:49:42.

Flavor Version Tinstall Tcheck Ttotal Status Flags
r-devel-linux-x86_64-debian-clang 0.2.5 1.75 21.52 23.27 NOTE --install=fake
r-devel-linux-x86_64-debian-gcc 0.2.5 1.66 21.68 23.34 NOTE --install=fake
r-devel-linux-x86_64-fedora-clang 0.2.5 56.31 NOTE
r-devel-linux-x86_64-fedora-gcc 0.2.5 53.19 NOTE
r-devel-macosx-x86_64-clang 0.2.5 45.85 NOTE
r-devel-macosx-x86_64-gcc 0.2.5 NOTE
r-patched-linux-x86_64 0.2.5 1.52 22.40 23.92 NOTE --install=fake
r-patched-solaris-sparc 0.2.5 289.90 NOTE
r-patched-solaris-x86 0.2.5 70.60 NOTE
r-release-linux-ix86 NOTE --install=fake
r-release-linux-x86_64 0.2.5 1.50 21.54 23.05 NOTE --install=fake
r-release-macosx-x86_64 0.2.5 NOTE

Check Details

Version: 0.2.5
Flags: --install=fake
Check: dependencies in R code
Result: NOTE
    Packages in Depends field not imported from:
     ‘RSQLite’ ‘lattice’ ‘plyr’ ‘reshape’
     These packages need to be imported from (in the NAMESPACE file)
     for when this namespace is loaded but not attached.
    See the information on DESCRIPTION files in the chapter ‘Creating R
    packages’ of the ‘Writing R Extensions’ manual.
Flavors: r-devel-linux-x86_64-debian-clang, r-devel-linux-x86_64-debian-gcc, r-patched-linux-x86_64, r-release-linux-ix86, r-release-linux-x86_64

Version: 0.2.5
Flags: --install=fake
Check: R code for possible problems
Result: NOTE
    svdBenchmarkgputools: no visible global function definition for
     ‘gpuSvd’
Flavors: r-devel-linux-x86_64-debian-clang, r-devel-linux-x86_64-debian-gcc, r-patched-linux-x86_64, r-release-linux-ix86, r-release-linux-x86_64

Version: 0.2.5
Check: package dependencies
Result: NOTE
    Package suggested but not available for checking: ‘gputools’
Flavors: r-devel-linux-x86_64-fedora-clang, r-devel-linux-x86_64-fedora-gcc, r-devel-macosx-x86_64-clang, r-devel-macosx-x86_64-gcc, r-patched-solaris-sparc, r-patched-solaris-x86, r-release-macosx-x86_64

Version: 0.2.5
Check: dependencies in R code
Result: NOTE
    Packages in Depends field not imported from:
     ‘RSQLite’ ‘lattice’ ‘plyr’ ‘reshape’
     These packages need to be imported from (in the NAMESPACE file)
     for when this namespace is loaded but not attached.
    See the information on DESCRIPTION files in the chapter ‘Creating R
    packages’ of the ‘Writing R Extensions’ manual.
Flavors: r-devel-linux-x86_64-fedora-clang, r-devel-linux-x86_64-fedora-gcc, r-devel-macosx-x86_64-clang, r-devel-macosx-x86_64-gcc, r-patched-solaris-sparc, r-patched-solaris-x86

Version: 0.2.5
Check: R code for possible problems
Result: NOTE
    matmultBenchmarkgputools: no visible global function definition for
     ‘gpuMatMult’
    qrBenchmarkgputools: no visible global function definition for ‘gpuQr’
    svdBenchmarkgputools: no visible global function definition for
     ‘gpuSvd’
Flavors: r-devel-linux-x86_64-fedora-clang, r-devel-linux-x86_64-fedora-gcc, r-devel-macosx-x86_64-clang, r-devel-macosx-x86_64-gcc, r-patched-solaris-sparc, r-patched-solaris-x86, r-release-macosx-x86_64

Version: 0.2.5
Check: re-building of vignette outputs
Result: NOTE
    Error in re-building vignettes:
     ...
    Loading required package: RSQLite
    Loading required package: DBI
    Loading required package: plyr
    Loading required package: reshape
    
    Attaching package: ‘reshape’
    
    The following objects are masked from ‘package:plyr’:
    
     rename, round_any
    
    Loading required package: lattice
    Warning: file name ‘figures/chart-Lattice’ is not portable
    Warning: file name ‘figures/chart-LogLogLattice’ is not portable
    Warning: file name ‘figures/chart-loglogslopes’ is not portable
    Warning in packageDescription("gputools") :
     no package 'gputools' was found
    Error: processing vignette 'gcbd.Rnw' failed with diagnostics:
    subscript out of bounds
    Execution halted
Flavors: r-devel-linux-x86_64-fedora-clang, r-devel-linux-x86_64-fedora-gcc, r-devel-macosx-x86_64-clang

Version: 0.2.5
Check: re-building of vignette outputs
Result: NOTE
    Error in re-building vignettes:
     ...
    Loading required package: RSQLite
    Loading required package: DBI
    Loading required package: plyr
    Loading required package: reshape
    
    Attaching package: ‘reshape’
    
    The following objects are masked from ‘package:plyr’:
    
     rename, round_any
    
    Loading required package: lattice
    Warning in packageDescription("gputools") :
     no package 'gputools' was found
    Error: processing vignette 'gcbd.Rnw' failed with diagnostics:
    subscript out of bounds
    Execution halted
Flavors: r-devel-macosx-x86_64-gcc, r-patched-solaris-sparc, r-patched-solaris-x86, r-release-macosx-x86_64