CRAN Package Check Results for Package gcdnet

Last updated on 2015-07-29 06:47:45.

Flavor Version Tinstall Tcheck Ttotal Status Flags
r-devel-linux-x86_64-debian-clang 1.0.4 4.56 34.83 39.39 NOTE
r-devel-linux-x86_64-debian-gcc 1.0.4 4.64 34.00 38.64 NOTE
r-devel-linux-x86_64-fedora-clang 1.0.4 75.20 NOTE
r-devel-linux-x86_64-fedora-gcc 1.0.4 71.39 NOTE
r-devel-osx-x86_64-clang 1.0.4 56.83 NOTE
r-devel-windows-ix86+x86_64 1.0.4 15.00 63.00 78.00 NOTE
r-patched-linux-x86_64 1.0.4 4.51 35.34 39.85 NOTE
r-patched-solaris-sparc 1.0.4 486.10 NOTE
r-patched-solaris-x86 1.0.4 107.30 NOTE
r-release-linux-x86_64 1.0.4 4.58 33.92 38.50 NOTE
r-release-osx-x86_64-mavericks 1.0.4 OK
r-release-windows-ix86+x86_64 1.0.4 19.00 98.00 117.00 OK
r-oldrel-windows-ix86+x86_64 1.0.4 16.00 107.00 123.00 OK

Check Details

Version: 1.0.4
Check: S3 generic/method consistency
Result: NOTE
    Found the following apparent S3 methods exported but not registered:
     coef.hsvmpath coef.logitpath coef.lspath coef.sqsvmpath
     predict.hsvmpath predict.logitpath predict.lspath predict.sqsvmpath
    See section ‘Registering S3 methods’ in the ‘Writing R Extensions’
    manual.
Flavors: r-devel-linux-x86_64-debian-clang, r-devel-linux-x86_64-debian-gcc, r-devel-linux-x86_64-fedora-clang, r-devel-linux-x86_64-fedora-gcc, r-devel-osx-x86_64-clang, r-patched-linux-x86_64, r-patched-solaris-sparc, r-patched-solaris-x86, r-release-linux-x86_64

Version: 1.0.4
Check: R code for possible problems
Result: NOTE
    coef.cv.gcdnet: no visible global function definition for ‘coef’
    cv.gcdnet: no visible global function definition for ‘coef’
    cv.hsvmpath: no visible global function definition for ‘predict’
    cv.logitpath: no visible global function definition for ‘predict’
    cv.lspath: no visible global function definition for ‘predict’
    cv.sqsvmpath: no visible global function definition for ‘predict’
    error.bars: no visible global function definition for ‘segments’
    getoutput: no visible global function definition for ‘new’
    lambda.interp: no visible global function definition for ‘approx’
    plot.cv.gcdnet: no visible global function definition for ‘points’
    plot.cv.gcdnet: no visible global function definition for ‘axis’
    plot.cv.gcdnet: no visible global function definition for ‘abline’
    plot.gcdnet: no visible global function definition for ‘matplot’
    plot.gcdnet: no visible global function definition for ‘gray.colors’
    plot.gcdnet: no visible global function definition for ‘approx’
    plot.gcdnet: no visible global function definition for ‘axis’
    plot.gcdnet: no visible global function definition for ‘text’
    predict.cv.gcdnet: no visible global function definition for ‘predict’
    zeromat: no visible global function definition for ‘new’
    Undefined global functions or variables:
     abline approx axis coef gray.colors matplot new points predict
     segments text
    Consider adding
     importFrom("grDevices", "gray.colors")
     importFrom("graphics", "abline", "axis", "matplot", "points",
     "segments", "text")
     importFrom("methods", "new")
     importFrom("stats", "approx", "coef", "predict")
    to your NAMESPACE.
Flavors: r-devel-linux-x86_64-debian-clang, r-devel-linux-x86_64-debian-gcc, r-devel-linux-x86_64-fedora-clang, r-devel-linux-x86_64-fedora-gcc, r-devel-windows-ix86+x86_64