CRAN Package Check Results for Package gcdnet

Last updated on 2015-03-30 17:49:03.

Flavor Version Tinstall Tcheck Ttotal Status Flags
r-devel-linux-x86_64-debian-clang 1.0.4 4.45 33.62 38.07 NOTE
r-devel-linux-x86_64-debian-gcc 1.0.4 4.52 32.83 37.35 NOTE
r-devel-linux-x86_64-fedora-clang 1.0.4 76.30 NOTE
r-devel-linux-x86_64-fedora-gcc 1.0.4 75.48 NOTE
r-devel-osx-x86_64-clang 1.0.4 71.77 NOTE
r-prerel-windows-ix86+x86_64 1.0.4 15.00 64.00 79.00 OK
r-prerel-linux-x86_64 1.0.4 4.66 32.51 37.17 NOTE
r-prerel-solaris-sparc 1.0.4 478.50 OK
r-prerel-solaris-x86 1.0.4 104.50 OK
r-release-linux-x86_64 1.0.4 5.52 41.05 46.57 OK
r-release-osx-x86_64-mavericks 1.0.4 OK
r-release-osx-x86_64-snowleopard 1.0.4 OK
r-release-windows-ix86+x86_64 1.0.4 16.00 79.00 95.00 OK
r-oldrel-windows-ix86+x86_64 1.0.4 15.00 73.00 88.00 OK

Check Details

Version: 1.0.4
Check: S3 generic/method consistency
Result: NOTE
    Found the following apparent S3 methods exported but not registered:
     coef.hsvmpath coef.logitpath coef.lspath coef.sqsvmpath
     predict.hsvmpath predict.logitpath predict.lspath predict.sqsvmpath
    See section ‘Registering S3 methods’ in the ‘Writing R Extensions’
    manual.
Flavors: r-devel-linux-x86_64-debian-clang, r-devel-linux-x86_64-debian-gcc, r-devel-linux-x86_64-fedora-clang, r-devel-linux-x86_64-fedora-gcc, r-devel-osx-x86_64-clang, r-prerel-linux-x86_64