CRAN Package Check Results for Package gcdnet

Last updated on 2015-02-27 13:47:03.

Flavor Version Tinstall Tcheck Ttotal Status Flags
r-devel-linux-x86_64-debian-clang 1.0.4 4.51 33.84 38.34 NOTE
r-devel-linux-x86_64-debian-gcc 1.0.4 4.42 32.34 36.76 NOTE
r-devel-linux-x86_64-fedora-clang 1.0.4 78.01 NOTE
r-devel-linux-x86_64-fedora-gcc 1.0.4 72.33 NOTE
r-devel-osx-x86_64-clang 1.0.4 67.29 NOTE
r-devel-windows-ix86+x86_64 1.0.4 22.00 62.00 84.00 OK
r-patched-linux-x86_64 1.0.4 5.35 40.11 45.46 OK
r-patched-solaris-sparc 1.0.4 582.60 OK
r-patched-solaris-x86 1.0.4 138.00 OK
r-release-linux-ix86 1.0.4 6.49 60.14 66.63 OK
r-release-linux-x86_64 1.0.4 5.31 39.68 44.99 OK
r-release-osx-x86_64-mavericks 1.0.4 OK
r-release-osx-x86_64-snowleopard 1.0.4 OK
r-release-windows-ix86+x86_64 1.0.4 17.00 71.00 88.00 OK
r-oldrel-windows-ix86+x86_64 1.0.4 18.00 107.00 125.00 OK

Check Details

Version: 1.0.4
Check: S3 generic/method consistency
Result: NOTE
    Found the following apparent S3 methods exported but not registered:
     coef.hsvmpath coef.logitpath coef.lspath coef.sqsvmpath
     predict.hsvmpath predict.logitpath predict.lspath predict.sqsvmpath
    See section ‘Registering S3 methods’ in the ‘Writing R Extensions’
    manual.
Flavors: r-devel-linux-x86_64-debian-clang, r-devel-linux-x86_64-debian-gcc, r-devel-linux-x86_64-fedora-clang, r-devel-linux-x86_64-fedora-gcc, r-devel-osx-x86_64-clang