CRAN Package Check Results for Package gcdnet

Last updated on 2015-05-26 02:46:47.

Flavor Version Tinstall Tcheck Ttotal Status Flags
r-devel-linux-x86_64-debian-clang 1.0.4 4.60 34.65 39.25 NOTE
r-devel-linux-x86_64-debian-gcc 1.0.4 4.76 33.60 38.37 NOTE
r-devel-linux-x86_64-fedora-clang 1.0.4 76.86 NOTE
r-devel-linux-x86_64-fedora-gcc 1.0.4 74.44 NOTE
r-devel-osx-x86_64-clang 1.0.4 66.15 NOTE
r-devel-windows-ix86+x86_64 1.0.4 16.00 67.00 83.00 OK
r-patched-linux-x86_64 1.0.4 4.44 33.54 37.98 NOTE
r-patched-solaris-sparc 1.0.4 471.80 NOTE
r-patched-solaris-x86 1.0.4 109.30 NOTE
r-release-linux-x86_64 1.0.4 4.46 34.16 38.62 NOTE
r-release-osx-x86_64-mavericks 1.0.4 OK
r-release-osx-x86_64-snowleopard 1.0.4 OK
r-release-windows-ix86+x86_64 1.0.4 16.00 69.00 85.00 OK
r-oldrel-windows-ix86+x86_64 1.0.4 16.00 108.00 124.00 OK

Check Details

Version: 1.0.4
Check: S3 generic/method consistency
Result: NOTE
    Found the following apparent S3 methods exported but not registered:
     coef.hsvmpath coef.logitpath coef.lspath coef.sqsvmpath
     predict.hsvmpath predict.logitpath predict.lspath predict.sqsvmpath
    See section ‘Registering S3 methods’ in the ‘Writing R Extensions’
    manual.
Flavors: r-devel-linux-x86_64-debian-clang, r-devel-linux-x86_64-debian-gcc, r-devel-linux-x86_64-fedora-clang, r-devel-linux-x86_64-fedora-gcc, r-devel-osx-x86_64-clang, r-patched-linux-x86_64, r-patched-solaris-sparc, r-patched-solaris-x86, r-release-linux-x86_64