CRAN Package Check Results for Package gcdnet

Last updated on 2015-01-25 04:47:03.

Flavor Version Tinstall Tcheck Ttotal Status Flags
r-devel-linux-x86_64-debian-clang 1.0.4 5.15 38.32 43.47 OK
r-devel-linux-x86_64-debian-gcc 1.0.4 5.20 36.28 41.48 OK
r-devel-linux-x86_64-fedora-clang 1.0.4 100.21 NOTE
r-devel-linux-x86_64-fedora-gcc 1.0.4 98.94 NOTE
r-devel-osx-x86_64-clang 1.0.4 84.16 OK
r-devel-windows-ix86+x86_64 1.0.4 17.00 77.00 94.00 OK
r-patched-linux-x86_64 1.0.4 5.19 40.02 45.21 OK
r-patched-solaris-sparc 1.0.4 582.60 OK
r-patched-solaris-x86 1.0.4 135.50 OK
r-release-linux-ix86 1.0.4 6.42 48.24 54.65 OK
r-release-linux-x86_64 1.0.4 5.37 39.74 45.10 OK
r-release-osx-x86_64-mavericks 1.0.4 OK
r-release-osx-x86_64-snowleopard 1.0.4 OK
r-release-windows-ix86+x86_64 1.0.4 15.00 74.00 89.00 OK
r-oldrel-windows-ix86+x86_64 1.0.4 17.00 86.00 103.00 OK

Check Details

Version: 1.0.4
Check: S3 generic/method consistency
Result: NOTE
    Found the following apparent S3 methods exported but not registered:
     coef.hsvmpath coef.logitpath coef.lspath coef.sqsvmpath
     predict.hsvmpath predict.logitpath predict.lspath predict.sqsvmpath
    See section ‘Registering S3 methods’ in the ‘Writing R Extensions’
    manual.
Flavors: r-devel-linux-x86_64-fedora-clang, r-devel-linux-x86_64-fedora-gcc