CRAN Package Check Results for Package gclm

Last updated on 2022-01-29 10:55:29 CET.

Flavor Version Tinstall Tcheck Ttotal Status Flags
r-devel-linux-x86_64-debian-clang 0.0.1 3.11 31.37 34.48 NOTE
r-devel-linux-x86_64-debian-gcc 0.0.1 2.60 24.47 27.07 NOTE
r-devel-linux-x86_64-fedora-clang 0.0.1 42.97 NOTE
r-devel-linux-x86_64-fedora-gcc 0.0.1 31.94 NOTE
r-devel-windows-x86_64-new-UL 0.0.1 18.00 53.00 71.00 NOTE
r-devel-windows-x86_64-new-TK 0.0.1 NOTE
r-patched-linux-x86_64 0.0.1 NOTE
r-release-linux-x86_64 0.0.1 2.42 29.38 31.80 NOTE
r-release-macos-arm64 0.0.1 NOTE
r-release-macos-x86_64 0.0.1 NOTE
r-release-windows-ix86+x86_64 0.0.1 11.00 52.00 63.00 NOTE
r-oldrel-macos-x86_64 0.0.1 OK
r-oldrel-windows-ix86+x86_64 0.0.1 10.00 51.00 61.00 OK

Check Details

Version: 0.0.1
Check: LazyData
Result: NOTE
     'LazyData' is specified without a 'data' directory
Flavors: r-devel-linux-x86_64-debian-clang, r-devel-linux-x86_64-debian-gcc, r-devel-linux-x86_64-fedora-clang, r-devel-linux-x86_64-fedora-gcc, r-devel-windows-x86_64-new-UL, r-devel-windows-x86_64-new-TK, r-patched-linux-x86_64, r-release-linux-x86_64, r-release-macos-arm64, r-release-macos-x86_64, r-release-windows-ix86+x86_64