CRAN Package Check Results for Package gclm

Last updated on 2024-02-27 07:54:47 CET.

Flavor Version Tinstall Tcheck Ttotal Status Flags
r-devel-linux-x86_64-debian-clang 0.0.1 3.68 23.36 27.04 NOTE
r-devel-linux-x86_64-debian-gcc 0.0.1 3.03 18.79 21.82 NOTE
r-devel-linux-x86_64-fedora-clang 0.0.1 34.96 NOTE
r-devel-linux-x86_64-fedora-gcc 0.0.1 34.28 NOTE
r-devel-windows-x86_64 0.0.1 6.00 43.00 49.00 NOTE
r-patched-linux-x86_64 0.0.1 2.83 23.53 26.36 NOTE
r-release-linux-x86_64 0.0.1 2.96 23.75 26.71 NOTE
r-release-macos-arm64 0.0.1 18.00 NOTE
r-release-macos-x86_64 0.0.1 24.00 NOTE
r-release-windows-x86_64 0.0.1 5.00 45.00 50.00 NOTE
r-oldrel-macos-arm64 0.0.1 20.00 NOTE
r-oldrel-windows-x86_64 0.0.1 6.00 47.00 53.00 NOTE

Check Details

Version: 0.0.1
Check: Rd files
Result: NOTE checkRd: (-1) listInverseBlocks.Rd:5: Lost braces; missing escapes or markup? 5 | \title{List all the inverse matrices of the leading sub-matrix of P=Sigma^{-1} | ^ checkRd: (-1) listInverseBlocks.Rd:17: Lost braces; missing escapes or markup? 17 | List all the inverse matrices of the leading sub-matrix of P=Sigma^{-1} | ^ Flavors: r-devel-linux-x86_64-debian-clang, r-devel-linux-x86_64-debian-gcc, r-devel-linux-x86_64-fedora-clang, r-devel-linux-x86_64-fedora-gcc

Version: 0.0.1
Check: LazyData
Result: NOTE 'LazyData' is specified without a 'data' directory Flavors: r-devel-linux-x86_64-debian-clang, r-devel-linux-x86_64-debian-gcc, r-devel-linux-x86_64-fedora-clang, r-devel-linux-x86_64-fedora-gcc, r-devel-windows-x86_64, r-patched-linux-x86_64, r-release-linux-x86_64, r-release-macos-arm64, r-release-macos-x86_64, r-release-windows-x86_64, r-oldrel-macos-arm64, r-oldrel-windows-x86_64