CRAN Package Check Results for Package gclus

Last updated on 2015-05-28 00:46:59.

Flavor Version Tinstall Tcheck Ttotal Status Flags
r-devel-linux-x86_64-debian-clang 1.3.1 0.92 12.08 13.01 NOTE
r-devel-linux-x86_64-debian-gcc 1.3.1 0.66 12.05 12.71 NOTE
r-devel-linux-x86_64-fedora-clang 1.3.1 25.03 NOTE
r-devel-linux-x86_64-fedora-gcc 1.3.1 23.56 NOTE
r-devel-osx-x86_64-clang 1.3.1 26.86 NOTE
r-devel-windows-ix86+x86_64 1.3.1 3.00 22.00 25.00 OK
r-patched-linux-x86_64 1.3.1 0.70 11.99 12.68 NOTE
r-patched-solaris-sparc 1.3.1 168.60 NOTE
r-patched-solaris-x86 1.3.1 35.20 NOTE
r-release-linux-x86_64 1.3.1 0.90 12.43 13.34 NOTE
r-release-osx-x86_64-mavericks 1.3.1 OK
r-release-osx-x86_64-snowleopard 1.3.1 OK
r-release-windows-ix86+x86_64 1.3.1 3.00 21.00 24.00 OK
r-oldrel-windows-ix86+x86_64 1.3.1 4.00 39.00 43.00 OK

Check Details

Version: 1.3.1
Check: S3 generic/method consistency
Result: NOTE
    Found the following apparent S3 methods exported but not registered:
     reorder.hclust
    See section ‘Registering S3 methods’ in the ‘Writing R Extensions’
    manual.
Flavors: r-devel-linux-x86_64-debian-clang, r-devel-linux-x86_64-debian-gcc, r-devel-linux-x86_64-fedora-clang, r-devel-linux-x86_64-fedora-gcc, r-devel-osx-x86_64-clang, r-patched-linux-x86_64, r-patched-solaris-sparc, r-patched-solaris-x86, r-release-linux-x86_64

Version: 1.3.1
Check: Rd line widths
Result: NOTE
    Rd file 'cpairs.Rd':
     \usage lines wider than 90 characters:
     cpairs(data, order = NULL, panel.colors = NULL, border.color = "grey70", show.points = TRUE, ...)
    
    Rd file 'cparcoord.Rd':
     \usage lines wider than 90 characters:
     cparcoord(data, order = NULL, panel.colors = NULL, col = 1, lty = 1, horizontal = FALSE, mar = NULL, ...)
    
    These lines will be truncated in the PDF manual.
Flavors: r-devel-linux-x86_64-debian-clang, r-devel-linux-x86_64-debian-gcc, r-devel-linux-x86_64-fedora-clang, r-devel-linux-x86_64-fedora-gcc, r-patched-linux-x86_64, r-release-linux-x86_64