CRAN Package Check Results for Package gclus

Last updated on 2014-12-22 09:54:15.

Flavor Version Tinstall Tcheck Ttotal Status Flags
r-devel-linux-x86_64-debian-clang 1.3.1 0.72 13.25 13.98 NOTE
r-devel-linux-x86_64-debian-gcc 1.3.1 0.69 12.97 13.66 NOTE
r-devel-linux-x86_64-fedora-clang 1.3.1 28.76 NOTE
r-devel-linux-x86_64-fedora-gcc 1.3.1 27.03 NOTE
r-devel-osx-x86_64-clang 1.3.1 29.21 OK
r-devel-windows-ix86+x86_64 1.3.1 4.00 22.00 26.00 OK
r-patched-linux-x86_64 1.3.1 0.75 13.78 14.53 NOTE
r-patched-solaris-sparc 1.3.1 177.60 OK
r-patched-solaris-x86 1.3.1 38.70 OK
r-release-linux-ix86 1.3.1 1.04 19.42 20.46 OK
r-release-linux-x86_64 1.3.1 0.74 13.58 14.31 NOTE
r-release-osx-x86_64-mavericks 1.3.1 OK
r-release-windows-ix86+x86_64 1.3.1 3.00 25.00 28.00 OK
r-oldrel-windows-ix86+x86_64 1.3.1 3.00 23.00 26.00 OK

Check Details

Version: 1.3.1
Check: Rd line widths
Result: NOTE
    Rd file 'cpairs.Rd':
     \usage lines wider than 90 characters:
     cpairs(data, order = NULL, panel.colors = NULL, border.color = "grey70", show.points = TRUE, ...)
    
    Rd file 'cparcoord.Rd':
     \usage lines wider than 90 characters:
     cparcoord(data, order = NULL, panel.colors = NULL, col = 1, lty = 1, horizontal = FALSE, mar = NULL, ...)
    
    These lines will be truncated in the PDF manual.
Flavors: r-devel-linux-x86_64-debian-clang, r-devel-linux-x86_64-debian-gcc, r-devel-linux-x86_64-fedora-clang, r-devel-linux-x86_64-fedora-gcc, r-patched-linux-x86_64, r-release-linux-x86_64