CRAN Package Check Results for Package gclus

Last updated on 2014-08-30 03:51:03.

Flavor Version Tinstall Tcheck Ttotal Status Flags
r-devel-linux-x86_64-debian-clang 1.3.1 0.68 13.14 13.82 OK
r-devel-linux-x86_64-debian-gcc 1.3.1 0.66 12.32 12.98 OK
r-devel-linux-x86_64-fedora-clang 1.3.1 26.83 NOTE
r-devel-linux-x86_64-fedora-gcc 1.3.1 24.48 NOTE
r-devel-osx-x86_64-clang 1.3.1 26.98 OK
r-devel-windows-ix86+x86_64 1.3.1 4.00 23.00 27.00 OK
r-patched-linux-x86_64 1.3.1 0.73 12.70 13.43 OK
r-patched-solaris-sparc 1.3.1 169.00 OK
r-patched-solaris-x86 1.3.1 37.40 OK
r-release-linux-ix86 1.3.1 1.06 19.73 20.79 OK
r-release-linux-x86_64 1.3.1 0.72 12.91 13.62 OK
r-release-osx-x86_64-mavericks 1.3.1 OK
r-release-windows-ix86+x86_64 1.3.1 3.00 22.00 25.00 OK
r-oldrel-windows-ix86+x86_64 1.3.1 3.00 34.00 37.00 OK

Check Details

Version: 1.3.1
Check: Rd line widths
Result: NOTE
    Rd file 'cpairs.Rd':
     \usage lines wider than 90 characters:
     cpairs(data, order = NULL, panel.colors = NULL, border.color = "grey70", show.points = TRUE, ...)
    
    Rd file 'cparcoord.Rd':
     \usage lines wider than 90 characters:
     cparcoord(data, order = NULL, panel.colors = NULL, col = 1, lty = 1, horizontal = FALSE, mar = NULL, ...)
    
    These lines will be truncated in the PDF manual.
Flavors: r-devel-linux-x86_64-fedora-clang, r-devel-linux-x86_64-fedora-gcc