CRAN Package Check Results for Package gclus

Last updated on 2014-07-23 12:47:28.

Flavor Version Tinstall Tcheck Ttotal Status Flags
r-devel-linux-x86_64-debian-clang 1.3.1 0.70 12.57 13.27 OK
r-devel-linux-x86_64-debian-gcc 1.3.1 0.80 13.05 13.86 OK
r-devel-linux-x86_64-fedora-clang 1.3.1 28.38 NOTE
r-devel-linux-x86_64-fedora-gcc 1.3.1 27.85 NOTE
r-devel-osx-x86_64-clang 1.3.1 28.50 OK
r-devel-windows-ix86+x86_64 1.3.1 3.00 21.00 24.00 OK
r-patched-linux-x86_64 1.3.1 0.70 12.51 13.21 OK
r-patched-solaris-sparc 1.3.1 155.60 OK
r-patched-solaris-x86 1.3.1 37.20 OK
r-release-linux-ix86 1.3.1 1.04 19.71 20.74 OK
r-release-linux-x86_64 1.3.1 0.71 13.32 14.03 OK
r-release-osx-x86_64-mavericks 1.3.1 OK
r-release-windows-ix86+x86_64 1.3.1 3.00 21.00 24.00 OK
r-oldrel-windows-ix86+x86_64 1.3.1 3.00 23.00 26.00 OK

Check Details

Version: 1.3.1
Check: Rd line widths
Result: NOTE
    Rd file 'cpairs.Rd':
     \usage lines wider than 90 characters:
     cpairs(data, order = NULL, panel.colors = NULL, border.color = "grey70", show.points = TRUE, ...)
    
    Rd file 'cparcoord.Rd':
     \usage lines wider than 90 characters:
     cparcoord(data, order = NULL, panel.colors = NULL, col = 1, lty = 1, horizontal = FALSE, mar = NULL, ...)
    
    These lines will be truncated in the PDF manual.
Flavors: r-devel-linux-x86_64-fedora-clang, r-devel-linux-x86_64-fedora-gcc