CRAN Package Check Results for Package gclus

Last updated on 2015-03-28 00:54:17.

Flavor Version Tinstall Tcheck Ttotal Status Flags
r-devel-linux-x86_64-debian-clang 1.3.1 0.68 11.91 12.59 NOTE
r-devel-linux-x86_64-debian-gcc 1.3.1 0.67 11.82 12.49 NOTE
r-devel-linux-x86_64-fedora-clang 1.3.1 24.84 NOTE
r-devel-linux-x86_64-fedora-gcc 1.3.1 23.40 NOTE
r-devel-osx-x86_64-clang 1.3.1 30.63 NOTE
r-prerel-windows-ix86+x86_64 1.3.1 4.00 21.00 25.00 OK
r-prerel-linux-x86_64 1.3.1 0.72 11.89 12.61 NOTE
r-prerel-solaris-sparc 1.3.1 148.00 OK
r-prerel-solaris-x86 1.3.1 33.60 OK
r-release-linux-x86_64 1.3.1 0.78 13.26 14.04 NOTE
r-release-osx-x86_64-mavericks 1.3.1 OK
r-release-windows-ix86+x86_64 1.3.1 3.00 22.00 25.00 OK
r-oldrel-windows-ix86+x86_64 1.3.1 3.00 34.00 37.00 OK

Check Details

Version: 1.3.1
Check: S3 generic/method consistency
Result: NOTE
    Found the following apparent S3 methods exported but not registered:
     reorder.hclust
    See section ‘Registering S3 methods’ in the ‘Writing R Extensions’
    manual.
Flavors: r-devel-linux-x86_64-debian-clang, r-devel-linux-x86_64-debian-gcc, r-devel-linux-x86_64-fedora-clang, r-devel-linux-x86_64-fedora-gcc, r-devel-osx-x86_64-clang, r-prerel-linux-x86_64

Version: 1.3.1
Check: Rd line widths
Result: NOTE
    Rd file 'cpairs.Rd':
     \usage lines wider than 90 characters:
     cpairs(data, order = NULL, panel.colors = NULL, border.color = "grey70", show.points = TRUE, ...)
    
    Rd file 'cparcoord.Rd':
     \usage lines wider than 90 characters:
     cparcoord(data, order = NULL, panel.colors = NULL, col = 1, lty = 1, horizontal = FALSE, mar = NULL, ...)
    
    These lines will be truncated in the PDF manual.
Flavors: r-devel-linux-x86_64-debian-clang, r-devel-linux-x86_64-debian-gcc, r-devel-linux-x86_64-fedora-clang, r-devel-linux-x86_64-fedora-gcc, r-prerel-linux-x86_64, r-release-linux-x86_64