CRAN Package Check Results for Package gclus

Last updated on 2015-02-26 23:47:43.

Flavor Version Tinstall Tcheck Ttotal Status Flags
r-devel-linux-x86_64-debian-clang 1.3.1 0.70 12.33 13.03 NOTE
r-devel-linux-x86_64-debian-gcc 1.3.1 0.66 12.48 13.14 NOTE
r-devel-linux-x86_64-fedora-clang 1.3.1 25.08 NOTE
r-devel-linux-x86_64-fedora-gcc 1.3.1 23.63 NOTE
r-devel-osx-x86_64-clang 1.3.1 27.34 NOTE
r-devel-windows-ix86+x86_64 1.3.1 6.00 21.00 27.00 OK
r-patched-linux-x86_64 1.3.1 0.71 13.26 13.97 NOTE
r-patched-solaris-sparc 1.3.1 177.80 OK
r-patched-solaris-x86 1.3.1 39.60 OK
r-release-linux-ix86 1.3.1 1.09 23.32 24.41 NOTE
r-release-linux-x86_64 1.3.1 0.70 0.25 0.95 OK
r-release-osx-x86_64-mavericks 1.3.1 OK
r-release-windows-ix86+x86_64 1.3.1 4.00 25.00 29.00 OK
r-oldrel-windows-ix86+x86_64 1.3.1 4.00 36.00 40.00 OK

Check Details

Version: 1.3.1
Check: S3 generic/method consistency
Result: NOTE
    Found the following apparent S3 methods exported but not registered:
     reorder.hclust
    See section ‘Registering S3 methods’ in the ‘Writing R Extensions’
    manual.
Flavors: r-devel-linux-x86_64-debian-clang, r-devel-linux-x86_64-debian-gcc, r-devel-linux-x86_64-fedora-clang, r-devel-linux-x86_64-fedora-gcc, r-devel-osx-x86_64-clang

Version: 1.3.1
Check: Rd line widths
Result: NOTE
    Rd file 'cpairs.Rd':
     \usage lines wider than 90 characters:
     cpairs(data, order = NULL, panel.colors = NULL, border.color = "grey70", show.points = TRUE, ...)
    
    Rd file 'cparcoord.Rd':
     \usage lines wider than 90 characters:
     cparcoord(data, order = NULL, panel.colors = NULL, col = 1, lty = 1, horizontal = FALSE, mar = NULL, ...)
    
    These lines will be truncated in the PDF manual.
Flavors: r-devel-linux-x86_64-debian-clang, r-devel-linux-x86_64-debian-gcc, r-devel-linux-x86_64-fedora-clang, r-devel-linux-x86_64-fedora-gcc, r-patched-linux-x86_64, r-release-linux-ix86