CRAN Package Check Results for Package gclus

Last updated on 2014-10-20 19:49:26.

Flavor Version Tinstall Tcheck Ttotal Status Flags
r-devel-linux-x86_64-debian-clang 1.3.1 0.76 13.08 13.84 NOTE
r-devel-linux-x86_64-debian-gcc 1.3.1 0.72 13.21 13.93 NOTE
r-devel-linux-x86_64-fedora-clang 1.3.1 27.66 NOTE
r-devel-linux-x86_64-fedora-gcc 1.3.1 26.60 NOTE
r-devel-osx-x86_64-clang 1.3.1 30.06 OK
r-devel-windows-ix86+x86_64 1.3.1 3.00 22.00 25.00 OK
r-patched-linux-x86_64 1.3.1 0.98 13.19 14.17 NOTE
r-patched-solaris-sparc 1.3.1 169.00 OK
r-patched-solaris-x86 1.3.1 38.70 OK
r-release-linux-ix86 1.3.1 1.04 19.96 21.00 OK
r-release-linux-x86_64 1.3.1 0.78 13.50 14.29 NOTE
r-release-osx-x86_64-mavericks 1.3.1 OK
r-release-windows-ix86+x86_64 1.3.1 3.00 22.00 25.00 OK
r-oldrel-windows-ix86+x86_64 1.3.1 3.00 23.00 26.00 OK

Check Details

Version: 1.3.1
Check: Rd line widths
Result: NOTE
    Rd file 'cpairs.Rd':
     \usage lines wider than 90 characters:
     cpairs(data, order = NULL, panel.colors = NULL, border.color = "grey70", show.points = TRUE, ...)
    
    Rd file 'cparcoord.Rd':
     \usage lines wider than 90 characters:
     cparcoord(data, order = NULL, panel.colors = NULL, col = 1, lty = 1, horizontal = FALSE, mar = NULL, ...)
    
    These lines will be truncated in the PDF manual.
Flavors: r-devel-linux-x86_64-debian-clang, r-devel-linux-x86_64-debian-gcc, r-devel-linux-x86_64-fedora-clang, r-devel-linux-x86_64-fedora-gcc, r-patched-linux-x86_64, r-release-linux-x86_64