CRAN Package Check Results for Package gcmr

Last updated on 2015-04-27 11:48:38.

Flavor Version Tinstall Tcheck Ttotal Status Flags
r-devel-linux-x86_64-debian-clang 0.7.0 5.50 79.70 85.19 OK
r-devel-linux-x86_64-debian-gcc 0.7.0 5.47 77.34 82.81 OK
r-devel-linux-x86_64-fedora-clang 0.7.0 172.70 OK
r-devel-linux-x86_64-fedora-gcc 0.7.0 164.47 OK
r-devel-osx-x86_64-clang 0.7.0 143.83 OK
r-devel-windows-ix86+x86_64 0.7.0 18.00 166.00 184.00 OK
r-patched-linux-x86_64 0.7.0 5.66 76.81 82.46 OK
r-patched-solaris-sparc 0.7.0 925.80 OK
r-patched-solaris-x86 0.7.0 229.60 OK
r-release-linux-x86_64 0.7.0 5.43 76.04 81.47 OK
r-release-osx-x86_64-mavericks 0.7.0 OK
r-release-osx-x86_64-snowleopard 0.7.0 ERROR
r-release-windows-ix86+x86_64 0.7.0 24.00 213.00 237.00 OK
r-oldrel-windows-ix86+x86_64 0.7.0 24.00 201.00 225.00 OK

Check Details

Version: 0.7.0
Check: package dependencies
Result: ERROR
    Packages required but not available: ‘sandwich’ ‘betareg’ ‘car’
    
    See section ‘The DESCRIPTION file’ in the ‘Writing R Extensions’
    manual.
Flavor: r-release-osx-x86_64-snowleopard