CRAN Package Check Results for Package gcmr

Last updated on 2014-09-01 14:46:29.

Flavor Version Tinstall Tcheck Ttotal Status Flags
r-devel-linux-x86_64-debian-clang 0.6.1 3.36 57.58 60.95 NOTE
r-devel-linux-x86_64-debian-gcc 0.6.1 3.34 54.27 57.60 NOTE
r-devel-linux-x86_64-fedora-clang 0.6.1 130.78 NOTE
r-devel-linux-x86_64-fedora-gcc 0.6.1 122.45 NOTE
r-devel-osx-x86_64-clang 0.6.1 93.13 NOTE
r-devel-windows-ix86+x86_64 0.6.1 13.00 122.00 135.00 NOTE
r-patched-linux-x86_64 0.6.1 3.51 59.02 62.53 NOTE
r-patched-solaris-sparc 0.6.1 816.70 NOTE
r-patched-solaris-x86 0.6.1 156.20 NOTE
r-release-linux-ix86 0.6.1 4.40 84.43 88.82 NOTE
r-release-linux-x86_64 0.6.1 3.55 59.60 63.16 NOTE
r-release-osx-x86_64-mavericks 0.6.1 NOTE
r-release-osx-x86_64-snowleopard 0.6.1 NOTE
r-release-windows-ix86+x86_64 0.6.1 13.00 131.00 144.00 NOTE
r-oldrel-windows-ix86+x86_64 0.6.1 13.00 134.00 147.00 NOTE

Check Details

Version: 0.6.1
Check: dependencies in R code
Result: NOTE
    'library' or 'require' call to ‘sandwich’ which was already attached by Depends.
     Please remove these calls from your code.
    Packages in Depends field not imported from:
     ‘Formula’ ‘betareg’ ‘geoR’ ‘nlme’
     These packages need to be imported from (in the NAMESPACE file)
     for when this namespace is loaded but not attached.
    ':::' calls which should be '::':
     ‘geoR:::matern’ ‘nlme:::fdHess’
     See the note in ?`:::` about the use of this operator.
    There are ::: calls to the package's namespace in its code. A package
     almost never needs to use ::: for its own objects:
     ‘truefit’
    See the information on DESCRIPTION files in the chapter ‘Creating R
    packages’ of the ‘Writing R Extensions’ manual.
Flavors: r-devel-linux-x86_64-debian-clang, r-devel-linux-x86_64-debian-gcc, r-devel-linux-x86_64-fedora-clang, r-devel-linux-x86_64-fedora-gcc, r-devel-osx-x86_64-clang, r-devel-windows-ix86+x86_64, r-patched-linux-x86_64, r-patched-solaris-sparc, r-patched-solaris-x86, r-release-linux-ix86, r-release-linux-x86_64, r-release-osx-x86_64-mavericks, r-release-windows-ix86+x86_64, r-oldrel-windows-ix86+x86_64

Version: 0.6.1
Check: R code for possible problems
Result: NOTE
    beta.marg : <anonymous>: no visible global function definition for
     ‘betareg.fit’
    gcmr: no visible global function definition for ‘as.Formula’
    gcmr: no visible global function definition for ‘Formula’
    gcmr: no visible global function definition for ‘model.part’
    vcov.gcmr: no visible global function definition for ‘vcovHAC’
Flavors: r-devel-linux-x86_64-debian-clang, r-devel-linux-x86_64-debian-gcc, r-devel-linux-x86_64-fedora-clang, r-devel-linux-x86_64-fedora-gcc, r-devel-osx-x86_64-clang, r-devel-windows-ix86+x86_64

Version: 0.6.1
Check: dependencies in R code
Result: NOTE
    'library' or 'require' call to 'sandwich' which was already attached by Depends.
     Please remove these calls from your code.
    Packages in Depends field not imported from:
     'Formula' 'betareg' 'geoR' 'nlme'
     These packages need to be imported from for the case when
     this namespace is loaded but not attached.
    ':::' calls which should be '::':
     'geoR:::matern' 'nlme:::fdHess'
     See the note in ?`:::` about the use of this operator.
    There are ::: calls to the package's namespace in its code. A package
     almost never needs to use ::: for its own objects:
     'truefit'
    See the information on DESCRIPTION files in the chapter 'Creating R
    packages' of the 'Writing R Extensions' manual.
Flavor: r-release-osx-x86_64-snowleopard