CRAN Package Check Results for Package gcmr

Last updated on 2017-08-20 14:46:53.

Flavor Version Tinstall Tcheck Ttotal Status Flags
r-devel-linux-x86_64-debian-clang 1.0.0 5.94 71.77 77.71 OK
r-devel-linux-x86_64-debian-gcc 1.0.0 5.37 70.42 75.79 OK
r-devel-linux-x86_64-fedora-clang 1.0.0 163.39 NOTE
r-devel-linux-x86_64-fedora-gcc 1.0.0 159.33 NOTE
r-devel-windows-ix86+x86_64 1.0.0 17.00 149.00 166.00 OK
r-patched-linux-x86_64 1.0.0 5.72 72.32 78.04 OK
r-patched-solaris-x86 1.0.0 228.90 NOTE
r-release-linux-x86_64 1.0.0 5.52 71.30 76.82 OK
r-release-windows-ix86+x86_64 1.0.0 27.00 153.00 180.00 OK
r-release-osx-x86_64 1.0.0 NOTE
r-oldrel-windows-ix86+x86_64 1.0.0 13.00 138.00 151.00 OK
r-oldrel-osx-x86_64 1.0.0 NOTE

Check Details

Version: 1.0.0
Check: dependencies in R code
Result: NOTE
    Namespace in Imports field not imported from: ‘methods’
     All declared Imports should be used.
Flavors: r-devel-linux-x86_64-fedora-clang, r-devel-linux-x86_64-fedora-gcc, r-patched-solaris-x86, r-release-osx-x86_64, r-oldrel-osx-x86_64