CRAN Package Check Results for Package gcmr

Last updated on 2017-10-21 00:51:43.

Flavor Version Tinstall Tcheck Ttotal Status Flags
r-devel-linux-x86_64-debian-clang 1.0.0 5.92 71.87 77.79 OK
r-devel-linux-x86_64-debian-gcc 1.0.0 7.15 74.54 81.69 OK
r-devel-linux-x86_64-fedora-clang 1.0.0 159.99 NOTE
r-devel-linux-x86_64-fedora-gcc 1.0.0 167.88 NOTE
r-devel-windows-ix86+x86_64 1.0.0 18.00 213.00 231.00 OK
r-patched-linux-x86_64 1.0.0 6.29 72.68 78.97 OK
r-patched-solaris-x86 1.0.0 250.80 NOTE
r-release-linux-x86_64 1.0.0 5.93 72.88 78.81 OK
r-release-windows-ix86+x86_64 1.0.0 23.00 208.00 231.00 OK
r-release-osx-x86_64 1.0.0 NOTE
r-oldrel-windows-ix86+x86_64 1.0.0 32.00 208.00 240.00 OK
r-oldrel-osx-x86_64 1.0.0 NOTE

Check Details

Version: 1.0.0
Check: dependencies in R code
Result: NOTE
    Namespace in Imports field not imported from: ‘methods’
     All declared Imports should be used.
Flavors: r-devel-linux-x86_64-fedora-clang, r-devel-linux-x86_64-fedora-gcc, r-patched-solaris-x86, r-release-osx-x86_64, r-oldrel-osx-x86_64