CRAN Package Check Results for Package gcmr

Last updated on 2015-09-01 03:48:56.

Flavor Version Tinstall Tcheck Ttotal Status Flags
r-devel-linux-x86_64-debian-clang 0.7.5 5.45 68.06 73.51 NOTE
r-devel-linux-x86_64-debian-gcc 0.7.5 5.51 67.18 72.68 NOTE
r-devel-linux-x86_64-fedora-clang 0.7.5 141.09 NOTE
r-devel-linux-x86_64-fedora-gcc 0.7.5 142.68 NOTE
r-devel-osx-x86_64-clang 0.7.5 123.88 OK
r-devel-windows-ix86+x86_64 0.7.5 33.00 145.00 178.00 NOTE
r-patched-linux-x86_64 0.7.5 6.42 70.92 77.34 OK
r-patched-solaris-sparc 0.7.5 935.20 OK
r-patched-solaris-x86 0.7.5 212.70 OK
r-release-linux-x86_64 0.7.5 6.33 70.57 76.90 OK
r-release-osx-x86_64-mavericks 0.7.5 OK
r-release-windows-ix86+x86_64 0.7.5 27.00 156.00 183.00 OK
r-oldrel-windows-ix86+x86_64 0.7.5 40.00 298.00 338.00 OK

Check Details

Version: 0.7.5
Check: R code for possible problems
Result: NOTE
    Gamma.marg: no visible global function definition for ‘Gamma’
    Gamma.marg : <anonymous>: no visible global function definition for
     ‘glm.fit’
    Gamma.marg : <anonymous>: no visible global function definition for
     ‘residuals’
    Gamma.marg : <anonymous>: no visible global function definition for
     ‘coef’
    Gamma.marg : <anonymous>: no visible global function definition for
     ‘dgamma’
    Gamma.marg : <anonymous>: no visible global function definition for
     ‘pgamma’
    Gamma.marg : <anonymous>: no visible global function definition for
     ‘qgamma’
    arma.cormat : <anonymous>: no visible global function definition for
     ‘ARMAacf’
    beta.marg: no visible global function definition for ‘binomial’
    beta.marg : <anonymous>: no visible global function definition for
     ‘coef’
    beta.marg : <anonymous>: no visible global function definition for
     ‘dbeta’
    beta.marg : <anonymous>: no visible global function definition for
     ‘pbeta’
    beta.marg : <anonymous>: no visible global function definition for
     ‘qbeta’
    binomial.marg: no visible global function definition for ‘binomial’
    binomial.marg : <anonymous>: no visible global function definition for
     ‘coef’
    binomial.marg : <anonymous>: no visible global function definition for
     ‘glm.fit’
    binomial.marg : <anonymous>: no visible global function definition for
     ‘dbinom’
    binomial.marg : <anonymous>: no visible global function definition for
     ‘pbinom’
    binomial.marg : <anonymous>: no visible global function definition for
     ‘qbinom’
    bn.marg: no visible global function definition for ‘binomial’
    bn.marg : <anonymous>: no visible global function definition for ‘coef’
    bn.marg : <anonymous>: no visible global function definition for
     ‘glm.fit’
    bn.marg : <anonymous>: no visible global function definition for
     ‘dbinom’
    bn.marg : <anonymous>: no visible global function definition for
     ‘pbinom’
    bn.marg : <anonymous>: no visible global function definition for
     ‘qbinom’
    gaussian.marg: no visible global function definition for ‘gaussian’
    gaussian.marg : <anonymous>: no visible global function definition for
     ‘glm.fit’
    gaussian.marg : <anonymous>: no visible global function definition for
     ‘sd’
    gaussian.marg : <anonymous>: no visible global function definition for
     ‘residuals’
    gaussian.marg : <anonymous>: no visible global function definition for
     ‘coef’
    gaussian.marg : <anonymous>: no visible global function definition for
     ‘dnorm’
    gaussian.marg : <anonymous>: no visible global function definition for
     ‘pnorm’
    gaussian.marg : <anonymous>: no visible global function definition for
     ‘qnorm’
    gcmr: no visible binding for global variable ‘na.pass’
    gcmr: no visible global function definition for ‘as.formula’
    gcmr: no visible global function definition for ‘terms’
    gcmr: no visible global function definition for ‘delete.response’
    gcmr: no visible global function definition for ‘model.response’
    gcmr: no visible global function definition for ‘model.matrix’
    gcmr: no visible global function definition for ‘model.offset’
    gcmr: no visible global function definition for ‘.getXlevels’
    gcmr.opt: no visible global function definition for ‘optim’
    gcmr.options: no visible global function definition for ‘runif’
    gcmr.options : opt: no visible global function definition for ‘optim’
    gs.marg: no visible global function definition for ‘gaussian’
    gs.marg : <anonymous>: no visible global function definition for
     ‘glm.fit’
    gs.marg : <anonymous>: no visible global function definition for ‘sd’
    gs.marg : <anonymous>: no visible global function definition for
     ‘residuals’
    gs.marg : <anonymous>: no visible global function definition for ‘coef’
    gs.marg : <anonymous>: no visible global function definition for
     ‘dnorm’
    gs.marg : <anonymous>: no visible global function definition for
     ‘pnorm’
    gs.marg : <anonymous>: no visible global function definition for
     ‘qnorm’
    matern.cormat : <anonymous>: no visible global function definition for
     ‘median’
    model.matrix.gcmr: no visible global function definition for
     ‘model.matrix’
    model.matrix.gcmr: no visible global function definition for
     ‘model.frame’
    nb.marg: no visible global function definition for ‘poisson’
    nb.marg : <anonymous>: no visible global function definition for
     ‘glm.fit’
    nb.marg : <anonymous>: no visible global function definition for
     ‘fitted’
    nb.marg : <anonymous>: no visible global function definition for ‘coef’
    nb.marg : <anonymous>: no visible global function definition for
     ‘dnbinom’
    nb.marg : <anonymous>: no visible global function definition for
     ‘pnbinom’
    nb.marg : <anonymous>: no visible global function definition for
     ‘qnbinom’
    negbin.marg: no visible global function definition for ‘poisson’
    negbin.marg : <anonymous>: no visible global function definition for
     ‘glm.fit’
    negbin.marg : <anonymous>: no visible global function definition for
     ‘fitted’
    negbin.marg : <anonymous>: no visible global function definition for
     ‘coef’
    negbin.marg : <anonymous>: no visible global function definition for
     ‘dnbinom’
    negbin.marg : <anonymous>: no visible global function definition for
     ‘pnbinom’
    negbin.marg : <anonymous>: no visible global function definition for
     ‘qnbinom’
    plot.gcmr: no visible global function definition for ‘par’
    plot.gcmr: no visible global function definition for ‘dev.interactive’
    plot.gcmr: no visible global function definition for ‘residuals’
    plot.gcmr: no visible global function definition for ‘plot’
    plot.gcmr: no visible global function definition for ‘abline’
    plot.gcmr: no visible global function definition for ‘mtext’
    plot.gcmr: no visible global function definition for ‘fitted’
    plot.gcmr: no visible global function definition for ‘acf’
    plot.gcmr: no visible binding for global variable ‘na.pass’
    plot.gcmr: no visible global function definition for ‘pacf’
    poisson.marg: no visible global function definition for ‘poisson’
    poisson.marg : <anonymous>: no visible global function definition for
     ‘coef’
    poisson.marg : <anonymous>: no visible global function definition for
     ‘glm.fit’
    poisson.marg : <anonymous>: no visible global function definition for
     ‘dpois’
    poisson.marg : <anonymous>: no visible global function definition for
     ‘ppois’
    poisson.marg : <anonymous>: no visible global function definition for
     ‘qpois’
    print.summary.gcmr: no visible global function definition for
     ‘printCoefmat’
    profile.gcmr: no visible global function definition for ‘vcov’
    profile.gcmr: no visible global function definition for ‘coef’
    profile.gcmr: no visible global function definition for
     ‘txtProgressBar’
    profile.gcmr: no visible global function definition for
     ‘setTxtProgressBar’
    profile.gcmr: no visible global function definition for ‘plot’
    profile.gcmr: no visible global function definition for ‘splinefun’
    profile.gcmr: no visible global function definition for ‘grid’
    profile.gcmr: no visible global function definition for ‘abline’
    profile.gcmr: no visible global function definition for ‘qchisq’
    ps.marg: no visible global function definition for ‘poisson’
    ps.marg : <anonymous>: no visible global function definition for ‘coef’
    ps.marg : <anonymous>: no visible global function definition for
     ‘glm.fit’
    ps.marg : <anonymous>: no visible global function definition for
     ‘dpois’
    ps.marg : <anonymous>: no visible global function definition for
     ‘ppois’
    ps.marg : <anonymous>: no visible global function definition for
     ‘qpois’
    residuals.gcmr: no visible global function definition for ‘runif’
    residuals.gcmr: no visible global function definition for ‘qnorm’
    summary.gcmr: no visible global function definition for ‘vcov’
    summary.gcmr: no visible global function definition for ‘pnorm’
    summary.gcmr: no visible global function definition for ‘AIC’
    update.gcmr: no visible global function definition for ‘formula’
    update.gcmr: no visible global function definition for ‘update’
    weibull.marg: no visible global function definition for ‘Gamma’
    weibull.marg : <anonymous>: no visible global function definition for
     ‘glm.fit’
    weibull.marg : <anonymous>: no visible global function definition for
     ‘fitted’
    weibull.marg : <anonymous>: no visible global function definition for
     ‘coef’
    weibull.marg : <anonymous>: no visible global function definition for
     ‘dweibull’
    weibull.marg : <anonymous>: no visible global function definition for
     ‘pweibull’
    weibull.marg : <anonymous>: no visible global function definition for
     ‘qweibull’
    Undefined global functions or variables:
     .getXlevels AIC ARMAacf Gamma abline acf as.formula binomial coef
     dbeta dbinom delete.response dev.interactive dgamma dnbinom dnorm
     dpois dweibull fitted formula gaussian glm.fit grid median
     model.frame model.matrix model.offset model.response mtext na.pass
     optim pacf par pbeta pbinom pgamma plot pnbinom pnorm poisson ppois
     printCoefmat pweibull qbeta qbinom qchisq qgamma qnbinom qnorm qpois
     qweibull residuals runif sd setTxtProgressBar splinefun terms
     txtProgressBar update vcov
    Consider adding
     importFrom("grDevices", "dev.interactive")
     importFrom("graphics", "abline", "grid", "mtext", "par", "plot")
     importFrom("stats", ".getXlevels", "AIC", "ARMAacf", "Gamma", "acf",
     "as.formula", "binomial", "coef", "dbeta", "dbinom",
     "delete.response", "dgamma", "dnbinom", "dnorm", "dpois",
     "dweibull", "fitted", "formula", "gaussian", "glm.fit",
     "median", "model.frame", "model.matrix", "model.offset",
     "model.response", "na.pass", "optim", "pacf", "pbeta",
     "pbinom", "pgamma", "pnbinom", "pnorm", "poisson", "ppois",
     "printCoefmat", "pweibull", "qbeta", "qbinom", "qchisq",
     "qgamma", "qnbinom", "qnorm", "qpois", "qweibull",
     "residuals", "runif", "sd", "splinefun", "terms", "update",
     "vcov")
     importFrom("utils", "setTxtProgressBar", "txtProgressBar")
    to your NAMESPACE.
Flavors: r-devel-linux-x86_64-debian-clang, r-devel-linux-x86_64-debian-gcc, r-devel-linux-x86_64-fedora-clang, r-devel-linux-x86_64-fedora-gcc, r-devel-windows-ix86+x86_64