CRAN Package Check Results for Package gcmr

Last updated on 2015-05-23 11:51:21.

Flavor Version Tinstall Tcheck Ttotal Status Flags
r-devel-linux-x86_64-debian-clang 0.7.0 5.55 77.44 82.98 OK
r-devel-linux-x86_64-debian-gcc 0.7.0 5.36 76.16 81.51 OK
r-devel-linux-x86_64-fedora-clang 0.7.0 172.89 OK
r-devel-linux-x86_64-fedora-gcc 0.7.0 162.71 OK
r-devel-osx-x86_64-clang 0.7.0 144.84 OK
r-devel-windows-ix86+x86_64 0.7.0 19.00 164.00 183.00 OK
r-patched-linux-x86_64 0.7.0 5.41 75.55 80.96 OK
r-patched-solaris-sparc 0.7.0 1081.40 OK
r-patched-solaris-x86 0.7.0 232.40 OK
r-release-linux-x86_64 0.7.0 5.33 78.68 84.01 OK
r-release-osx-x86_64-mavericks 0.7.0 OK
r-release-osx-x86_64-snowleopard 0.7.0 ERROR
r-release-windows-ix86+x86_64 0.7.0 17.00 154.00 171.00 OK
r-oldrel-windows-ix86+x86_64 0.7.0 25.00 211.00 236.00 OK

Check Details

Version: 0.7.0
Check: package dependencies
Result: ERROR
    Packages required but not available: ‘sandwich’ ‘betareg’ ‘car’
    
    See section ‘The DESCRIPTION file’ in the ‘Writing R Extensions’
    manual.
Flavor: r-release-osx-x86_64-snowleopard