CRAN Package Check Results for Package gcmr

Last updated on 2015-03-02 19:52:14.

Flavor Version Tinstall Tcheck Ttotal Status Flags
r-devel-linux-x86_64-debian-clang 0.6.1 2.67 47.34 50.02 NOTE
r-devel-linux-x86_64-debian-gcc 0.6.1 2.56 45.25 47.81 NOTE
r-devel-linux-x86_64-fedora-clang 0.6.1 103.47 NOTE
r-devel-linux-x86_64-fedora-gcc 0.6.1 93.46 NOTE
r-devel-osx-x86_64-clang 0.6.1 79.15 NOTE
r-devel-windows-ix86+x86_64 0.6.1 17.00 140.00 157.00 NOTE
r-patched-linux-x86_64 0.6.1 3.80 62.77 66.57 NOTE
r-patched-solaris-sparc 0.6.1 1044.00 NOTE
r-patched-solaris-x86 0.6.1 154.50 NOTE
r-release-linux-ix86 0.6.1 4.17 87.07 91.24 NOTE
r-release-linux-x86_64 0.6.1 4.03 58.14 62.17 NOTE
r-release-osx-x86_64-mavericks 0.6.1 NOTE
r-release-osx-x86_64-snowleopard 0.6.1 NOTE
r-release-windows-ix86+x86_64 0.6.1 21.00 181.00 202.00 NOTE
r-oldrel-windows-ix86+x86_64 0.6.1 14.00 139.00 153.00 NOTE

Check Details

Version: 0.6.1
Check: DESCRIPTION meta-information
Result: NOTE
    Malformed Description field: should contain one or more complete sentences.
Flavors: r-devel-linux-x86_64-debian-clang, r-devel-linux-x86_64-debian-gcc, r-devel-linux-x86_64-fedora-clang, r-devel-linux-x86_64-fedora-gcc, r-devel-osx-x86_64-clang, r-devel-windows-ix86+x86_64

Version: 0.6.1
Check: dependencies in R code
Result: NOTE
    'library' or 'require' call to ‘sandwich’ which was already attached by Depends.
     Please remove these calls from your code.
    Packages in Depends field not imported from:
     ‘Formula’ ‘betareg’ ‘geoR’ ‘nlme’
     These packages need to be imported from (in the NAMESPACE file)
     for when this namespace is loaded but not attached.
    ':::' calls which should be '::':
     ‘geoR:::matern’ ‘nlme:::fdHess’
     See the note in ?`:::` about the use of this operator.
    There are ::: calls to the package's namespace in its code. A package
     almost never needs to use ::: for its own objects:
     ‘truefit’
Flavors: r-devel-linux-x86_64-debian-clang, r-devel-linux-x86_64-debian-gcc, r-devel-linux-x86_64-fedora-clang, r-devel-linux-x86_64-fedora-gcc, r-devel-osx-x86_64-clang, r-devel-windows-ix86+x86_64, r-patched-linux-x86_64, r-patched-solaris-x86

Version: 0.6.1
Check: R code for possible problems
Result: NOTE
    beta.marg : <anonymous>: no visible global function definition for
     ‘betareg.fit’
    gcmr: no visible global function definition for ‘as.Formula’
    gcmr: no visible global function definition for ‘Formula’
    gcmr: no visible global function definition for ‘model.part’
    vcov.gcmr: no visible global function definition for ‘vcovHAC’
Flavors: r-devel-linux-x86_64-debian-clang, r-devel-linux-x86_64-debian-gcc, r-devel-linux-x86_64-fedora-clang, r-devel-linux-x86_64-fedora-gcc, r-devel-osx-x86_64-clang, r-devel-windows-ix86+x86_64, r-patched-linux-x86_64, r-patched-solaris-sparc, r-patched-solaris-x86, r-release-linux-ix86, r-release-linux-x86_64, r-release-osx-x86_64-mavericks, r-release-windows-ix86+x86_64

Version: 0.6.1
Check: dependencies in R code
Result: NOTE
    'library' or 'require' call to ‘sandwich’ which was already attached by Depends.
     Please remove these calls from your code.
    Packages in Depends field not imported from:
     ‘Formula’ ‘betareg’ ‘geoR’ ‘nlme’
     These packages need to be imported from (in the NAMESPACE file)
     for when this namespace is loaded but not attached.
    ':::' calls which should be '::':
     ‘geoR:::matern’ ‘nlme:::fdHess’
     See the note in ?`:::` about the use of this operator.
    There are ::: calls to the package's namespace in its code. A package
     almost never needs to use ::: for its own objects:
     ‘truefit’
    See the information on DESCRIPTION files in the chapter ‘Creating R
    packages’ of the ‘Writing R Extensions’ manual.
Flavors: r-patched-solaris-sparc, r-release-linux-ix86, r-release-linux-x86_64, r-release-osx-x86_64-mavericks, r-release-windows-ix86+x86_64, r-oldrel-windows-ix86+x86_64

Version: 0.6.1
Check: dependencies in R code
Result: NOTE
    'library' or 'require' call to 'sandwich' which was already attached by Depends.
     Please remove these calls from your code.
    Packages in Depends field not imported from:
     'Formula' 'betareg' 'geoR' 'nlme'
     These packages need to be imported from for the case when
     this namespace is loaded but not attached.
    ':::' calls which should be '::':
     'geoR:::matern' 'nlme:::fdHess'
     See the note in ?`:::` about the use of this operator.
    There are ::: calls to the package's namespace in its code. A package
     almost never needs to use ::: for its own objects:
     'truefit'
    See the information on DESCRIPTION files in the chapter 'Creating R
    packages' of the 'Writing R Extensions' manual.
Flavor: r-release-osx-x86_64-snowleopard