CRAN Package Check Results for Package gcmr

Last updated on 2014-11-22 08:49:40.

Flavor Version Tinstall Tcheck Ttotal Status Flags
r-devel-linux-x86_64-debian-clang 0.6.1 5.50 72.75 78.24 NOTE
r-devel-linux-x86_64-debian-gcc 0.6.1 5.27 71.53 76.80 NOTE
r-devel-linux-x86_64-fedora-clang 0.6.1 168.48 NOTE
r-devel-linux-x86_64-fedora-gcc 0.6.1 157.66 NOTE
r-devel-osx-x86_64-clang 0.6.1 144.03 NOTE
r-devel-windows-ix86+x86_64 0.6.1 26.00 163.00 189.00 NOTE
r-patched-linux-x86_64 0.6.1 5.81 76.67 82.48 NOTE
r-patched-solaris-sparc 0.6.1 1032.90 NOTE
r-patched-solaris-x86 0.6.1 210.70 NOTE
r-release-linux-ix86 0.6.1 6.90 101.10 108.00 NOTE
r-release-linux-x86_64 0.6.1 5.49 75.40 80.90 NOTE
r-release-osx-x86_64-mavericks 0.6.1 NOTE
r-release-osx-x86_64-snowleopard 0.6.1 NOTE
r-release-windows-ix86+x86_64 0.6.1 35.00 178.00 213.00 NOTE
r-oldrel-windows-ix86+x86_64 0.6.1 26.00 181.00 207.00 NOTE

Check Details

Version: 0.6.1
Check: dependencies in R code
Result: NOTE
    'library' or 'require' call to ‘sandwich’ which was already attached by Depends.
     Please remove these calls from your code.
    Packages in Depends field not imported from:
     ‘Formula’ ‘betareg’ ‘geoR’ ‘nlme’
     These packages need to be imported from (in the NAMESPACE file)
     for when this namespace is loaded but not attached.
    ':::' calls which should be '::':
     ‘geoR:::matern’ ‘nlme:::fdHess’
     See the note in ?`:::` about the use of this operator.
    There are ::: calls to the package's namespace in its code. A package
     almost never needs to use ::: for its own objects:
     ‘truefit’
    See the information on DESCRIPTION files in the chapter ‘Creating R
    packages’ of the ‘Writing R Extensions’ manual.
Flavors: r-devel-linux-x86_64-debian-clang, r-devel-linux-x86_64-debian-gcc, r-devel-linux-x86_64-fedora-clang, r-devel-linux-x86_64-fedora-gcc, r-devel-osx-x86_64-clang, r-devel-windows-ix86+x86_64, r-patched-linux-x86_64, r-patched-solaris-sparc, r-patched-solaris-x86, r-release-linux-ix86, r-release-linux-x86_64, r-release-osx-x86_64-mavericks, r-release-windows-ix86+x86_64, r-oldrel-windows-ix86+x86_64

Version: 0.6.1
Check: R code for possible problems
Result: NOTE
    beta.marg : <anonymous>: no visible global function definition for
     ‘betareg.fit’
    gcmr: no visible global function definition for ‘as.Formula’
    gcmr: no visible global function definition for ‘Formula’
    gcmr: no visible global function definition for ‘model.part’
    vcov.gcmr: no visible global function definition for ‘vcovHAC’
Flavors: r-devel-linux-x86_64-debian-clang, r-devel-linux-x86_64-debian-gcc, r-devel-linux-x86_64-fedora-clang, r-devel-linux-x86_64-fedora-gcc, r-devel-osx-x86_64-clang, r-devel-windows-ix86+x86_64, r-patched-linux-x86_64, r-patched-solaris-sparc, r-patched-solaris-x86, r-release-linux-ix86, r-release-linux-x86_64, r-release-windows-ix86+x86_64

Version: 0.6.1
Check: dependencies in R code
Result: NOTE
    'library' or 'require' call to 'sandwich' which was already attached by Depends.
     Please remove these calls from your code.
    Packages in Depends field not imported from:
     'Formula' 'betareg' 'geoR' 'nlme'
     These packages need to be imported from for the case when
     this namespace is loaded but not attached.
    ':::' calls which should be '::':
     'geoR:::matern' 'nlme:::fdHess'
     See the note in ?`:::` about the use of this operator.
    There are ::: calls to the package's namespace in its code. A package
     almost never needs to use ::: for its own objects:
     'truefit'
    See the information on DESCRIPTION files in the chapter 'Creating R
    packages' of the 'Writing R Extensions' manual.
Flavor: r-release-osx-x86_64-snowleopard