CRAN Package Check Results for Package gcmr

Last updated on 2017-12-18 05:47:56 CET.

Flavor Version Tinstall Tcheck Ttotal Status Flags
r-devel-linux-x86_64-debian-clang 1.0.0 6.73 86.98 93.71 OK
r-devel-linux-x86_64-debian-gcc OK
r-devel-linux-x86_64-fedora-clang 1.0.0 137.83 NOTE
r-devel-linux-x86_64-fedora-gcc 1.0.0 134.98 NOTE
r-devel-windows-ix86+x86_64 1.0.0 15.00 156.00 171.00 OK
r-patched-linux-x86_64 1.0.0 7.96 114.63 122.59 OK
r-patched-solaris-x86 1.0.0 237.50 NOTE
r-release-linux-x86_64 1.0.0 7.78 111.93 119.71 OK
r-release-windows-ix86+x86_64 1.0.0 16.00 156.00 172.00 OK
r-release-osx-x86_64 1.0.0 NOTE
r-oldrel-windows-ix86+x86_64 1.0.0 18.00 188.00 206.00 OK
r-oldrel-osx-x86_64 1.0.0 NOTE

Check Details

Version: 1.0.0
Check: dependencies in R code
Result: NOTE
    Namespace in Imports field not imported from: ‘methods’
     All declared Imports should be used.
Flavors: r-devel-linux-x86_64-fedora-clang, r-devel-linux-x86_64-fedora-gcc, r-patched-solaris-x86, r-release-osx-x86_64, r-oldrel-osx-x86_64