CRAN Package Check Results for Package gcmr

Last updated on 2014-04-16 23:46:57.

Flavor Version Tinstall Tcheck Ttotal Status Flags
r-devel-linux-x86_64-debian-clang 0.6.1 3.50 60.62 64.12 NOTE
r-devel-linux-x86_64-debian-gcc 0.6.1 3.82 60.47 64.29 NOTE
r-devel-linux-x86_64-fedora-clang 0.6.1 131.69 NOTE
r-devel-linux-x86_64-fedora-gcc 0.6.1 126.63 NOTE
r-devel-macosx-x86_64-clang 0.6.1 104.78 NOTE
r-devel-macosx-x86_64-gcc 0.6.1 ERROR
r-devel-windows-ix86+x86_64 0.6.1 12.00 126.00 138.00 NOTE
r-patched-linux-x86_64 0.6.1 3.73 60.75 64.48 NOTE
r-patched-solaris-sparc 0.6.1 782.60 NOTE
r-patched-solaris-x86 0.6.1 154.40 NOTE
r-release-linux-ix86 0.6.1 7.00 102.00 109.00 NOTE
r-release-linux-x86_64 0.6.1 3.66 61.32 64.98 NOTE
r-release-macosx-x86_64 0.6.1 NOTE
r-release-windows-ix86+x86_64 0.6.1 14.00 133.00 147.00 NOTE
r-oldrel-windows-ix86+x86_64 0.6.1 14.00 141.00 155.00 NOTE

Check Details

Version: 0.6.1
Check: dependencies in R code
Result: NOTE
    'library' or 'require' call to ‘sandwich’ which was already attached by Depends.
     Please remove these calls from your code.
    Packages in Depends field not imported from:
     ‘Formula’ ‘betareg’ ‘geoR’ ‘nlme’
     These packages need to be imported from (in the NAMESPACE file)
     for when this namespace is loaded but not attached.
    ':::' calls which should be '::':
     ‘geoR:::matern’ ‘nlme:::fdHess’
     See the note in ?`:::` about the use of this operator.
    There are ::: calls to the package's namespace in its code. A package
     almost never needs to use ::: for its own objects:
     ‘truefit’
    See the information on DESCRIPTION files in the chapter ‘Creating R
    packages’ of the ‘Writing R Extensions’ manual.
Flavors: r-devel-linux-x86_64-debian-clang, r-devel-linux-x86_64-debian-gcc, r-devel-linux-x86_64-fedora-clang, r-devel-linux-x86_64-fedora-gcc, r-devel-macosx-x86_64-clang, r-devel-windows-ix86+x86_64, r-patched-linux-x86_64, r-patched-solaris-sparc, r-patched-solaris-x86, r-release-linux-ix86, r-release-linux-x86_64, r-release-windows-ix86+x86_64, r-oldrel-windows-ix86+x86_64

Version: 0.6.1
Check: package dependencies
Result: ERROR
    Packages required but not available: ‘sandwich’ ‘geoR’ ‘betareg’
    
    See the information on DESCRIPTION files in the chapter ‘Creating R
    packages’ of the ‘Writing R Extensions’ manual.
Flavor: r-devel-macosx-x86_64-gcc

Version: 0.6.1
Check: dependencies in R code
Result: NOTE
    'library' or 'require' call to 'sandwich' which was already attached by Depends.
     Please remove these calls from your code.
    Packages in Depends field not imported from:
     'Formula' 'betareg' 'geoR' 'nlme'
     These packages need to be imported from for the case when
     this namespace is loaded but not attached.
    ':::' calls which should be '::':
     'geoR:::matern' 'nlme:::fdHess'
     See the note in ?`:::` about the use of this operator.
    There are ::: calls to the package's namespace in its code. A package
     almost never needs to use ::: for its own objects:
     'truefit'
    See the information on DESCRIPTION files in the chapter 'Creating R
    packages' of the 'Writing R Extensions' manual.
Flavor: r-release-macosx-x86_64