CRAN Package Check Results for Package gcmr

Last updated on 2015-06-30 19:47:46.

Flavor Version Tinstall Tcheck Ttotal Status Flags
r-devel-linux-x86_64-debian-clang 0.7.5 5.37 66.00 71.37 NOTE
r-devel-linux-x86_64-debian-gcc 0.7.5 5.44 62.99 68.43 NOTE
r-devel-linux-x86_64-fedora-clang 0.7.5 144.03 NOTE
r-devel-linux-x86_64-fedora-gcc 0.7.5 135.84 OK
r-devel-osx-x86_64-clang 0.7.5 132.22 OK
r-devel-windows-ix86+x86_64 0.7.5 19.00 137.00 156.00 NOTE
r-patched-linux-x86_64 0.7.5 7.38 63.86 71.24 OK
r-patched-solaris-sparc 0.7.5 823.30 OK
r-patched-solaris-x86 0.7.5 207.70 OK
r-release-linux-x86_64 0.7.5 5.32 65.45 70.76 OK
r-release-osx-x86_64-mavericks 0.7.5 OK
r-release-windows-ix86+x86_64 0.7.5 25.00 133.00 158.00 OK
r-oldrel-windows-ix86+x86_64 0.7.5 24.00 220.00 244.00 OK

Check Details

Version: 0.7.5
Check: R code for possible problems
Result: NOTE
    Gamma.marg: Error while checking: invalid ‘envir’ argument
    arma.cormat : <anonymous>: no visible global function definition for
     ‘ARMAacf’
    beta.marg: Error while checking: invalid ‘envir’ argument
    binomial.marg: Error while checking: invalid ‘envir’ argument
    bn.marg: Error while checking: invalid ‘envir’ argument
    gaussian.marg: Error while checking: invalid ‘envir’ argument
    gcmr: no visible binding for global variable ‘na.pass’
    gcmr: no visible global function definition for ‘as.formula’
    gcmr: no visible global function definition for ‘terms’
    gcmr: no visible global function definition for ‘delete.response’
    gcmr: no visible global function definition for ‘model.response’
    gcmr: no visible global function definition for ‘model.matrix’
    gcmr: no visible global function definition for ‘model.offset’
    gcmr: no visible global function definition for ‘.getXlevels’
    gcmr.opt: no visible global function definition for ‘optim’
    gcmr.options: no visible global function definition for ‘runif’
    gcmr.options : opt: no visible global function definition for ‘optim’
    gs.marg: Error while checking: invalid ‘envir’ argument
    matern.cormat : <anonymous>: no visible global function definition for
     ‘median’
    model.matrix.gcmr: no visible global function definition for
     ‘model.matrix’
    model.matrix.gcmr: no visible global function definition for
     ‘model.frame’
    nb.marg: Error while checking: invalid ‘envir’ argument
    negbin.marg: Error while checking: invalid ‘envir’ argument
    plot.gcmr: no visible global function definition for ‘par’
    plot.gcmr: no visible global function definition for ‘dev.interactive’
    plot.gcmr: no visible global function definition for ‘residuals’
    plot.gcmr: no visible global function definition for ‘plot’
    plot.gcmr: no visible global function definition for ‘abline’
    plot.gcmr: no visible global function definition for ‘mtext’
    plot.gcmr: no visible global function definition for ‘fitted’
    plot.gcmr: no visible global function definition for ‘acf’
    plot.gcmr: no visible binding for global variable ‘na.pass’
    plot.gcmr: no visible global function definition for ‘pacf’
    poisson.marg: Error while checking: invalid ‘envir’ argument
    print.summary.gcmr: no visible global function definition for
     ‘printCoefmat’
    profile.gcmr: no visible global function definition for ‘vcov’
    profile.gcmr: no visible global function definition for ‘coef’
    profile.gcmr: no visible global function definition for
     ‘txtProgressBar’
    profile.gcmr: no visible global function definition for
     ‘setTxtProgressBar’
    profile.gcmr: no visible global function definition for ‘plot’
    profile.gcmr: no visible global function definition for ‘splinefun’
    profile.gcmr: no visible global function definition for ‘grid’
    profile.gcmr: no visible global function definition for ‘abline’
    profile.gcmr: no visible global function definition for ‘qchisq’
    ps.marg: Error while checking: invalid ‘envir’ argument
    residuals.gcmr: no visible global function definition for ‘runif’
    residuals.gcmr: no visible global function definition for ‘qnorm’
    summary.gcmr: no visible global function definition for ‘vcov’
    summary.gcmr: no visible global function definition for ‘pnorm’
    summary.gcmr: no visible global function definition for ‘AIC’
    update.gcmr: no visible global function definition for ‘formula’
    update.gcmr: no visible global function definition for ‘update’
    weibull.marg: Error while checking: invalid ‘envir’ argument
Flavors: r-devel-linux-x86_64-debian-clang, r-devel-linux-x86_64-debian-gcc, r-devel-linux-x86_64-fedora-clang, r-devel-windows-ix86+x86_64