CRAN Package Check Results for Package gcmr

Last updated on 2017-05-24 10:48:08.

Flavor Version Tinstall Tcheck Ttotal Status Flags
r-devel-linux-x86_64-debian-clang 1.0.0 5.65 70.71 76.36 OK
r-devel-linux-x86_64-debian-gcc 1.0.0 7.74 70.16 77.90 OK
r-devel-linux-x86_64-fedora-clang 1.0.0 161.10 NOTE --no-stop-on-test-error
r-devel-linux-x86_64-fedora-gcc 1.0.0 155.53 NOTE --no-stop-on-test-error
r-devel-windows-ix86+x86_64 1.0.0 19.00 147.00 166.00 OK
r-patched-linux-x86_64 1.0.0 5.52 72.61 78.13 OK
r-patched-solaris-sparc 1.0.0 971.20 NOTE
r-patched-solaris-x86 1.0.0 227.90 NOTE
r-release-linux-x86_64 1.0.0 5.60 72.79 78.39 OK
r-release-windows-ix86+x86_64 1.0.0 18.00 214.00 232.00 OK
r-release-osx-x86_64 1.0.0 NOTE
r-oldrel-windows-ix86+x86_64 1.0.0 26.00 193.00 219.00 OK
r-oldrel-osx-x86_64 1.0.0 NOTE

Check Details

Version: 1.0.0
Flags: --no-stop-on-test-error
Check: dependencies in R code
Result: NOTE
    Namespace in Imports field not imported from: ‘methods’
     All declared Imports should be used.
Flavors: r-devel-linux-x86_64-fedora-clang, r-devel-linux-x86_64-fedora-gcc

Version: 1.0.0
Check: dependencies in R code
Result: NOTE
    Namespace in Imports field not imported from: ‘methods’
     All declared Imports should be used.
Flavors: r-patched-solaris-sparc, r-patched-solaris-x86, r-release-osx-x86_64, r-oldrel-osx-x86_64