CRAN Package Check Results for Package gcmr

Last updated on 2017-06-22 15:48:25.

Flavor Version Tinstall Tcheck Ttotal Status Flags
r-devel-linux-x86_64-debian-clang 1.0.0 5.71 75.78 81.49 OK
r-devel-linux-x86_64-debian-gcc 1.0.0 6.05 72.35 78.40 OK
r-devel-linux-x86_64-fedora-clang 1.0.0 174.64 NOTE
r-devel-linux-x86_64-fedora-gcc 1.0.0 156.77 NOTE
r-devel-windows-ix86+x86_64 1.0.0 30.00 204.00 234.00 OK
r-patched-linux-x86_64 1.0.0 6.10 73.03 79.12 OK
r-patched-solaris-sparc 1.0.0 971.20 NOTE
r-patched-solaris-x86 1.0.0 224.20 NOTE
r-release-linux-x86_64 1.0.0 6.41 73.30 79.71 OK
r-release-windows-ix86+x86_64 1.0.0 27.00 241.00 268.00 OK
r-release-osx-x86_64 1.0.0 NOTE
r-oldrel-windows-ix86+x86_64 1.0.0 27.00 153.00 180.00 OK
r-oldrel-osx-x86_64 1.0.0 NOTE

Check Details

Version: 1.0.0
Check: dependencies in R code
Result: NOTE
    Namespace in Imports field not imported from: ‘methods’
     All declared Imports should be used.
Flavors: r-devel-linux-x86_64-fedora-clang, r-devel-linux-x86_64-fedora-gcc, r-patched-solaris-sparc, r-patched-solaris-x86, r-release-osx-x86_64, r-oldrel-osx-x86_64