CRAN Package Check Results for Package gconsensus

Last updated on 2024-03-01 11:53:42 CET.

Flavor Version Tinstall Tcheck Ttotal Status Flags
r-devel-linux-x86_64-debian-clang 0.3.2 7.18 43.15 50.33 NOTE
r-devel-linux-x86_64-debian-gcc 0.3.2 5.15 32.66 37.81 NOTE
r-devel-linux-x86_64-fedora-clang 0.3.2 62.13 NOTE
r-devel-linux-x86_64-fedora-gcc 0.3.2 59.26 NOTE
r-devel-windows-x86_64 0.3.2 7.00 52.00 59.00 OK
r-patched-linux-x86_64 0.3.2 6.91 39.67 46.58 OK
r-release-linux-x86_64 0.3.2 7.88 40.27 48.15 OK
r-release-macos-arm64 0.3.2 20.00 OK
r-release-macos-x86_64 0.3.2 29.00 OK
r-release-windows-x86_64 0.3.2 7.00 74.00 81.00 OK
r-oldrel-macos-arm64 0.3.2 19.00 OK
r-oldrel-windows-x86_64 0.3.2 8.00 59.00 67.00 OK

Check Details

Version: 0.3.2
Check: Rd files
Result: NOTE checkRd: (-1) gconsensus.Rd:48-54: Lost braces 48 | {\code{display.signif.digits} an integer representing the number of significant digits to be obtained in the adaptative approach of the Monte Carlo simulation, | ^ Flavors: r-devel-linux-x86_64-debian-clang, r-devel-linux-x86_64-debian-gcc, r-devel-linux-x86_64-fedora-clang, r-devel-linux-x86_64-fedora-gcc