CRAN Package Check Results for Package gcookbook

Last updated on 2015-05-03 16:46:32.

Flavor Version Tinstall Tcheck Ttotal Status Flags
r-devel-linux-x86_64-debian-clang 1.0 2.28 9.73 12.01 OK
r-devel-linux-x86_64-debian-gcc 1.0 2.20 10.34 12.54 OK
r-devel-linux-x86_64-fedora-clang 1.0 22.23 OK
r-devel-linux-x86_64-fedora-gcc 1.0 20.57 OK
r-devel-osx-x86_64-clang 1.0 27.20 OK
r-devel-windows-ix86+x86_64 1.0 7.00 18.00 25.00 OK
r-patched-linux-x86_64 1.0 2.21 9.40 11.61 OK
r-patched-solaris-sparc 1.0 145.90 OK
r-patched-solaris-x86 1.0 32.40 OK
r-release-linux-x86_64 1.0 2.22 10.65 12.87 OK
r-release-osx-x86_64-mavericks 1.0 OK
r-release-osx-x86_64-snowleopard 1.0 NOTE
r-release-windows-ix86+x86_64 1.0 7.00 17.00 24.00 OK
r-oldrel-windows-ix86+x86_64 1.0 6.00 17.00 23.00 OK

Check Details

Version: 1.0
Check: package dependencies
Result: NOTE
    Package suggested but not available for checking: ‘ggplot2’
Flavor: r-release-osx-x86_64-snowleopard