CRAN Package Check Results for Package gcookbook

Last updated on 2014-04-24 09:49:01.

Flavor Version Tinstall Tcheck Ttotal Status Flags
r-devel-linux-x86_64-debian-clang 1.0 2.41 10.12 12.53 OK
r-devel-linux-x86_64-debian-gcc 1.0 2.53 10.06 12.58 OK
r-devel-linux-x86_64-fedora-clang 1.0 23.62 OK
r-devel-linux-x86_64-fedora-gcc 1.0 22.65 OK
r-devel-osx-x86_64-clang 1.0 24.62 OK
r-devel-osx-x86_64-gcc 1.0 NOTE
r-devel-windows-ix86+x86_64 1.0 5.00 17.00 22.00 OK
r-patched-linux-x86_64 1.0 2.38 10.50 12.88 OK
r-patched-solaris-sparc 1.0 143.00 OK
r-patched-solaris-x86 1.0 35.30 OK
r-release-linux-ix86 1.0 4.00 23.00 27.00 OK
r-release-linux-x86_64 1.0 2.39 10.26 12.65 OK
r-release-osx-x86_64-mavericks 1.0 WARN
r-release-windows-ix86+x86_64 1.0 5.00 19.00 24.00 OK
r-oldrel-windows-ix86+x86_64 1.0 7.00 17.00 24.00 OK

Check Details

Version: 1.0
Check: package dependencies
Result: NOTE
    Package suggested but not available for checking: ‘ggplot2’
Flavor: r-devel-osx-x86_64-gcc

Version: 1.0
Check: PDF version of manual
Result: WARNING
    LaTeX errors when creating PDF version.
    This typically indicates Rd problems.
    LaTeX errors found:
    ! LaTeX Error: File `upquote.sty' not found.
    
    Type X to quit or <RETURN> to proceed,
    or enter new name. (Default extension: sty)
    
    7f8d27e/Rd2.tex:8: ==> Fatal error occurred, no output PDF file produced!
Flavor: r-release-osx-x86_64-mavericks