Last updated on 2022-07-06 23:10:15 CEST.
Flavor | Version | Tinstall | Tcheck | Ttotal | Status | Flags |
---|---|---|---|---|---|---|
r-devel-linux-x86_64-debian-clang | 0.6.1 | 425.08 | 148.39 | 573.47 | OK | |
r-devel-linux-x86_64-debian-gcc | 0.6.1 | 407.83 | 113.97 | 521.80 | OK | |
r-devel-linux-x86_64-fedora-clang | 0.6.1 | 779.29 | NOTE | |||
r-devel-linux-x86_64-fedora-gcc | 0.6.1 | 871.13 | OK | |||
r-devel-windows-x86_64 | 0.6.1 | 1914.00 | 552.00 | 2466.00 | NOTE | |
r-patched-linux-x86_64 | 0.6.1 | 418.88 | 150.48 | 569.36 | OK | |
r-release-linux-x86_64 | 0.6.1 | 416.68 | 151.68 | 568.36 | OK | |
r-release-macos-arm64 | 0.6.1 | 223.00 | NOTE | |||
r-release-macos-x86_64 | 0.6.1 | 29.00 | ERROR | |||
r-release-windows-x86_64 | 0.6.1 | 2689.00 | 570.00 | 3259.00 | NOTE | |
r-oldrel-macos-arm64 | 0.6.1 | 266.00 | NOTE | |||
r-oldrel-macos-x86_64 | 0.6.1 | 288.00 | NOTE | |||
r-oldrel-windows-ix86+x86_64 | 0.6.1 | 1040.00 | 761.00 | 1801.00 | NOTE |
Version: 0.6.1
Check: installed package size
Result: NOTE
installed size is 29.7Mb
sub-directories of 1Mb or more:
L8NY18 2.3Mb
libs 26.3Mb
Flavors: r-devel-linux-x86_64-fedora-clang, r-devel-windows-x86_64, r-release-macos-arm64, r-release-windows-x86_64, r-oldrel-macos-arm64, r-oldrel-macos-x86_64, r-oldrel-windows-ix86+x86_64
Version: 0.6.1
Check: whether package can be installed
Result: ERROR
Installation failed.
Flavor: r-release-macos-x86_64