CRAN Package Check Results for Package gdata

Last updated on 2015-02-28 17:48:36.

Flavor Version Tinstall Tcheck Ttotal Status Flags
r-devel-linux-x86_64-debian-clang 2.13.3 1.31 29.94 31.25 WARN
r-devel-linux-x86_64-debian-gcc 2.13.3 1.24 29.09 30.33 WARN
r-devel-linux-x86_64-fedora-clang 2.13.3 62.06 WARN
r-devel-linux-x86_64-fedora-gcc 2.13.3 58.94 WARN
r-devel-osx-x86_64-clang 2.13.3 65.25 WARN
r-devel-windows-ix86+x86_64 2.13.3 6.00 73.00 79.00 WARN
r-patched-linux-x86_64 2.13.3 1.82 31.87 33.68 OK
r-patched-solaris-sparc 2.13.3 321.70 OK
r-patched-solaris-x86 2.13.3 74.30 OK
r-release-linux-ix86 2.13.3 2.87 49.83 52.70 OK
r-release-linux-x86_64 2.13.3 1.36 31.89 33.25 OK
r-release-osx-x86_64-mavericks 2.13.3 OK
r-release-osx-x86_64-snowleopard 2.13.3 OK
r-release-windows-ix86+x86_64 2.13.3 7.00 82.00 89.00 OK
r-oldrel-windows-ix86+x86_64 2.13.3 8.00 66.00 74.00 OK

Check Details

Version: 2.13.3
Check: DESCRIPTION meta-information
Result: NOTE
    Malformed Description field: should contain one or more complete sentences.
Flavors: r-devel-linux-x86_64-debian-clang, r-devel-linux-x86_64-debian-gcc, r-devel-linux-x86_64-fedora-clang, r-devel-linux-x86_64-fedora-gcc, r-devel-osx-x86_64-clang, r-devel-windows-ix86+x86_64

Version: 2.13.3
Check: use of S3 registration
Result: WARN
    Registered S3 method from a standard package overwritten by 'gdata':
     method from
     print.object_size utils
Flavors: r-devel-linux-x86_64-debian-clang, r-devel-linux-x86_64-debian-gcc, r-devel-linux-x86_64-fedora-clang, r-devel-linux-x86_64-fedora-gcc, r-devel-osx-x86_64-clang, r-devel-windows-ix86+x86_64

Version: 2.13.3
Check: S3 generic/method consistency
Result: NOTE
    Found the following apparent S3 methods exported but not registered:
     aggregate.table
    See section ‘Registering S3 methods’ in the ‘Writing R Extensions’
    manual.
Flavors: r-devel-linux-x86_64-debian-clang, r-devel-linux-x86_64-debian-gcc, r-devel-linux-x86_64-fedora-clang, r-devel-linux-x86_64-fedora-gcc, r-devel-osx-x86_64-clang