CRAN Package Check Results for Package gdata

Last updated on 2017-02-22 07:48:15.

Flavor Version Tinstall Tcheck Ttotal Status Flags
r-devel-linux-x86_64-debian-clang 2.17.0 1.59 51.06 52.66 WARN
r-devel-linux-x86_64-debian-gcc 2.17.0 1.63 51.82 53.45 WARN
r-devel-linux-x86_64-fedora-clang 2.17.0 102.29 WARN --no-stop-on-test-error
r-devel-linux-x86_64-fedora-gcc 2.17.0 101.93 WARN --no-stop-on-test-error
r-devel-macos-x86_64-clang 2.17.0 89.24 WARN --no-stop-on-test-error
r-devel-windows-ix86+x86_64 2.17.0 8.00 146.00 154.00 WARN
r-patched-linux-x86_64 2.17.0 1.70 46.79 48.48 OK
r-patched-solaris-sparc 2.17.0 348.90 OK
r-patched-solaris-x86 2.17.0 74.90 OK
r-release-linux-x86_64 2.17.0 1.51 46.80 48.31 OK
r-release-osx-x86_64-mavericks 2.17.0 OK
r-release-windows-ix86+x86_64 2.17.0 13.00 113.00 126.00 OK
r-oldrel-windows-ix86+x86_64 2.17.0 17.00 122.00 139.00 OK

Check Details

Version: 2.17.0
Check: files in ‘vignettes’
Result: WARN
    Files in the 'vignettes' directory newer than same file in 'inst/doc':
     ‘Rnews.sty’
Flavors: r-devel-linux-x86_64-debian-clang, r-devel-linux-x86_64-debian-gcc, r-devel-windows-ix86+x86_64

Version: 2.17.0
Flags: --no-stop-on-test-error
Check: files in ‘vignettes’
Result: WARN
    Files in the 'vignettes' directory newer than same file in 'inst/doc':
     ‘Rnews.sty’
Flavors: r-devel-linux-x86_64-fedora-clang, r-devel-linux-x86_64-fedora-gcc, r-devel-macos-x86_64-clang