CRAN Package Check Results for Package gdata

Last updated on 2021-04-22 11:50:15 CEST.

Flavor Version Tinstall Tcheck Ttotal Status Flags
r-devel-linux-x86_64-debian-clang 2.18.0 6.54 94.37 100.91 OK
r-devel-linux-x86_64-debian-gcc 2.18.0 4.35 69.47 73.82 OK
r-devel-linux-x86_64-fedora-clang 2.18.0 135.70 NOTE
r-devel-linux-x86_64-fedora-gcc 2.18.0 126.11 OK
r-devel-windows-ix86+x86_64 2.18.0 10.00 260.00 270.00 OK
r-devel-windows-x86_64-gcc10-UCRT 2.18.0 OK
r-patched-linux-x86_64 2.18.0 6.87 91.69 98.56 WARN
r-patched-solaris-x86 2.18.0 114.60 OK
r-release-linux-x86_64 2.18.0 5.61 92.20 97.81 OK
r-release-macos-x86_64 2.18.0 OK
r-release-windows-ix86+x86_64 2.18.0 10.00 245.00 255.00 OK
r-oldrel-macos-x86_64 2.18.0 OK
r-oldrel-windows-ix86+x86_64 2.18.0 8.00 213.00 221.00 OK

Check Details

Version: 2.18.0
Check: Rd cross-references
Result: NOTE
    Undeclared package ‘reshape’ in Rd xrefs
Flavor: r-devel-linux-x86_64-fedora-clang

Version: 2.18.0
Check: whether package can be installed
Result: WARN
    Found the following significant warnings:
     Rd warning: /tmp/RtmpTmVizi/R.INSTALL75d77300285c/gdata/man/ans.Rd:14: file link ‘.Last.value’ in package ‘base’ does not exist and so has been treated as a topic
     Rd warning: /tmp/RtmpTmVizi/R.INSTALL75d77300285c/gdata/man/ans.Rd:20: file link ‘.Last.value’ in package ‘base’ does not exist and so has been treated as a topic
     Rd warning: /tmp/RtmpTmVizi/R.INSTALL75d77300285c/gdata/man/first.Rd:34: file link ‘tail’ in package ‘utils’ does not exist and so has been treated as a topic
     Rd warning: /tmp/RtmpTmVizi/R.INSTALL75d77300285c/gdata/man/left.Rd:27: file link ‘tail’ in package ‘utils’ does not exist and so has been treated as a topic
     Rd warning: /tmp/RtmpTmVizi/R.INSTALL75d77300285c/gdata/man/read.xls.Rd:66: file link ‘read.csv’ in package ‘utils’ does not exist and so has been treated as a topic
     Rd warning: /tmp/RtmpTmVizi/R.INSTALL75d77300285c/gdata/man/reorder.Rd:56: file link ‘reorder’ in package ‘stats’ does not exist and so has been treated as a topic
     Rd warning: /tmp/RtmpTmVizi/R.INSTALL75d77300285c/gdata/man/trim.Rd:37: file link ‘sub’ in package ‘base’ does not exist and so has been treated as a topic
     Rd warning: /tmp/RtmpTmVizi/R.INSTALL75d77300285c/gdata/man/trim.Rd:37: file link ‘gsub’ in package ‘base’ does not exist and so has been treated as a topic
     Rd warning: /tmp/RtmpTmVizi/R.INSTALL75d77300285c/gdata/man/unmatrix.Rd:23: file link ‘as.vector’ in package ‘base’ does not exist and so has been treated as a topic
     Rd warning: /tmp/RtmpTmVizi/R.INSTALL75d77300285c/gdata/man/upperTriangle.Rd:47: file link ‘upper.tri’ in package ‘base’ does not exist and so has been treated as a topic
Flavor: r-patched-linux-x86_64