CRAN Package Check Results for Package gdata

Last updated on 2016-09-27 05:48:13.

Flavor Version Tinstall Tcheck Ttotal Status Flags
r-devel-linux-x86_64-debian-clang 2.17.0 1.50 46.60 48.09 WARN
r-devel-linux-x86_64-debian-gcc 2.17.0 1.88 48.49 50.37 WARN
r-devel-linux-x86_64-fedora-clang 2.17.0 94.52 WARN
r-devel-linux-x86_64-fedora-gcc 2.17.0 94.04 WARN
r-devel-macos-x86_64-clang 2.17.0 80.41 WARN
r-devel-windows-ix86+x86_64 2.17.0 11.00 128.00 139.00 WARN
r-patched-linux-x86_64 2.17.0 1.34 47.47 48.82 OK
r-patched-solaris-sparc 2.17.0 344.90 OK
r-patched-solaris-x86 2.17.0 73.00 OK
r-release-linux-x86_64 2.17.0 1.42 48.09 49.50 OK
r-release-osx-x86_64-mavericks 2.17.0 OK
r-release-windows-ix86+x86_64 2.17.0 7.00 101.00 108.00 OK
r-oldrel-windows-ix86+x86_64 2.17.0 8.00 101.00 109.00 OK

Check Details

Version: 2.17.0
Check: files in ‘vignettes’
Result: WARN
    Files in the 'vignettes' directory newer than same file in 'inst/doc':
     ‘Rnews.sty’
Flavors: r-devel-linux-x86_64-debian-clang, r-devel-linux-x86_64-debian-gcc, r-devel-linux-x86_64-fedora-clang, r-devel-linux-x86_64-fedora-gcc, r-devel-macos-x86_64-clang, r-devel-windows-ix86+x86_64