CRAN Package Check Results for Package gdata

Last updated on 2016-12-05 16:47:18.

Flavor Version Tinstall Tcheck Ttotal Status Flags
r-devel-linux-x86_64-debian-clang 2.17.0 1.69 51.51 53.20 WARN
r-devel-linux-x86_64-debian-gcc 2.17.0 1.76 51.46 53.22 WARN
r-devel-linux-x86_64-fedora-clang 2.17.0 104.86 WARN --no-stop-on-test-error
r-devel-linux-x86_64-fedora-gcc 2.17.0 103.90 WARN --no-stop-on-test-error
r-devel-macos-x86_64-clang 2.17.0 88.26 WARN
r-devel-windows-ix86+x86_64 2.17.0 11.00 136.00 147.00 WARN
r-patched-linux-x86_64 2.17.0 1.56 46.48 48.04 OK
r-patched-solaris-sparc 2.17.0 344.90 OK
r-patched-solaris-x86 2.17.0 73.00 OK
r-release-linux-x86_64 2.17.0 1.67 47.05 48.72 OK
r-release-osx-x86_64-mavericks 2.17.0 OK
r-release-windows-ix86+x86_64 2.17.0 13.00 113.00 126.00 OK
r-oldrel-windows-ix86+x86_64 2.17.0 17.00 122.00 139.00 OK

Check Details

Version: 2.17.0
Check: files in ‘vignettes’
Result: WARN
    Files in the 'vignettes' directory newer than same file in 'inst/doc':
     ‘Rnews.sty’
Flavors: r-devel-linux-x86_64-debian-clang, r-devel-linux-x86_64-debian-gcc, r-devel-macos-x86_64-clang, r-devel-windows-ix86+x86_64

Version: 2.17.0
Flags: --no-stop-on-test-error
Check: files in ‘vignettes’
Result: WARN
    Files in the 'vignettes' directory newer than same file in 'inst/doc':
     ‘Rnews.sty’
Flavors: r-devel-linux-x86_64-fedora-clang, r-devel-linux-x86_64-fedora-gcc