CRAN Package Check Results for Package gdata

Last updated on 2015-03-29 11:51:15.

Flavor Version Tinstall Tcheck Ttotal Status Flags
r-devel-linux-x86_64-debian-clang 2.13.3 1.34 29.68 31.02 WARN
r-devel-linux-x86_64-debian-gcc 2.13.3 1.26 29.50 30.76 WARN
r-devel-linux-x86_64-fedora-clang 2.13.3 61.26 WARN
r-devel-linux-x86_64-fedora-gcc 2.13.3 60.50 WARN
r-devel-osx-x86_64-clang 2.13.3 72.54 WARN
r-prerel-windows-ix86+x86_64 2.13.3 9.00 78.00 87.00 WARN
r-prerel-linux-x86_64 2.13.3 1.26 30.15 31.41 WARN
r-prerel-solaris-sparc 2.13.3 340.80 NOTE
r-prerel-solaris-x86 2.13.3 66.00 NOTE
r-release-linux-x86_64 2.13.3 1.48 31.88 33.36 OK
r-release-osx-x86_64-mavericks 2.13.3 OK
r-release-osx-x86_64-snowleopard 2.13.3 OK
r-release-windows-ix86+x86_64 2.13.3 10.00 83.00 93.00 OK
r-oldrel-windows-ix86+x86_64 2.13.3 8.00 66.00 74.00 OK

Check Details

Version: 2.13.3
Check: DESCRIPTION meta-information
Result: NOTE
    Malformed Description field: should contain one or more complete sentences.
Flavors: r-devel-linux-x86_64-debian-clang, r-devel-linux-x86_64-debian-gcc, r-devel-linux-x86_64-fedora-clang, r-devel-linux-x86_64-fedora-gcc, r-devel-osx-x86_64-clang, r-prerel-windows-ix86+x86_64, r-prerel-linux-x86_64, r-prerel-solaris-sparc, r-prerel-solaris-x86

Version: 2.13.3
Check: use of S3 registration
Result: WARN
    Registered S3 method from a standard package overwritten by 'gdata':
     method from
     print.object_size utils
Flavors: r-devel-linux-x86_64-debian-clang, r-devel-linux-x86_64-debian-gcc, r-devel-linux-x86_64-fedora-clang, r-devel-linux-x86_64-fedora-gcc, r-devel-osx-x86_64-clang, r-prerel-windows-ix86+x86_64, r-prerel-linux-x86_64

Version: 2.13.3
Check: S3 generic/method consistency
Result: NOTE
    Found the following apparent S3 methods exported but not registered:
     aggregate.table
    See section ‘Registering S3 methods’ in the ‘Writing R Extensions’
    manual.
Flavors: r-devel-linux-x86_64-debian-clang, r-devel-linux-x86_64-debian-gcc, r-devel-linux-x86_64-fedora-clang, r-devel-linux-x86_64-fedora-gcc, r-devel-osx-x86_64-clang, r-prerel-linux-x86_64