CRAN Package Check Results for Package gdata

Last updated on 2017-05-23 04:48:33.

Flavor Version Tinstall Tcheck Ttotal Status Flags
r-devel-linux-x86_64-debian-clang 2.17.0 1.89 51.35 53.24 WARN
r-devel-linux-x86_64-debian-gcc 2.17.0 1.62 50.80 52.42 WARN
r-devel-linux-x86_64-fedora-clang 2.17.0 102.52 WARN --no-stop-on-test-error
r-devel-linux-x86_64-fedora-gcc 2.17.0 101.38 WARN --no-stop-on-test-error
r-devel-windows-ix86+x86_64 2.17.0 9.00 140.00 149.00 WARN
r-patched-linux-x86_64 2.17.0 1.64 51.50 53.14 WARN
r-patched-solaris-sparc 2.17.0 396.30 WARN
r-patched-solaris-x86 2.17.0 84.90 WARN
r-release-linux-x86_64 2.17.0 1.65 51.95 53.60 WARN
r-release-windows-ix86+x86_64 2.17.0 10.00 143.00 153.00 WARN
r-release-osx-x86_64 2.17.0 WARN
r-oldrel-windows-ix86+x86_64 2.17.0 12.00 116.00 128.00 OK
r-oldrel-osx-x86_64 2.17.0 OK

Check Details

Version: 2.17.0
Check: files in ‘vignettes’
Result: WARN
    Files in the 'vignettes' directory newer than same file in 'inst/doc':
     ‘Rnews.sty’
Flavors: r-devel-linux-x86_64-debian-clang, r-devel-linux-x86_64-debian-gcc, r-devel-windows-ix86+x86_64, r-patched-linux-x86_64, r-patched-solaris-sparc, r-patched-solaris-x86, r-release-linux-x86_64, r-release-windows-ix86+x86_64, r-release-osx-x86_64

Version: 2.17.0
Flags: --no-stop-on-test-error
Check: files in ‘vignettes’
Result: WARN
    Files in the 'vignettes' directory newer than same file in 'inst/doc':
     ‘Rnews.sty’
Flavors: r-devel-linux-x86_64-fedora-clang, r-devel-linux-x86_64-fedora-gcc