CRAN Package Check Results for Package gdata

Last updated on 2017-04-23 15:48:21.

Flavor Version Tinstall Tcheck Ttotal Status Flags
r-devel-linux-x86_64-debian-clang 2.17.0 1.52 51.26 52.78 WARN
r-devel-linux-x86_64-debian-gcc 2.17.0 1.60 50.97 52.56 WARN
r-devel-linux-x86_64-fedora-clang 2.17.0 103.92 WARN --no-stop-on-test-error
r-devel-linux-x86_64-fedora-gcc 2.17.0 103.29 WARN --no-stop-on-test-error
r-devel-windows-ix86+x86_64 2.17.0 7.00 112.00 119.00 WARN
r-patched-linux-x86_64 2.17.0 1.84 51.08 52.92 WARN
r-patched-solaris-sparc 2.17.0 396.30 WARN
r-patched-solaris-x86 2.17.0 83.70 WARN
r-release-linux-x86_64 2.17.0 1.56 51.87 53.43 WARN
r-release-windows-ix86+x86_64 2.17.0 7.00 112.00 119.00 WARN
r-release-osx-x86_64 2.17.0 WARN
r-oldrel-windows-ix86+x86_64 2.17.0 18.00 110.00 128.00 OK
r-oldrel-osx-x86_64 2.17.0 OK

Check Details

Version: 2.17.0
Check: files in ‘vignettes’
Result: WARN
    Files in the 'vignettes' directory newer than same file in 'inst/doc':
     ‘Rnews.sty’
Flavors: r-devel-linux-x86_64-debian-clang, r-devel-linux-x86_64-debian-gcc, r-devel-windows-ix86+x86_64, r-patched-linux-x86_64, r-patched-solaris-sparc, r-patched-solaris-x86, r-release-linux-x86_64, r-release-windows-ix86+x86_64, r-release-osx-x86_64

Version: 2.17.0
Flags: --no-stop-on-test-error
Check: files in ‘vignettes’
Result: WARN
    Files in the 'vignettes' directory newer than same file in 'inst/doc':
     ‘Rnews.sty’
Flavors: r-devel-linux-x86_64-fedora-clang, r-devel-linux-x86_64-fedora-gcc