Last updated on 2023-09-24 17:58:22 CEST.
Flavor | Version | Tinstall | Tcheck | Ttotal | Status | Flags |
---|---|---|---|---|---|---|
r-devel-linux-x86_64-debian-clang | 2.19.0 | 4.68 | 55.83 | 60.51 | OK | |
r-devel-linux-x86_64-debian-gcc | 2.19.0 | 4.53 | 43.20 | 47.73 | OK | |
r-devel-linux-x86_64-fedora-clang | 2.19.0 | 77.24 | NOTE | |||
r-devel-linux-x86_64-fedora-gcc | 2.19.0 | 87.64 | OK | |||
r-devel-windows-x86_64 | 2.19.0 | 11.00 | 95.00 | 106.00 | NOTE | |
r-patched-linux-x86_64 | 2.19.0 | 6.83 | 54.93 | 61.76 | OK | |
r-release-linux-x86_64 | 2.19.0 | 4.24 | 55.36 | 59.60 | OK | |
r-release-macos-arm64 | 2.19.0 | 49.00 | NOTE | |||
r-release-macos-x86_64 | 2.19.0 | 100.00 | NOTE | |||
r-release-windows-x86_64 | 2.19.0 | 7.00 | 97.00 | 104.00 | NOTE | |
r-oldrel-macos-arm64 | 2.19.0 | 33.00 | NOTE | |||
r-oldrel-macos-x86_64 | 2.19.0 | 42.00 | NOTE | |||
r-oldrel-windows-x86_64 | 2.19.0 | 10.00 | 99.00 | 109.00 | NOTE |
Version: 2.19.0
Check: installed package size
Result: NOTE
installed size is 5.4Mb
sub-directories of 1Mb or more:
perl 4.1Mb
Flavors: r-devel-linux-x86_64-fedora-clang, r-devel-windows-x86_64, r-release-macos-arm64, r-release-macos-x86_64, r-release-windows-x86_64, r-oldrel-macos-arm64, r-oldrel-macos-x86_64, r-oldrel-windows-x86_64
Version: 2.19.0
Check: Rd cross-references
Result: NOTE
Undeclared package ‘reshape2’ in Rd xrefs
Flavor: r-devel-linux-x86_64-fedora-clang