CRAN Package Check Results for Package gdata

Last updated on 2017-03-23 06:48:02.

Flavor Version Tinstall Tcheck Ttotal Status Flags
r-devel-linux-x86_64-debian-clang 2.17.0 1.76 52.16 53.92 WARN
r-devel-linux-x86_64-debian-gcc 2.17.0 1.71 51.60 53.31 WARN
r-devel-linux-x86_64-fedora-clang 2.17.0 105.83 WARN --no-stop-on-test-error
r-devel-linux-x86_64-fedora-gcc 2.17.0 104.71 WARN --no-stop-on-test-error
r-devel-macos-x86_64-clang 2.17.0 87.06 WARN --no-stop-on-test-error
r-devel-windows-ix86+x86_64 2.17.0 9.00 110.00 119.00 WARN
r-patched-linux-x86_64 2.17.0 1.48 47.41 48.89 OK
r-patched-solaris-sparc 2.17.0 396.30 WARN
r-patched-solaris-x86 2.17.0 85.70 WARN
r-release-linux-x86_64 2.17.0 1.58 47.68 49.26 OK
r-release-osx-x86_64-mavericks 2.17.0 OK
r-release-windows-ix86+x86_64 2.17.0 13.00 113.00 126.00 OK
r-oldrel-windows-ix86+x86_64 2.17.0 17.00 122.00 139.00 OK

Check Details

Version: 2.17.0
Check: files in ‘vignettes’
Result: WARN
    Files in the 'vignettes' directory newer than same file in 'inst/doc':
     ‘Rnews.sty’
Flavors: r-devel-linux-x86_64-debian-clang, r-devel-linux-x86_64-debian-gcc, r-devel-windows-ix86+x86_64, r-patched-solaris-sparc, r-patched-solaris-x86

Version: 2.17.0
Flags: --no-stop-on-test-error
Check: files in ‘vignettes’
Result: WARN
    Files in the 'vignettes' directory newer than same file in 'inst/doc':
     ‘Rnews.sty’
Flavors: r-devel-linux-x86_64-fedora-clang, r-devel-linux-x86_64-fedora-gcc, r-devel-macos-x86_64-clang