CRAN Package Check Results for Package gdata

Last updated on 2015-04-26 23:46:47.

Flavor Version Tinstall Tcheck Ttotal Status Flags
r-devel-linux-x86_64-debian-clang 2.13.3 1.41 30.15 31.56 WARN
r-devel-linux-x86_64-debian-gcc 2.13.3 1.25 30.06 31.32 WARN
r-devel-linux-x86_64-fedora-clang 2.13.3 61.78 WARN
r-devel-linux-x86_64-fedora-gcc 2.13.3 59.06 WARN
r-devel-osx-x86_64-clang 2.13.3 65.71 WARN
r-devel-windows-ix86+x86_64 2.13.3 6.00 69.00 75.00 WARN
r-patched-linux-x86_64 2.13.3 1.26 29.94 31.20 WARN
r-patched-solaris-sparc 2.13.3 279.10 WARN
r-patched-solaris-x86 2.13.3 67.70 WARN
r-release-linux-x86_64 2.13.3 1.28 30.08 31.36 WARN
r-release-osx-x86_64-mavericks 2.13.3 NOTE
r-release-osx-x86_64-snowleopard 2.13.3 NOTE
r-release-windows-ix86+x86_64 2.13.3 4.00 86.00 90.00 WARN
r-oldrel-windows-ix86+x86_64 2.13.3 7.00 66.00 73.00 OK

Check Details

Version: 2.13.3
Check: DESCRIPTION meta-information
Result: NOTE
    Malformed Description field: should contain one or more complete sentences.
Flavors: r-devel-linux-x86_64-debian-clang, r-devel-linux-x86_64-fedora-clang, r-devel-linux-x86_64-fedora-gcc, r-devel-osx-x86_64-clang, r-devel-windows-ix86+x86_64, r-patched-solaris-sparc, r-patched-solaris-x86, r-release-osx-x86_64-mavericks, r-release-osx-x86_64-snowleopard, r-release-windows-ix86+x86_64

Version: 2.13.3
Check: use of S3 registration
Result: WARN
    Registered S3 method from a standard package overwritten by 'gdata':
     method from
     print.object_size utils
Flavors: r-devel-linux-x86_64-debian-clang, r-devel-linux-x86_64-fedora-clang, r-devel-linux-x86_64-fedora-gcc, r-devel-osx-x86_64-clang, r-devel-windows-ix86+x86_64, r-patched-solaris-sparc, r-patched-solaris-x86, r-release-windows-ix86+x86_64

Version: 2.13.3
Check: S3 generic/method consistency
Result: NOTE
    Found the following apparent S3 methods exported but not registered:
     aggregate.table
    See section ‘Registering S3 methods’ in the ‘Writing R Extensions’
    manual.
Flavors: r-devel-linux-x86_64-debian-clang, r-devel-linux-x86_64-fedora-clang, r-devel-linux-x86_64-fedora-gcc, r-devel-osx-x86_64-clang, r-patched-solaris-sparc, r-patched-solaris-x86