CRAN Package Check Results for Package gdimap

Last updated on 2014-11-26 13:47:04.

Flavor Version Tinstall Tcheck Ttotal Status Flags
r-devel-linux-x86_64-debian-clang 0.1-8 2.02 29.90 31.92 OK
r-devel-linux-x86_64-debian-gcc 0.1-8 1.75 28.86 30.61 OK
r-devel-linux-x86_64-fedora-clang 0.1-8 65.07 OK
r-devel-linux-x86_64-fedora-gcc 0.1-8 58.79 OK
r-devel-osx-x86_64-clang 0.1-8 58.85 OK
r-devel-windows-ix86+x86_64 0.1-8 6.00 43.00 49.00 OK
r-patched-linux-x86_64 0.1-8 1.97 29.69 31.66 OK
r-patched-solaris-sparc 0.1-8 330.90 OK
r-patched-solaris-x86 0.1-8 84.70 OK
r-release-linux-ix86 0.1-8 2.35 37.97 40.32 OK
r-release-linux-x86_64 0.1-8 1.81 30.58 32.40 OK
r-release-osx-x86_64-mavericks 0.1-8 ERROR
r-release-osx-x86_64-snowleopard 0.1-8 OK
r-release-windows-ix86+x86_64 0.1-8 7.00 44.00 51.00 OK
r-oldrel-windows-ix86+x86_64 0.1-8 7.00 51.00 58.00 OK

Check Details

Version: 0.1-8
Check: package dependencies
Result: ERROR
    Package required but not available: ‘gsl’
    
    See the information on DESCRIPTION files in the chapter ‘Creating R
    packages’ of the ‘Writing R Extensions’ manual.
Flavor: r-release-osx-x86_64-mavericks