CRAN Package Check Results for Package gdimap

Last updated on 2014-08-23 02:49:55.

Flavor Version Tinstall Tcheck Ttotal Status Flags
r-devel-linux-x86_64-debian-clang 0.1-6 2.63 35.77 38.40 OK
r-devel-linux-x86_64-debian-gcc 0.1-6 2.61 35.36 37.97 OK
r-devel-linux-x86_64-fedora-clang 0.1-6 79.97 OK
r-devel-linux-x86_64-fedora-gcc 0.1-6 74.39 OK
r-devel-osx-x86_64-clang 0.1-6 66.77 OK
r-devel-windows-ix86+x86_64 0.1-6 9.00 52.00 61.00 OK
r-patched-linux-x86_64 0.1-6 2.62 36.08 38.70 OK
r-patched-solaris-sparc 0.1-6 458.30 OK
r-patched-solaris-x86 0.1-6 96.20 OK
r-release-linux-ix86 0.1-6 3.28 46.12 49.40 OK
r-release-linux-x86_64 0.1-6 2.59 36.59 39.18 OK
r-release-osx-x86_64-mavericks 0.1-6 ERROR
r-release-osx-x86_64-snowleopard 0.1-6 OK
r-release-windows-ix86+x86_64 0.1-6 8.00 57.00 65.00 OK
r-oldrel-windows-ix86+x86_64 0.1-6 9.00 58.00 67.00 OK

Check Details

Version: 0.1-6
Check: package dependencies
Result: ERROR
    Package required but not available: ‘gsl’
    
    See the information on DESCRIPTION files in the chapter ‘Creating R
    packages’ of the ‘Writing R Extensions’ manual.
Flavor: r-release-osx-x86_64-mavericks