CRAN Package Check Results for Package gdimap

Last updated on 2015-04-19 09:55:35.

Flavor Version Tinstall Tcheck Ttotal Status Flags
r-devel-linux-x86_64-debian-clang 0.1-9 1.77 28.68 30.45 OK
r-devel-linux-x86_64-debian-gcc 0.1-9 1.84 28.15 29.99 OK
r-devel-linux-x86_64-fedora-clang 0.1-9 58.69 OK
r-devel-linux-x86_64-fedora-gcc 0.1-9 54.81 OK
r-devel-osx-x86_64-clang 0.1-9 53.74 OK
r-devel-windows-ix86+x86_64 0.1-9 8.00 56.00 64.00 OK
r-patched-linux-x86_64 0.1-9 1.68 28.91 30.60 OK
r-patched-solaris-sparc 0.1-9 407.80 OK
r-patched-solaris-x86 0.1-9 77.00 OK
r-release-linux-x86_64 0.1-9 1.69 28.40 30.09 OK
r-release-osx-x86_64-mavericks 0.1-9 OK
r-release-osx-x86_64-snowleopard 0.1-9 ERROR
r-release-windows-ix86+x86_64 0.1-9 4.00 43.00 47.00 OK
r-oldrel-windows-ix86+x86_64 0.1-9 11.00 54.00 65.00 OK

Check Details

Version: 0.1-9
Check: package dependencies
Result: ERROR
    Package required but not available: ‘gridExtra’
    
    See section ‘The DESCRIPTION file’ in the ‘Writing R Extensions’
    manual.
Flavor: r-release-osx-x86_64-snowleopard