CRAN Package Check Results for Package gdimap

Last updated on 2014-04-19 15:49:42.

Flavor Version Tinstall Tcheck Ttotal Status Flags
r-devel-linux-x86_64-debian-clang 0.1-3 3.14 39.00 42.14 OK
r-devel-linux-x86_64-debian-gcc 0.1-3 3.09 38.62 41.71 OK
r-devel-linux-x86_64-fedora-clang 0.1-3 80.82 OK
r-devel-linux-x86_64-fedora-gcc 0.1-3 76.86 OK
r-devel-macosx-x86_64-clang 0.1-3 64.13 OK
r-devel-macosx-x86_64-gcc 0.1-3 ERROR
r-devel-windows-ix86+x86_64 0.1-3 7.00 55.00 62.00 OK
r-patched-linux-x86_64 0.1-3 2.71 37.99 40.70 OK
r-patched-solaris-sparc 0.1-3 443.20 OK
r-patched-solaris-x86 0.1-3 98.20 OK
r-release-linux-ix86 OK
r-release-linux-x86_64 0.1-3 2.72 38.24 40.96 OK
r-release-macosx-x86_64 0.1-3 OK
r-release-windows-ix86+x86_64 0.1-3 10.00 57.00 67.00 OK
r-oldrel-windows-ix86+x86_64 0.1-3 8.00 51.00 59.00 OK

Check Details

Version: 0.1-3
Check: package dependencies
Result: ERROR
    Package required but not available: ‘gridExtra’
    
    See the information on DESCRIPTION files in the chapter ‘Creating R
    packages’ of the ‘Writing R Extensions’ manual.
Flavor: r-devel-macosx-x86_64-gcc