CRAN Package Check Results for Package gdimap

Last updated on 2016-02-13 17:51:29.

Flavor Version Tinstall Tcheck Ttotal Status Flags
r-devel-linux-x86_64-debian-gcc 0.1-9 2.08 32.01 34.09 NOTE
r-devel-linux-x86_64-fedora-clang 0.1-9 59.72 NOTE
r-devel-linux-x86_64-fedora-gcc 0.1-9 57.04 NOTE
r-devel-osx-x86_64-clang 0.1-9 67.84 NOTE
r-devel-windows-ix86+x86_64 0.1-9 10.00 48.00 58.00 NOTE
r-patched-linux-x86_64 0.1-9 2.17 33.73 35.90 OK
r-patched-solaris-sparc 0.1-9 392.40 OK
r-patched-solaris-x86 0.1-9 81.00 OK
r-release-linux-x86_64 0.1-9 2.18 32.16 34.34 OK
r-release-osx-x86_64-mavericks 0.1-9 OK
r-release-windows-ix86+x86_64 0.1-9 10.00 54.00 64.00 OK
r-oldrel-windows-ix86+x86_64 0.1-9 16.00 103.00 119.00 OK

Check Details

Version: 0.1-9
Check: R code for possible problems
Result: NOTE
    cflush: no visible global function definition for ‘flush.console’
    dec: no visible global function definition for ‘rgb’
    estimate.vmf.lines: no visible global function definition for ‘logLik’
    estimate.vmf.lines: no visible global function definition for ‘rgb’
    gdi.vmf: no visible global function definition for ‘logLik’
    gqi.odfpeaklines: no visible global function definition for ‘rgb’
    gqi.odfvmf: no visible global function definition for ‘logLik’
    gqi.odfvmflines: no visible global function definition for ‘logLik’
    gqi.odfvmflines: no visible global function definition for ‘rgb’
    gqi.odfvxgrid: no visible global function definition for ‘rgb’
    plotglyph: no visible global function definition for ‘rgb’
    plotodfvmf: no visible global function definition for ‘logLik’
    plotodfvmf: no visible global function definition for ‘rgb’
    plotodfvxgrid: no visible global function definition for ‘rgb’
    premask: no visible global function definition for ‘sd’
    readtable: no visible global function definition for ‘read.table’
    rgbvolmap: no visible global function definition for ‘as.raster’
    rgbvolmap: no visible global function definition for ‘dev.new’
    rgbvolmap: no visible global function definition for ‘dev.off’
    s2tessel.zorder: no visible global function definition for
     ‘write.table’
    simul.fandtasiaSignal: no visible global function definition for
     ‘rnorm’
    sph.odfpeaklines: no visible global function definition for ‘rgb’
    sph.odfvmf: no visible global function definition for ‘logLik’
    sph.odfvmflines: no visible global function definition for ‘logLik’
    sph.odfvmflines: no visible global function definition for ‘rgb’
    sph.odfvxgrid: no visible global function definition for ‘rgb’
    synthfiberss2z: no visible global function definition for ‘rnorm’
    Undefined global functions or variables:
     as.raster dev.new dev.off flush.console logLik read.table rgb rnorm
     sd write.table
    Consider adding
     importFrom("grDevices", "as.raster", "dev.new", "dev.off", "rgb")
     importFrom("stats", "logLik", "rnorm", "sd")
     importFrom("utils", "flush.console", "read.table", "write.table")
    to your NAMESPACE file.
Flavors: r-devel-linux-x86_64-debian-gcc, r-devel-linux-x86_64-fedora-clang, r-devel-linux-x86_64-fedora-gcc, r-devel-osx-x86_64-clang

Version: 0.1-9
Check: R code for possible problems
Result: NOTE
    cflush: no visible global function definition for 'flush.console'
    dec: no visible global function definition for 'rgb'
    estimate.vmf.lines: no visible global function definition for 'logLik'
    estimate.vmf.lines: no visible global function definition for 'rgb'
    gdi.vmf: no visible global function definition for 'logLik'
    gqi.odfpeaklines: no visible global function definition for 'rgb'
    gqi.odfvmf: no visible global function definition for 'logLik'
    gqi.odfvmflines: no visible global function definition for 'logLik'
    gqi.odfvmflines: no visible global function definition for 'rgb'
    gqi.odfvxgrid: no visible global function definition for 'rgb'
    plotglyph: no visible global function definition for 'rgb'
    plotodfvmf: no visible global function definition for 'logLik'
    plotodfvmf: no visible global function definition for 'rgb'
    plotodfvxgrid: no visible global function definition for 'rgb'
    premask: no visible global function definition for 'sd'
    readtable: no visible global function definition for 'read.table'
    rgbvolmap: no visible global function definition for 'as.raster'
    rgbvolmap: no visible global function definition for 'dev.new'
    rgbvolmap: no visible global function definition for 'savePlot'
    rgbvolmap: no visible global function definition for 'dev.off'
    s2tessel.zorder: no visible global function definition for
     'write.table'
    simul.fandtasiaSignal: no visible global function definition for
     'rnorm'
    sph.odfpeaklines: no visible global function definition for 'rgb'
    sph.odfvmf: no visible global function definition for 'logLik'
    sph.odfvmflines: no visible global function definition for 'logLik'
    sph.odfvmflines: no visible global function definition for 'rgb'
    sph.odfvxgrid: no visible global function definition for 'rgb'
    synthfiberss2z: no visible global function definition for 'rnorm'
    Undefined global functions or variables:
     as.raster dev.new dev.off flush.console logLik read.table rgb rnorm
     savePlot sd write.table
    Consider adding
     importFrom("grDevices", "as.raster", "dev.new", "dev.off", "rgb",
     "savePlot")
     importFrom("stats", "logLik", "rnorm", "sd")
     importFrom("utils", "flush.console", "read.table", "write.table")
    to your NAMESPACE file.
Flavor: r-devel-windows-ix86+x86_64