CRAN Package Check Results for Package gdimap

Last updated on 2014-12-19 15:48:26.

Flavor Version Tinstall Tcheck Ttotal Status Flags
r-devel-linux-x86_64-debian-clang 0.1-8 1.78 29.93 31.71 OK
r-devel-linux-x86_64-debian-gcc 0.1-8 1.81 28.90 30.72 OK
r-devel-linux-x86_64-fedora-clang 0.1-8 64.07 OK
r-devel-linux-x86_64-fedora-gcc 0.1-8 56.98 OK
r-devel-osx-x86_64-clang 0.1-8 61.44 OK
r-devel-windows-ix86+x86_64 0.1-8 7.00 45.00 52.00 OK
r-patched-linux-x86_64 0.1-8 1.91 30.28 32.19 OK
r-patched-solaris-sparc 0.1-8 330.90 OK
r-patched-solaris-x86 0.1-8 84.50 OK
r-release-linux-ix86 0.1-8 2.34 37.88 40.23 OK
r-release-linux-x86_64 0.1-8 1.82 30.45 32.27 OK
r-release-osx-x86_64-mavericks 0.1-8 ERROR
r-release-osx-x86_64-snowleopard 0.1-8 OK
r-release-windows-ix86+x86_64 0.1-8 6.00 50.00 56.00 OK
r-oldrel-windows-ix86+x86_64 0.1-8 8.00 49.00 57.00 OK

Check Details

Version: 0.1-8
Check: package dependencies
Result: ERROR
    Package required but not available: ‘gsl’
    
    See the information on DESCRIPTION files in the chapter ‘Creating R
    packages’ of the ‘Writing R Extensions’ manual.
Flavor: r-release-osx-x86_64-mavericks