CRAN Package Check Results for Package gdimap

Last updated on 2014-09-24 03:48:55.

Flavor Version Tinstall Tcheck Ttotal Status Flags
r-devel-linux-x86_64-debian-clang 0.1-6 2.52 36.06 38.58 OK
r-devel-linux-x86_64-debian-gcc 0.1-6 2.67 34.62 37.29 OK
r-devel-linux-x86_64-fedora-clang 0.1-6 77.22 OK
r-devel-linux-x86_64-fedora-gcc 0.1-6 72.46 OK
r-devel-osx-x86_64-clang 0.1-6 67.08 OK
r-devel-windows-ix86+x86_64 0.1-6 7.00 51.00 58.00 OK
r-patched-linux-x86_64 0.1-6 2.62 37.40 40.02 OK
r-patched-solaris-sparc 0.1-6 458.30 OK
r-patched-solaris-x86 0.1-6 101.60 OK
r-release-linux-ix86 0.1-6 3.33 46.48 49.80 OK
r-release-linux-x86_64 0.1-6 2.59 37.18 39.77 OK
r-release-osx-x86_64-mavericks 0.1-6 ERROR
r-release-osx-x86_64-snowleopard 0.1-6 OK
r-release-windows-ix86+x86_64 0.1-6 8.00 57.00 65.00 OK
r-oldrel-windows-ix86+x86_64 0.1-6 9.00 55.00 64.00 OK

Check Details

Version: 0.1-6
Check: package dependencies
Result: ERROR
    Package required but not available: ‘gsl’
    
    See the information on DESCRIPTION files in the chapter ‘Creating R
    packages’ of the ‘Writing R Extensions’ manual.
Flavor: r-release-osx-x86_64-mavericks