CRAN Package Check Results for Package gdimap

Last updated on 2015-07-03 23:47:34.

Flavor Version Tinstall Tcheck Ttotal Status Flags
r-devel-linux-x86_64-debian-clang 0.1-9 2.10 31.28 33.39 NOTE
r-devel-linux-x86_64-debian-gcc 0.1-9 1.98 30.05 32.03 NOTE
r-devel-linux-x86_64-fedora-clang 0.1-9 64.16 NOTE
r-devel-linux-x86_64-fedora-gcc 0.1-9 60.04 NOTE
r-devel-osx-x86_64-clang 0.1-9 60.93 OK
r-devel-windows-ix86+x86_64 0.1-9 8.00 47.00 55.00 NOTE
r-patched-linux-x86_64 0.1-9 1.96 32.36 34.32 OK
r-patched-solaris-sparc 0.1-9 398.00 OK
r-patched-solaris-x86 0.1-9 86.30 OK
r-release-linux-x86_64 0.1-9 2.00 31.51 33.51 OK
r-release-osx-x86_64-mavericks 0.1-9 OK
r-release-windows-ix86+x86_64 0.1-9 8.00 46.00 54.00 OK
r-oldrel-windows-ix86+x86_64 0.1-9 9.00 62.00 71.00 OK

Check Details

Version: 0.1-9
Check: R code for possible problems
Result: NOTE
    cflush: no visible global function definition for ‘flush.console’
    dec: no visible global function definition for ‘rgb’
    estimate.vmf.lines: no visible global function definition for ‘logLik’
    estimate.vmf.lines: no visible global function definition for ‘rgb’
    gdi.vmf: no visible global function definition for ‘logLik’
    gqi.odfpeaklines: no visible global function definition for ‘rgb’
    gqi.odfvmf: no visible global function definition for ‘logLik’
    gqi.odfvmflines: no visible global function definition for ‘logLik’
    gqi.odfvmflines: no visible global function definition for ‘rgb’
    gqi.odfvxgrid: no visible global function definition for ‘rgb’
    plotglyph: no visible global function definition for ‘rgb’
    plotodfvmf: no visible global function definition for ‘logLik’
    plotodfvmf: no visible global function definition for ‘rgb’
    plotodfvxgrid: no visible global function definition for ‘rgb’
    premask: no visible global function definition for ‘sd’
    readtable: no visible global function definition for ‘read.table’
    rgbvolmap: no visible global function definition for ‘as.raster’
    rgbvolmap: no visible global function definition for ‘dev.new’
    rgbvolmap: no visible global function definition for ‘dev.off’
    s2tessel.zorder: no visible global function definition for
     ‘write.table’
    simul.fandtasiaSignal: no visible global function definition for
     ‘rnorm’
    sph.odfpeaklines: no visible global function definition for ‘rgb’
    sph.odfvmf: no visible global function definition for ‘logLik’
    sph.odfvmflines: no visible global function definition for ‘logLik’
    sph.odfvmflines: no visible global function definition for ‘rgb’
    sph.odfvxgrid: no visible global function definition for ‘rgb’
    synthfiberss2z: no visible global function definition for ‘rnorm’
    Undefined global functions or variables:
     as.raster dev.new dev.off flush.console logLik read.table rgb rnorm
     sd write.table
Flavors: r-devel-linux-x86_64-debian-clang, r-devel-linux-x86_64-debian-gcc, r-devel-linux-x86_64-fedora-clang, r-devel-linux-x86_64-fedora-gcc

Version: 0.1-9
Check: R code for possible problems
Result: NOTE
    cflush: no visible global function definition for 'flush.console'
    dec: no visible global function definition for 'rgb'
    estimate.vmf.lines: no visible global function definition for 'logLik'
    estimate.vmf.lines: no visible global function definition for 'rgb'
    gdi.vmf: no visible global function definition for 'logLik'
    gqi.odfpeaklines: no visible global function definition for 'rgb'
    gqi.odfvmf: no visible global function definition for 'logLik'
    gqi.odfvmflines: no visible global function definition for 'logLik'
    gqi.odfvmflines: no visible global function definition for 'rgb'
    gqi.odfvxgrid: no visible global function definition for 'rgb'
    plotglyph: no visible global function definition for 'rgb'
    plotodfvmf: no visible global function definition for 'logLik'
    plotodfvmf: no visible global function definition for 'rgb'
    plotodfvxgrid: no visible global function definition for 'rgb'
    premask: no visible global function definition for 'sd'
    readtable: no visible global function definition for 'read.table'
    rgbvolmap: no visible global function definition for 'as.raster'
    rgbvolmap: no visible global function definition for 'dev.new'
    rgbvolmap: no visible global function definition for 'savePlot'
    rgbvolmap: no visible global function definition for 'dev.off'
    s2tessel.zorder: no visible global function definition for
     'write.table'
    simul.fandtasiaSignal: no visible global function definition for
     'rnorm'
    sph.odfpeaklines: no visible global function definition for 'rgb'
    sph.odfvmf: no visible global function definition for 'logLik'
    sph.odfvmflines: no visible global function definition for 'logLik'
    sph.odfvmflines: no visible global function definition for 'rgb'
    sph.odfvxgrid: no visible global function definition for 'rgb'
    synthfiberss2z: no visible global function definition for 'rnorm'
    Undefined global functions or variables:
     as.raster dev.new dev.off flush.console logLik read.table rgb rnorm
     savePlot sd write.table
Flavor: r-devel-windows-ix86+x86_64