CRAN Package Check Results for Package gdimap

Last updated on 2015-05-22 21:46:30.

Flavor Version Tinstall Tcheck Ttotal Status Flags
r-devel-linux-x86_64-debian-clang 0.1-9 2.62 31.97 34.60 OK
r-devel-linux-x86_64-debian-gcc 0.1-9 2.16 30.77 32.93 OK
r-devel-linux-x86_64-fedora-clang 0.1-9 65.68 OK
r-devel-linux-x86_64-fedora-gcc 0.1-9 62.88 OK
r-devel-osx-x86_64-clang 0.1-9 64.17 OK
r-devel-windows-ix86+x86_64 0.1-9 10.00 47.00 57.00 OK
r-patched-linux-x86_64 0.1-9 2.03 31.58 33.60 OK
r-patched-solaris-sparc 0.1-9 398.00 OK
r-patched-solaris-x86 0.1-9 86.10 OK
r-release-linux-x86_64 0.1-9 2.12 31.35 33.47 OK
r-release-osx-x86_64-mavericks 0.1-9 OK
r-release-osx-x86_64-snowleopard 0.1-9 ERROR
r-release-windows-ix86+x86_64 0.1-9 7.00 46.00 53.00 OK
r-oldrel-windows-ix86+x86_64 0.1-9 9.00 60.00 69.00 OK

Check Details

Version: 0.1-9
Check: package dependencies
Result: ERROR
    Package required but not available: ‘gridExtra’
    
    See section ‘The DESCRIPTION file’ in the ‘Writing R Extensions’
    manual.
Flavor: r-release-osx-x86_64-snowleopard