CRAN Package Check Results for Package gdimap

Last updated on 2014-10-01 07:47:38.

Flavor Version Tinstall Tcheck Ttotal Status Flags
r-devel-linux-x86_64-debian-clang 0.1-6 2.61 35.19 37.80 OK
r-devel-linux-x86_64-debian-gcc 0.1-6 2.49 34.98 37.47 OK
r-devel-linux-x86_64-fedora-clang 0.1-6 79.97 OK
r-devel-linux-x86_64-fedora-gcc 0.1-6 72.47 OK
r-devel-osx-x86_64-clang 0.1-6 64.73 OK
r-devel-windows-ix86+x86_64 0.1-6 9.00 48.00 57.00 OK
r-patched-linux-x86_64 0.1-6 2.69 37.51 40.20 OK
r-patched-solaris-sparc 0.1-6 458.30 OK
r-patched-solaris-x86 0.1-6 104.30 OK
r-release-linux-ix86 0.1-6 3.36 46.85 50.21 OK
r-release-linux-x86_64 0.1-6 2.63 36.96 39.58 OK
r-release-osx-x86_64-mavericks 0.1-6 ERROR
r-release-osx-x86_64-snowleopard 0.1-6 OK
r-release-windows-ix86+x86_64 0.1-6 8.00 58.00 66.00 OK
r-oldrel-windows-ix86+x86_64 0.1-6 8.00 53.00 61.00 OK

Check Details

Version: 0.1-6
Check: package dependencies
Result: ERROR
    Package required but not available: ‘gsl’
    
    See the information on DESCRIPTION files in the chapter ‘Creating R
    packages’ of the ‘Writing R Extensions’ manual.
Flavor: r-release-osx-x86_64-mavericks