CRAN Package Check Results for Package gdimap

Last updated on 2014-07-22 23:48:19.

Flavor Version Tinstall Tcheck Ttotal Status Flags
r-devel-linux-x86_64-debian-clang 0.1-6 2.65 36.25 38.90 OK
r-devel-linux-x86_64-debian-gcc 0.1-6 2.55 37.94 40.50 OK
r-devel-linux-x86_64-fedora-clang 0.1-6 53.68 OK
r-devel-linux-x86_64-fedora-gcc 0.1-6 80.30 OK
r-devel-osx-x86_64-clang 0.1-6 67.12 OK
r-devel-windows-ix86+x86_64 0.1-6 7.00 56.00 63.00 OK
r-patched-linux-x86_64 0.1-6 2.54 35.54 38.07 OK
r-patched-solaris-sparc 0.1-6 420.30 OK
r-patched-solaris-x86 0.1-6 101.90 OK
r-release-linux-ix86 0.1-6 3.36 46.08 49.43 OK
r-release-linux-x86_64 0.1-6 2.57 36.09 38.66 OK
r-release-osx-x86_64-mavericks 0.1-6 ERROR
r-release-osx-x86_64-snowleopard 0.1-6 OK
r-release-windows-ix86+x86_64 0.1-6 8.00 54.00 62.00 OK
r-oldrel-windows-ix86+x86_64 0.1-6 8.00 57.00 65.00 OK

Check Details

Version: 0.1-6
Check: package dependencies
Result: ERROR
    Package required but not available: ‘gsl’
    
    See the information on DESCRIPTION files in the chapter ‘Creating R
    packages’ of the ‘Writing R Extensions’ manual.
Flavor: r-release-osx-x86_64-mavericks