CRAN Package Check Results for Package gdistance

Last updated on 2015-05-28 23:47:26.

Flavor Version Tinstall Tcheck Ttotal Status Flags
r-devel-linux-x86_64-debian-clang 1.1-7 6.06 81.16 87.22 OK
r-devel-linux-x86_64-debian-gcc 1.1-7 5.80 76.86 82.67 OK
r-devel-linux-x86_64-fedora-clang 1.1-7 186.10 OK
r-devel-linux-x86_64-fedora-gcc 1.1-7 169.30 OK
r-devel-osx-x86_64-clang 1.1-7 148.09 OK
r-devel-windows-ix86+x86_64 1.1-7 16.00 124.00 140.00 OK
r-patched-linux-x86_64 1.1-7 5.60 78.21 83.81 OK
r-patched-solaris-sparc 1.1-7 1035.30 OK
r-patched-solaris-x86 1.1-7 241.40 OK
r-release-linux-x86_64 1.1-7 5.86 81.00 86.86 OK
r-release-osx-x86_64-mavericks 1.1-7 OK
r-release-osx-x86_64-snowleopard 1.1-7 ERROR
r-release-windows-ix86+x86_64 1.1-7 14.00 108.00 122.00 OK
r-oldrel-windows-ix86+x86_64 1.1-7 21.00 126.00 147.00 OK

Check Details

Version: 1.1-7
Check: package dependencies
Result: ERROR
    Packages required but not available: ‘raster’ ‘igraph’
    
    See section ‘The DESCRIPTION file’ in the ‘Writing R Extensions’
    manual.
Flavor: r-release-osx-x86_64-snowleopard