CRAN Package Check Results for Package gdistance

Last updated on 2014-07-31 11:51:09.

Flavor Version Tinstall Tcheck Ttotal Status Flags
r-devel-linux-x86_64-debian-clang 1.1-5 7.82 97.52 105.34 OK
r-devel-linux-x86_64-debian-gcc 1.1-5 7.48 94.93 102.42 OK
r-devel-linux-x86_64-fedora-clang 1.1-5 268.61 NOTE
r-devel-linux-x86_64-fedora-gcc 1.1-5 249.98 NOTE
r-devel-osx-x86_64-clang 1.1-5 196.37 OK
r-devel-windows-ix86+x86_64 1.1-5 18.00 127.00 145.00 OK
r-patched-linux-x86_64 1.1-5 7.52 98.64 106.17 OK
r-patched-solaris-sparc 1.1-5 1384.10 OK
r-patched-solaris-x86 1.1-5 326.50 OK
r-release-linux-ix86 1.1-5 9.34 115.71 125.05 OK
r-release-linux-x86_64 1.1-5 7.61 99.40 107.00 OK
r-release-osx-x86_64-mavericks 1.1-5 OK
r-release-osx-x86_64-snowleopard 1.1-5 OK
r-release-windows-ix86+x86_64 1.1-5 25.00 185.00 210.00 OK
r-oldrel-windows-ix86+x86_64 1.1-5 24.00 174.00 198.00 OK

Check Details

Version: 1.1-5
Check: Rd line widths
Result: NOTE
    Rd file 'Transition-class.Rd':
     \examples lines wider than 100 characters:
     tr <- new("TransitionLayer",nrows=as.integer(36),ncols=as.integer(18),extent=extent(c(xmin=-180,xmax=180,
     tr <- new("TransitionLayer",nrows=as.integer(36),ncols=as.integer(18),extent=extent(c(xmin=-180,xmax=180,
    
    These lines will be truncated in the PDF manual.
Flavors: r-devel-linux-x86_64-fedora-clang, r-devel-linux-x86_64-fedora-gcc