CRAN Package Check Results for Package gdistance

Last updated on 2015-08-03 19:49:06.

Flavor Version Tinstall Tcheck Ttotal Status Flags
r-devel-linux-x86_64-debian-clang 1.1-7 5.98 84.10 90.09 NOTE
r-devel-linux-x86_64-debian-gcc 1.1-7 5.79 79.13 84.92 NOTE
r-devel-linux-x86_64-fedora-clang 1.1-7 184.45 NOTE
r-devel-linux-x86_64-fedora-gcc 1.1-7 172.28 NOTE
r-devel-osx-x86_64-clang 1.1-7 147.28 OK
r-devel-windows-ix86+x86_64 1.1-7 15.00 144.00 159.00 NOTE
r-patched-linux-x86_64 1.1-7 5.88 80.00 85.89 OK
r-patched-solaris-sparc 1.1-7 1105.60 OK
r-patched-solaris-x86 1.1-7 242.40 OK
r-release-linux-x86_64 1.1-7 6.00 81.00 87.00 OK
r-release-osx-x86_64-mavericks 1.1-7 OK
r-release-windows-ix86+x86_64 1.1-7 22.00 127.00 149.00 OK
r-oldrel-windows-ix86+x86_64 1.1-7 25.00 184.00 209.00 OK

Check Details

Version: 1.1-7
Check: R code for possible problems
Result: NOTE
    .cd2: no visible global function definition for ‘as.dist’
    .finishFlow: no visible global function definition for ‘as.dist’
    .finishFlowFromTo: no visible global function definition for ‘as.dist’
    .rD: no visible global function definition for ‘as.dist’
    transition,RasterBrick: no visible global function definition for
     ‘na.omit’
    transition,RasterBrick: no visible global function definition for ‘cov’
    Undefined global functions or variables:
     as.dist cov na.omit
    Consider adding
     importFrom("stats", "as.dist", "cov", "na.omit")
    to your NAMESPACE.
Flavors: r-devel-linux-x86_64-debian-clang, r-devel-linux-x86_64-debian-gcc, r-devel-linux-x86_64-fedora-clang, r-devel-linux-x86_64-fedora-gcc, r-devel-windows-ix86+x86_64