CRAN Package Check Results for Package gdistance

Last updated on 2014-10-23 05:46:41.

Flavor Version Tinstall Tcheck Ttotal Status Flags
r-devel-linux-x86_64-debian-clang 1.1-5 7.57 93.91 101.48 NOTE
r-devel-linux-x86_64-debian-gcc 1.1-5 7.20 90.73 97.93 NOTE
r-devel-linux-x86_64-fedora-clang 1.1-5 253.79 NOTE
r-devel-linux-x86_64-fedora-gcc 1.1-5 243.04 NOTE
r-devel-osx-x86_64-clang 1.1-5 200.95 NOTE
r-devel-windows-ix86+x86_64 1.1-5 17.00 124.00 141.00 NOTE
r-patched-linux-x86_64 1.1-5 7.68 100.54 108.22 NOTE
r-patched-solaris-sparc 1.1-5 1368.80 NOTE
r-patched-solaris-x86 1.1-5 323.00 NOTE
r-release-linux-ix86 1.1-5 9.21 118.22 127.43 OK
r-release-linux-x86_64 1.1-5 7.52 99.59 107.11 NOTE
r-release-osx-x86_64-mavericks 1.1-5 OK
r-release-osx-x86_64-snowleopard 1.1-5 OK
r-release-windows-ix86+x86_64 1.1-5 18.00 135.00 153.00 OK
r-oldrel-windows-ix86+x86_64 1.1-5 17.00 126.00 143.00 OK

Check Details

Version: 1.1-5
Check: R code for possible problems
Result: NOTE
    .TfromR: no visible global function definition for ‘extent’
    .TfromR: no visible global function definition for ‘projection’
    .TfromR: no visible global function definition for ‘ncell’
    .TfromR: no visible global function definition for ‘getValues’
    .TfromR: no visible global function definition for ‘adjacent’
    .areas: no visible global function definition for ‘extent’
    .areas: no visible global function definition for ‘projection’
    .areas: no visible global function definition for ‘ncell’
    .barriers: no visible global function definition for ‘extent’
    .barriers: no visible global function definition for ‘projection’
    .barriers: no visible global function definition for ‘ncell’
    .barriers: no visible global function definition for ‘getValues’
    .barriers: no visible global function definition for ‘adjacent’
    .cd: no visible global function definition for ‘cellFromXY’
    .cd2: no visible global function definition for ‘cellFromXY’
    .connected.components: no visible global function definition for
     ‘ncell’
    .coordsToMatrix: no visible global function definition for
     ‘coordinates’
    .finishFlow: no visible global function definition for ‘blockSize’
    .finishFlow: no visible global function definition for ‘getValues’
    .finishFlowFromTo: no visible global function definition for
     ‘blockSize’
    .finishFlowFromTo: no visible global function definition for
     ‘getValues’
    .flowMap: no visible global function definition for ‘ncell’
    .flowMap: no visible global function definition for ‘setValues’
    .prepareIndex: no visible global function definition for ‘cellFromXY’
    .probPass: no visible global function definition for ‘ncell’
    .probPass: no visible global function definition for ‘setValues’
    .rD: no visible global function definition for ‘cellFromXY’
    .randomSP: no visible global function definition for
     ‘canProcessInMemory’
    .randomSP: no visible global function definition for ‘rasterTmpFile’
    .randomSP: no visible global function definition for ‘writeStart’
    .randomSP: no visible global function definition for ‘writeValues’
    .randomSP: no visible global function definition for ‘writeStop’
    .randomWalk: no visible global function definition for
     ‘canProcessInMemory’
    .randomWalk: no visible global function definition for ‘rasterTmpFile’
    .randomWalk: no visible global function definition for ‘writeStart’
    .randomWalk: no visible global function definition for ‘writeValues’
    .randomWalk: no visible global function definition for ‘writeStop’
    .shortestPath: no visible global function definition for ‘cellFromXY’
    .shortestPath: no visible global function definition for ‘ncell’
    .shortestPath: no visible global function definition for ‘xyFromCell’
    .shortestPath: no visible global function definition for ‘Line’
    .shortestPath: no visible global function definition for ‘Lines’
    .shortestPath: no visible global function definition for ‘SpatialLines’
    .shortestPath: no visible global function definition for ‘CRS’
    .shortestPath: no visible global function definition for ‘projection’
    .tr: no visible global function definition for ‘ncell’
    rSPDistance: no visible global function definition for ‘cellFromXY’
    Arith,TransitionLayer-TransitionLayer: no visible global function
     definition for ‘ncell’
    Arith,TransitionLayer-TransitionStack: no visible global function
     definition for ‘ncell’
    Arith,TransitionStack-ANY: no visible global function definition for
     ‘ncell’
    Math,TransitionStack: no visible global function definition for ‘ncell’
    accCost,TransitionLayer-Coords: no visible global function definition
     for ‘cellFromXY’
    accCost,TransitionLayer-Coords: no visible global function definition
     for ‘setValues’
    coerce,RasterLayer-TransitionLayer: no visible global function
     definition for ‘extent’
    coerce,RasterLayer-TransitionLayer: no visible global function
     definition for ‘projection’
    coerce,TransitionLayer-RasterLayer: no visible global function
     definition for ‘xmin’
    coerce,TransitionLayer-RasterLayer: no visible global function
     definition for ‘xmax’
    coerce,TransitionLayer-RasterLayer: no visible global function
     definition for ‘ymin’
    coerce,TransitionLayer-RasterLayer: no visible global function
     definition for ‘ymax’
    coerce,TransitionLayer-RasterLayer: no visible global function
     definition for ‘projection’
    coerce,TransitionLayer-TransitionStack: no visible global function
     definition for ‘extent’
    coerce,TransitionLayer-TransitionStack: no visible global function
     definition for ‘xmin’
    coerce,TransitionLayer-TransitionStack: no visible global function
     definition for ‘xmax’
    coerce,TransitionLayer-TransitionStack: no visible global function
     definition for ‘ymin’
    coerce,TransitionLayer-TransitionStack: no visible global function
     definition for ‘ymax’
    coerce,TransitionLayer-TransitionStack: no visible global function
     definition for ‘projection’
    transitionMatrix,TransitionLayer-logical: no visible global function
     definition for ‘ncell’
    transitionMatrix<-,TransitionLayer-sparseMatrix: no visible global
     function definition for ‘ncell’
Flavors: r-devel-linux-x86_64-debian-clang, r-devel-linux-x86_64-debian-gcc, r-devel-linux-x86_64-fedora-clang, r-devel-linux-x86_64-fedora-gcc, r-devel-osx-x86_64-clang, r-devel-windows-ix86+x86_64, r-patched-linux-x86_64, r-patched-solaris-sparc, r-patched-solaris-x86

Version: 1.1-5
Check: Rd line widths
Result: NOTE
    Rd file 'Transition-class.Rd':
     \examples lines wider than 100 characters:
     tr <- new("TransitionLayer",nrows=as.integer(36),ncols=as.integer(18),extent=extent(c(xmin=-180,xmax=180,
     tr <- new("TransitionLayer",nrows=as.integer(36),ncols=as.integer(18),extent=extent(c(xmin=-180,xmax=180,
    
    These lines will be truncated in the PDF manual.
Flavors: r-devel-linux-x86_64-debian-clang, r-devel-linux-x86_64-debian-gcc, r-devel-linux-x86_64-fedora-clang, r-devel-linux-x86_64-fedora-gcc, r-patched-linux-x86_64, r-release-linux-x86_64