CRAN Package Check Results for Package gdistance

Last updated on 2018-04-25 08:51:02 CEST.

Flavor Version Tinstall Tcheck Ttotal Status Flags
r-devel-linux-x86_64-debian-clang 1.2-1 12.99 117.73 130.72 WARN
r-devel-linux-x86_64-debian-gcc 1.2-1 12.91 93.17 106.08 WARN
r-devel-linux-x86_64-fedora-clang 1.2-1 162.75 WARN
r-devel-linux-x86_64-fedora-gcc 1.2-1 159.56 WARN
r-devel-windows-ix86+x86_64 1.2-1 30.00 126.00 156.00 WARN
r-patched-linux-x86_64 1.2-1 14.18 116.76 130.94 WARN
r-patched-solaris-x86 1.2-1 250.90 WARN
r-release-linux-x86_64 1.2-1 14.41 115.34 129.75 WARN
r-release-windows-ix86+x86_64 1.2-1 30.00 126.00 156.00 WARN
r-release-osx-x86_64 1.2-1 OK
r-oldrel-windows-ix86+x86_64 1.2-1 16.00 190.00 206.00 WARN
r-oldrel-osx-x86_64 1.2-1 OK

Check Details

Version: 1.2-1
Check: examples
Result: WARN
    Found the following significant warnings:
    
     Warning: 'rBind' is deprecated.
     Warning: 'cBind' is deprecated.
    Deprecated functions may be defunct as soon as of the next release of
    R.
    See ?Deprecated.
Flavors: r-devel-linux-x86_64-debian-clang, r-devel-linux-x86_64-debian-gcc, r-devel-linux-x86_64-fedora-clang, r-devel-linux-x86_64-fedora-gcc, r-devel-windows-ix86+x86_64, r-patched-linux-x86_64, r-patched-solaris-x86, r-release-linux-x86_64, r-release-windows-ix86+x86_64, r-oldrel-windows-ix86+x86_64