CRAN Package Check Results for Package gdistance

Last updated on 2015-04-27 21:46:33.

Flavor Version Tinstall Tcheck Ttotal Status Flags
r-devel-linux-x86_64-debian-clang 1.1-7 5.74 81.41 87.16 OK
r-devel-linux-x86_64-debian-gcc 1.1-7 5.59 78.00 83.59 OK
r-devel-linux-x86_64-fedora-clang 1.1-7 176.34 OK
r-devel-linux-x86_64-fedora-gcc 1.1-7 165.16 OK
r-devel-osx-x86_64-clang 1.1-7 148.02 OK
r-devel-windows-ix86+x86_64 1.1-7 16.00 114.00 130.00 OK
r-patched-linux-x86_64 1.1-7 5.58 77.54 83.12 OK
r-patched-solaris-sparc 1.1-7 1019.10 OK
r-patched-solaris-x86 1.1-7 234.90 OK
r-release-linux-x86_64 1.1-7 5.55 78.60 84.14 OK
r-release-osx-x86_64-mavericks 1.1-7 OK
r-release-osx-x86_64-snowleopard 1.1-7 ERROR
r-release-windows-ix86+x86_64 1.1-7 19.00 150.00 169.00 OK
r-oldrel-windows-ix86+x86_64 1.1-7 16.00 141.00 157.00 OK

Check Details

Version: 1.1-7
Check: package dependencies
Result: ERROR
    Packages required but not available: ‘raster’ ‘igraph’
    
    See section ‘The DESCRIPTION file’ in the ‘Writing R Extensions’
    manual.
Flavor: r-release-osx-x86_64-snowleopard