CRAN Package Check Results for Package gdsfmt

Last updated on 2014-10-22 04:47:15.

Flavor Version Tinstall Tcheck Ttotal Status Flags
r-devel-linux-x86_64-debian-clang 1.1.0.1 42.33 27.35 69.68 NOTE
r-devel-linux-x86_64-debian-gcc 1.1.0.1 59.11 25.52 84.63 NOTE
r-devel-linux-x86_64-fedora-clang 1.1.0.1 147.71 NOTE
r-devel-linux-x86_64-fedora-gcc 1.1.0.1 156.50 NOTE
r-devel-osx-x86_64-clang 1.1.0.1 102.33 OK
r-devel-windows-ix86+x86_64 1.1.0.1 189.00 73.00 262.00 OK
r-patched-linux-x86_64 1.1.0.1 58.00 25.77 83.77 NOTE
r-patched-solaris-sparc 1.1.0.1 1399.20 NOTE
r-patched-solaris-x86 1.1.0.1 206.30 NOTE
r-release-linux-ix86 1.1.0.1 77.94 53.41 131.35 NOTE
r-release-linux-x86_64 1.1.0.1 57.93 26.16 84.09 NOTE
r-release-osx-x86_64-mavericks 1.1.0.1 NOTE
r-release-osx-x86_64-snowleopard 1.1.0.1 NOTE
r-release-windows-ix86+x86_64 1.1.0.1 140.00 72.00 212.00 OK
r-oldrel-windows-ix86+x86_64 1.1.0.1 148.00 87.00 235.00 OK

Check Details

Version: 1.1.0.1
Check: installed package size
Result: NOTE
     installed size is 13.0Mb
     sub-directories of 1Mb or more:
     libs 12.7Mb
Flavors: r-devel-linux-x86_64-debian-clang, r-devel-linux-x86_64-debian-gcc, r-devel-linux-x86_64-fedora-clang, r-devel-linux-x86_64-fedora-gcc, r-patched-linux-x86_64, r-patched-solaris-sparc, r-patched-solaris-x86, r-release-linux-ix86, r-release-linux-x86_64, r-release-osx-x86_64-mavericks, r-release-osx-x86_64-snowleopard