CRAN Package Check Results for Package gdsfmt

Last updated on 2015-03-06 14:46:56.

Flavor Version Tinstall Tcheck Ttotal Status Flags
r-release-osx-x86_64-mavericks 1.1.0.1 NOTE
r-release-osx-x86_64-snowleopard 1.1.0.1 NOTE

Check Details

Version: 1.1.0.1
Check: installed package size
Result: NOTE
     installed size is 11.6Mb
     sub-directories of 1Mb or more:
     libs 11.3Mb
Flavors: r-release-osx-x86_64-mavericks, r-release-osx-x86_64-snowleopard