CRAN Package Check Results for Package gdsfmt

Last updated on 2014-11-28 11:50:21.

Flavor Version Tinstall Tcheck Ttotal Status Flags
r-devel-linux-x86_64-debian-clang 1.1.0.1 41.86 23.77 65.64 NOTE
r-devel-linux-x86_64-debian-gcc 1.1.0.1 57.32 22.83 80.15 NOTE
r-devel-linux-x86_64-fedora-clang 1.1.0.1 147.42 NOTE
r-devel-linux-x86_64-fedora-gcc 1.1.0.1 163.66 NOTE
r-devel-osx-x86_64-clang 1.1.0.1 105.11 OK
r-devel-windows-ix86+x86_64 1.1.0.1 189.00 78.00 267.00 OK
r-patched-linux-x86_64 1.1.0.1 58.15 22.64 80.80 NOTE
r-patched-solaris-sparc 1.1.0.1 1399.20 NOTE
r-patched-solaris-x86 1.1.0.1 205.60 NOTE
r-release-linux-ix86 1.1.0.1 73.97 29.47 103.44 NOTE
r-release-linux-x86_64 1.1.0.1 60.06 23.23 83.29 NOTE
r-release-osx-x86_64-mavericks 1.1.0.1 NOTE
r-release-osx-x86_64-snowleopard 1.1.0.1 NOTE
r-release-windows-ix86+x86_64 1.1.0.1 188.00 99.00 287.00 OK
r-oldrel-windows-ix86+x86_64 1.1.0.1 148.00 87.00 235.00 OK

Check Details

Version: 1.1.0.1
Check: installed package size
Result: NOTE
     installed size is 13.0Mb
     sub-directories of 1Mb or more:
     libs 12.7Mb
Flavors: r-devel-linux-x86_64-debian-clang, r-devel-linux-x86_64-debian-gcc, r-devel-linux-x86_64-fedora-clang, r-devel-linux-x86_64-fedora-gcc, r-patched-linux-x86_64, r-patched-solaris-sparc, r-patched-solaris-x86, r-release-linux-ix86, r-release-linux-x86_64, r-release-osx-x86_64-mavericks, r-release-osx-x86_64-snowleopard