CRAN Package Check Results for Package gdsfmt

Last updated on 2014-04-17 10:47:49.

Flavor Version Tinstall Tcheck Ttotal Status Flags
r-devel-linux-x86_64-debian-clang 1.0.4 43.93 24.69 68.62 NOTE
r-devel-linux-x86_64-debian-gcc 1.0.4 71.67 25.07 96.74 NOTE
r-devel-linux-x86_64-fedora-clang 1.0.4 90.52 NOTE
r-devel-linux-x86_64-fedora-gcc 1.0.4 119.51 NOTE
r-devel-macosx-x86_64-clang 1.0.4 87.97 OK
r-devel-macosx-x86_64-gcc 1.0.3 NOTE
r-devel-windows-ix86+x86_64 1.0.4 145.00 80.00 225.00 NOTE
r-patched-linux-x86_64 1.0.4 71.48 25.02 96.50 NOTE
r-patched-solaris-sparc 1.0.4 519.60 ERROR
r-patched-solaris-x86 1.0.4 242.10 ERROR
r-release-linux-ix86 1.0.3 158.00 38.00 196.00 NOTE
r-release-linux-x86_64 1.0.4 71.61 24.89 96.50 NOTE
r-release-macosx-x86_64 1.0.4 NOTE
r-release-windows-ix86+x86_64 1.0.4 150.00 76.00 226.00 NOTE
r-oldrel-windows-ix86+x86_64 1.0.4 145.00 88.00 233.00 NOTE

Check Details

Version: 1.0.4
Check: installed package size
Result: NOTE
     installed size is 14.5Mb
     sub-directories of 1Mb or more:
     libs 13.6Mb
Flavors: r-devel-linux-x86_64-debian-clang, r-devel-linux-x86_64-debian-gcc, r-devel-linux-x86_64-fedora-clang, r-devel-linux-x86_64-fedora-gcc, r-devel-windows-ix86+x86_64, r-patched-linux-x86_64, r-release-linux-x86_64, r-release-macosx-x86_64, r-release-windows-ix86+x86_64, r-oldrel-windows-ix86+x86_64

Version: 1.0.3
Check: installed package size
Result: NOTE
     installed size is 12.2Mb
     sub-directories of 1Mb or more:
     libs 11.4Mb
Flavors: r-devel-macosx-x86_64-gcc, r-release-linux-ix86

Version: 1.0.4
Check: whether package can be installed
Result: ERROR
    Installation failed.
    See ‘/home/ripley/R/packages/tests32/gdsfmt.Rcheck/00install.out’ for details.
Flavors: r-patched-solaris-sparc, r-patched-solaris-x86