CRAN Package Check Results for Package gdsfmt

Last updated on 2014-12-22 17:51:24.

Flavor Version Tinstall Tcheck Ttotal Status Flags
r-patched-linux-x86_64 1.1.0.1 58.63 23.07 81.70 NOTE
r-release-linux-ix86 1.1.0.1 74.20 29.40 103.60 NOTE
r-release-osx-x86_64-mavericks 1.1.0.1 NOTE
r-release-osx-x86_64-snowleopard 1.1.0.1 NOTE

Check Details

Version: 1.1.0.1
Check: installed package size
Result: NOTE
     installed size is 13.9Mb
     sub-directories of 1Mb or more:
     libs 13.6Mb
Flavors: r-patched-linux-x86_64, r-release-linux-ix86, r-release-osx-x86_64-mavericks, r-release-osx-x86_64-snowleopard