CRAN Package Check Results for Package gdsfmt

Last updated on 2015-05-26 10:49:16.

Flavor Version Tinstall Tcheck Ttotal Status Flags
r-release-osx-x86_64-snowleopard 1.1.0.1 NOTE

Check Details

Version: 1.1.0.1
Check: installed package size
Result: NOTE
     installed size is 8.5Mb
     sub-directories of 1Mb or more:
     libs 8.2Mb
Flavor: r-release-osx-x86_64-snowleopard