CRAN Package Check Results for Package gdsfmt

Last updated on 2014-09-24 03:48:55.

Flavor Version Tinstall Tcheck Ttotal Status Flags
r-devel-linux-x86_64-debian-clang 1.1.0.1 43.11 26.32 69.44 NOTE
r-devel-linux-x86_64-debian-gcc 1.1.0.1 57.73 24.99 82.72 NOTE
r-devel-linux-x86_64-fedora-clang 1.1.0.1 146.40 NOTE
r-devel-linux-x86_64-fedora-gcc 1.1.0.1 150.21 NOTE
r-devel-osx-x86_64-clang 1.1.0.1 100.31 OK
r-devel-windows-ix86+x86_64 1.1.0.1 188.00 72.00 260.00 OK
r-patched-linux-x86_64 1.1.0.1 57.01 25.57 82.58 NOTE
r-patched-solaris-sparc 1.1.0.1 1399.20 NOTE
r-patched-solaris-x86 1.1.0.1 205.80 NOTE
r-release-linux-ix86 1.1.0 78.17 30.92 109.09 NOTE
r-release-linux-x86_64 1.1.0.1 61.55 26.74 88.29 NOTE
r-release-osx-x86_64-mavericks 1.1.0.1 NOTE
r-release-osx-x86_64-snowleopard 1.1.0.1 NOTE
r-release-windows-ix86+x86_64 1.1.0.1 140.00 72.00 212.00 OK
r-oldrel-windows-ix86+x86_64 1.1.0.1 148.00 87.00 235.00 OK

Check Details

Version: 1.1.0.1
Check: installed package size
Result: NOTE
     installed size is 13.0Mb
     sub-directories of 1Mb or more:
     libs 12.7Mb
Flavors: r-devel-linux-x86_64-debian-clang, r-devel-linux-x86_64-debian-gcc, r-devel-linux-x86_64-fedora-clang, r-devel-linux-x86_64-fedora-gcc, r-patched-linux-x86_64, r-patched-solaris-sparc, r-patched-solaris-x86, r-release-linux-x86_64, r-release-osx-x86_64-mavericks, r-release-osx-x86_64-snowleopard

Version: 1.1.0
Check: installed package size
Result: NOTE
     installed size is 11.2Mb
     sub-directories of 1Mb or more:
     libs 10.8Mb
Flavor: r-release-linux-ix86