CRAN Package Check Results for Package gdtools

Last updated on 2020-09-23 15:28:02 CEST.

Flavor Version Tinstall Tcheck Ttotal Status Flags
r-devel-linux-x86_64-debian-clang 0.2.2 51.36 28.07 79.43 OK
r-devel-linux-x86_64-debian-gcc 0.2.2 36.68 22.18 58.86 OK
r-devel-linux-x86_64-fedora-clang 0.2.2 121.21 OK
r-devel-linux-x86_64-fedora-gcc 0.2.2 102.08 OK
r-devel-windows-ix86+x86_64 0.2.2 124.00 96.00 220.00 NOTE
r-patched-linux-x86_64 0.2.2 38.64 27.65 66.29 OK
r-patched-solaris-x86 0.2.2 103.70 OK
r-release-linux-x86_64 0.2.2 38.43 27.30 65.73 OK
r-release-macos-x86_64 0.2.2 OK
r-release-windows-ix86+x86_64 0.2.2 105.00 89.00 194.00 NOTE
r-oldrel-macos-x86_64 0.2.2 OK
r-oldrel-windows-ix86+x86_64 0.2.2 84.00 89.00 173.00 NOTE

Check Details

Version: 0.2.2
Check: installed package size
Result: NOTE
     installed size is 8.2Mb
     sub-directories of 1Mb or more:
     libs 8.1Mb
Flavors: r-devel-windows-ix86+x86_64, r-release-windows-ix86+x86_64, r-oldrel-windows-ix86+x86_64