CRAN Package Check Results for Package gdtools

Last updated on 2020-02-18 19:54:59 CET.

Flavor Version Tinstall Tcheck Ttotal Status Flags
r-devel-linux-x86_64-debian-clang 0.2.1 46.76 27.88 74.64 OK
r-devel-linux-x86_64-debian-gcc 0.2.1 30.48 21.90 52.38 OK
r-devel-linux-x86_64-fedora-clang 0.2.1 106.01 OK
r-devel-linux-x86_64-fedora-gcc 0.2.1 97.63 OK
r-devel-windows-ix86+x86_64 0.2.1 106.00 86.00 192.00 NOTE
r-devel-windows-ix86+x86_64-gcc8 0.2.1 138.00 103.00 241.00 NOTE
r-patched-linux-x86_64 0.2.1 38.61 24.24 62.85 OK
r-patched-solaris-x86 0.2.1 93.60 OK
r-release-linux-x86_64 0.2.1 38.07 24.43 62.50 OK
r-release-windows-ix86+x86_64 0.2.1 2.00 6.00 8.00 ERROR
r-release-osx-x86_64 0.2.1 OK
r-oldrel-windows-ix86+x86_64 0.2.1 84.00 106.00 190.00 NOTE
r-oldrel-osx-x86_64 0.2.1 OK

Check Details

Version: 0.2.1
Check: installed package size
Result: NOTE
     installed size is 7.7Mb
     sub-directories of 1Mb or more:
     libs 7.5Mb
Flavors: r-devel-windows-ix86+x86_64, r-devel-windows-ix86+x86_64-gcc8, r-oldrel-windows-ix86+x86_64

Version: 0.2.1
Check: whether package can be installed
Result: ERROR
    Installation failed.
Flavor: r-release-windows-ix86+x86_64