CRAN Package Check Results for Package gee

Last updated on 2016-06-29 12:46:56.

Flavor Version Tinstall Tcheck Ttotal Status Flags
r-devel-linux-x86_64-debian-gcc 4.13-19 2.35 11.42 13.77 NOTE
r-devel-linux-x86_64-fedora-clang 4.13-19 24.05 NOTE
r-devel-linux-x86_64-fedora-gcc 4.13-19 18.92 NOTE
r-devel-osx-x86_64-clang 4.13-19 21.86 OK
r-devel-windows-ix86+x86_64 4.13-19 7.00 51.00 58.00 OK
r-patched-linux-x86_64 4.13-19 2.36 11.03 13.38 NOTE
r-patched-solaris-sparc 4.13-19 123.70 OK
r-patched-solaris-x86 4.13-19 32.90 OK
r-release-linux-x86_64 4.13-19 2.27 10.13 12.40 NOTE
r-release-osx-x86_64-mavericks 4.13-19 OK
r-release-windows-ix86+x86_64 4.13-19 10.00 32.00 42.00 OK
r-oldrel-windows-ix86+x86_64 4.13-19 10.00 33.00 43.00 OK

Check Details

Version: 4.13-19
Check: top-level files
Result: NOTE
    Non-standard files/directories found at top level:
     ‘README.too’ ‘blurb’
Flavors: r-devel-linux-x86_64-debian-gcc, r-devel-linux-x86_64-fedora-clang, r-devel-linux-x86_64-fedora-gcc, r-patched-linux-x86_64, r-release-linux-x86_64