CRAN Package Check Results for Package gee

Last updated on 2017-11-24 20:50:39 CET.

Flavor Version Tinstall Tcheck Ttotal Status Flags
r-devel-linux-x86_64-debian-clang 4.13-19 5.26 37.51 42.77 NOTE
r-devel-linux-x86_64-debian-gcc 4.13-19 4.64 34.94 39.59 NOTE
r-devel-linux-x86_64-fedora-clang 4.13-19 28.63 NOTE
r-devel-linux-x86_64-fedora-gcc 4.13-19 22.57 NOTE
r-devel-windows-ix86+x86_64 4.13-19 9.00 52.00 61.00 OK
r-patched-linux-x86_64 4.13-19 3.01 37.44 40.45 NOTE
r-patched-solaris-x86 4.13-19 42.80 OK
r-release-linux-x86_64 4.13-19 3.06 37.83 40.89 NOTE
r-release-windows-ix86+x86_64 4.13-19 8.00 35.00 43.00 OK
r-release-osx-x86_64 4.13-19 OK
r-oldrel-windows-ix86+x86_64 4.13-19 8.00 52.00 60.00 OK
r-oldrel-osx-x86_64 4.13-19 OK

Check Details

Version: 4.13-19
Check: top-level files
Result: NOTE
    Non-standard files/directories found at top level:
     ‘README.too’ ‘blurb’
Flavors: r-devel-linux-x86_64-debian-clang, r-devel-linux-x86_64-debian-gcc, r-devel-linux-x86_64-fedora-clang, r-devel-linux-x86_64-fedora-gcc, r-patched-linux-x86_64, r-release-linux-x86_64