CRAN Package Check Results for Package gee

Last updated on 2015-05-24 03:48:01.

Flavor Version Tinstall Tcheck Ttotal Status Flags
r-devel-linux-x86_64-debian-clang 4.13-18 3.65 10.99 14.64 NOTE
r-devel-linux-x86_64-debian-gcc 4.13-18 2.13 10.77 12.90 NOTE
r-devel-linux-x86_64-fedora-clang 4.13-18 27.60 NOTE
r-devel-linux-x86_64-fedora-gcc 4.13-18 21.95 NOTE
r-devel-osx-x86_64-clang 4.13-18 28.98 OK
r-devel-windows-ix86+x86_64 4.13-18 9.00 24.00 33.00 OK
r-patched-linux-x86_64 4.13-18 2.18 10.59 12.77 NOTE
r-patched-solaris-sparc 4.13-18 138.70 OK
r-patched-solaris-x86 4.13-18 38.50 OK
r-release-linux-x86_64 4.13-18 2.09 10.51 12.60 NOTE
r-release-osx-x86_64-mavericks 4.13-18 OK
r-release-osx-x86_64-snowleopard 4.13-18 OK
r-release-windows-ix86+x86_64 4.13-18 8.00 23.00 31.00 NOTE
r-oldrel-windows-ix86+x86_64 4.13-18 9.00 26.00 35.00 OK

Check Details

Version: 4.13-18
Check: top-level files
Result: NOTE
    Non-standard files/directories found at top level:
     ‘README.too’ ‘blurb’
Flavors: r-devel-linux-x86_64-debian-clang, r-devel-linux-x86_64-debian-gcc, r-devel-linux-x86_64-fedora-clang, r-devel-linux-x86_64-fedora-gcc, r-patched-linux-x86_64, r-release-linux-x86_64

Version: 4.13-18
Check: DESCRIPTION meta-information
Result: NOTE
    Malformed Description field: should contain one or more complete sentences.
Flavor: r-release-windows-ix86+x86_64