CRAN Package Check Results for Package gee

Last updated on 2014-11-26 13:47:04.

Flavor Version Tinstall Tcheck Ttotal Status Flags
r-devel-linux-x86_64-debian-clang 4.13-18 3.66 11.24 14.90 NOTE
r-devel-linux-x86_64-debian-gcc 4.13-18 2.22 11.03 13.24 NOTE
r-devel-linux-x86_64-fedora-clang 4.13-18 33.59 NOTE
r-devel-linux-x86_64-fedora-gcc 4.13-18 25.02 NOTE
r-devel-osx-x86_64-clang 4.13-18 29.17 OK
r-devel-windows-ix86+x86_64 4.13-18 8.00 23.00 31.00 OK
r-patched-linux-x86_64 4.13-18 2.33 11.35 13.68 NOTE
r-patched-solaris-sparc 4.13-18 169.80 OK
r-patched-solaris-x86 4.13-18 41.10 OK
r-release-linux-ix86 4.13-18 2.43 17.40 19.83 OK
r-release-linux-x86_64 4.13-18 2.24 11.24 13.48 NOTE
r-release-osx-x86_64-mavericks 4.13-18 OK
r-release-windows-ix86+x86_64 4.13-18 8.00 25.00 33.00 OK
r-oldrel-windows-ix86+x86_64 4.13-18 8.00 25.00 33.00 OK

Check Details

Version: 4.13-18
Check: top-level files
Result: NOTE
    Non-standard files/directories found at top level:
     ‘README.too’ ‘blurb’
Flavors: r-devel-linux-x86_64-debian-clang, r-devel-linux-x86_64-debian-gcc, r-devel-linux-x86_64-fedora-clang, r-devel-linux-x86_64-fedora-gcc, r-patched-linux-x86_64, r-release-linux-x86_64