CRAN Package Check Results for Package gee

Last updated on 2016-07-24 19:48:51.

Flavor Version Tinstall Tcheck Ttotal Status Flags
r-devel-linux-x86_64-debian-clang 4.13-19 5.18 12.47 17.65 NOTE
r-devel-linux-x86_64-debian-gcc 4.13-19 2.54 13.27 15.81 NOTE
r-devel-linux-x86_64-fedora-gcc 4.13-19 19.44 NOTE
r-devel-osx-x86_64-clang 4.13-19 21.96 OK
r-devel-windows-ix86+x86_64 4.13-19 7.00 31.00 38.00 OK
r-patched-linux-x86_64 4.13-19 2.57 11.48 14.05 NOTE
r-patched-solaris-sparc 4.13-19 123.70 OK
r-patched-solaris-x86 4.13-19 31.10 OK
r-release-linux-x86_64 4.13-19 2.44 12.68 15.13 NOTE
r-release-osx-x86_64-mavericks 4.13-19 OK
r-release-windows-ix86+x86_64 4.13-19 8.00 43.00 51.00 OK
r-oldrel-windows-ix86+x86_64 4.13-19 14.00 31.00 45.00 OK

Check Details

Version: 4.13-19
Check: top-level files
Result: NOTE
    Non-standard files/directories found at top level:
     ‘README.too’ ‘blurb’
Flavors: r-devel-linux-x86_64-debian-clang, r-devel-linux-x86_64-debian-gcc, r-devel-linux-x86_64-fedora-clang, r-devel-linux-x86_64-fedora-gcc, r-patched-linux-x86_64, r-release-linux-x86_64