CRAN Package Check Results for Package gee

Last updated on 2015-07-04 21:46:32.

Flavor Version Tinstall Tcheck Ttotal Status Flags
r-devel-linux-x86_64-debian-clang 4.13-19 3.62 10.17 13.80 NOTE
r-devel-linux-x86_64-debian-gcc 4.13-19 2.05 10.21 12.26 NOTE
r-devel-linux-x86_64-fedora-clang 4.13-19 26.12 NOTE
r-devel-linux-x86_64-fedora-gcc 4.13-19 20.19 NOTE
r-devel-osx-x86_64-clang 4.13-19 25.18 OK
r-devel-windows-ix86+x86_64 4.13-19 15.00 23.00 38.00 OK
r-patched-linux-x86_64 4.13-19 2.12 10.51 12.63 NOTE
r-patched-solaris-sparc 4.13-19 125.80 OK
r-patched-solaris-x86 4.13-19 37.60 OK
r-release-linux-x86_64 4.13-19 2.16 11.00 13.17 NOTE
r-release-osx-x86_64-mavericks 4.13-19 OK
r-release-windows-ix86+x86_64 4.13-19 11.00 23.00 34.00 OK
r-oldrel-windows-ix86+x86_64 4.13-19 12.00 25.00 37.00 OK

Check Details

Version: 4.13-19
Check: top-level files
Result: NOTE
    Non-standard files/directories found at top level:
     ‘README.too’ ‘blurb’
Flavors: r-devel-linux-x86_64-debian-clang, r-devel-linux-x86_64-debian-gcc, r-devel-linux-x86_64-fedora-clang, r-devel-linux-x86_64-fedora-gcc, r-patched-linux-x86_64, r-release-linux-x86_64