CRAN Package Check Results for Package gee

Last updated on 2018-09-19 05:49:42 CEST.

Flavor Version Tinstall Tcheck Ttotal Status Flags
r-devel-linux-x86_64-debian-clang 4.13-19 6.55 20.50 27.05 NOTE
r-devel-linux-x86_64-debian-gcc 4.13-19 2.40 16.50 18.90 NOTE
r-devel-linux-x86_64-fedora-clang 4.13-19 36.86 NOTE
r-devel-linux-x86_64-fedora-gcc 4.13-19 27.05 NOTE
r-devel-windows-ix86+x86_64 4.13-19 10.00 59.00 69.00 OK
r-patched-linux-x86_64 4.13-19 2.95 18.70 21.65 NOTE
r-patched-solaris-x86 4.13-19 43.00 OK
r-release-linux-x86_64 4.13-19 3.04 18.89 21.93 NOTE
r-release-windows-ix86+x86_64 4.13-19 15.00 39.00 54.00 OK
r-release-osx-x86_64 4.13-19 OK
r-oldrel-windows-ix86+x86_64 4.13-19 10.00 38.00 48.00 OK
r-oldrel-osx-x86_64 4.13-19 OK

Check Details

Version: 4.13-19
Check: top-level files
Result: NOTE
    Non-standard files/directories found at top level:
     ‘README.too’ ‘blurb’
Flavors: r-devel-linux-x86_64-debian-clang, r-devel-linux-x86_64-debian-gcc, r-devel-linux-x86_64-fedora-clang, r-devel-linux-x86_64-fedora-gcc, r-patched-linux-x86_64, r-release-linux-x86_64