CRAN Package Check Results for Package gee

Last updated on 2016-08-30 00:47:29.

Flavor Version Tinstall Tcheck Ttotal Status Flags
r-devel-linux-x86_64-debian-clang 4.13-19 4.96 10.47 15.43 NOTE
r-devel-linux-x86_64-debian-gcc 4.13-19 2.51 10.32 12.83 NOTE
r-devel-linux-x86_64-fedora-clang 4.13-19 25.36 NOTE
r-devel-linux-x86_64-fedora-gcc 4.13-19 19.42 NOTE
r-devel-osx-x86_64-clang 4.13-19 21.94 OK
r-devel-windows-ix86+x86_64 4.13-19 17.00 31.00 48.00 OK
r-patched-linux-x86_64 4.13-19 2.14 10.29 12.43 NOTE
r-patched-solaris-sparc 4.13-19 123.70 OK
r-patched-solaris-x86 4.13-19 32.30 OK
r-release-linux-x86_64 4.13-19 2.11 10.45 12.57 NOTE
r-release-osx-x86_64-mavericks 4.13-19 OK
r-release-windows-ix86+x86_64 4.13-19 7.00 28.00 35.00 OK
r-oldrel-windows-ix86+x86_64 4.13-19 10.00 41.00 51.00 OK

Check Details

Version: 4.13-19
Check: top-level files
Result: NOTE
    Non-standard files/directories found at top level:
     ‘README.too’ ‘blurb’
Flavors: r-devel-linux-x86_64-debian-clang, r-devel-linux-x86_64-debian-gcc, r-devel-linux-x86_64-fedora-clang, r-devel-linux-x86_64-fedora-gcc, r-patched-linux-x86_64, r-release-linux-x86_64