CRAN Package Check Results for Package gee

Last updated on 2014-07-23 19:49:15.

Flavor Version Tinstall Tcheck Ttotal Status Flags
r-devel-linux-x86_64-debian-clang 4.13-18 2.42 10.79 13.22 OK
r-devel-linux-x86_64-debian-gcc 4.13-18 2.16 10.81 12.97 OK
r-devel-linux-x86_64-fedora-clang 4.13-18 27.94 NOTE
r-devel-linux-x86_64-fedora-gcc 4.13-18 25.15 NOTE
r-devel-osx-x86_64-clang 4.13-18 30.16 OK
r-devel-windows-ix86+x86_64 4.13-18 8.00 22.00 30.00 OK
r-patched-linux-x86_64 4.13-18 2.12 10.99 13.12 OK
r-patched-solaris-sparc 4.13-18 147.00 OK
r-patched-solaris-x86 4.13-18 40.40 OK
r-release-linux-ix86 4.13-18 2.46 18.00 20.47 OK
r-release-linux-x86_64 4.13-18 2.17 11.43 13.60 OK
r-release-osx-x86_64-mavericks 4.13-18 OK
r-release-windows-ix86+x86_64 4.13-18 8.00 25.00 33.00 OK
r-oldrel-windows-ix86+x86_64 4.13-18 9.00 24.00 33.00 OK

Check Details

Version: 4.13-18
Check: top-level files
Result: NOTE
    Non-standard files/directories found at top level:
     ‘README.too’ ‘blurb’
Flavors: r-devel-linux-x86_64-fedora-clang, r-devel-linux-x86_64-fedora-gcc