CRAN Package Check Results for Package gee

Last updated on 2014-12-21 03:48:16.

Flavor Version Tinstall Tcheck Ttotal Status Flags
r-devel-linux-x86_64-debian-clang 4.13-18 3.63 11.28 14.91 NOTE
r-devel-linux-x86_64-debian-gcc 4.13-18 2.16 11.11 13.28 NOTE
r-devel-linux-x86_64-fedora-clang 4.13-18 32.34 NOTE
r-devel-linux-x86_64-fedora-gcc 4.13-18 25.60 NOTE
r-devel-osx-x86_64-clang 4.13-18 29.60 OK
r-devel-windows-ix86+x86_64 4.13-18 9.00 25.00 34.00 OK
r-patched-linux-x86_64 4.13-18 2.20 11.21 13.41 NOTE
r-patched-solaris-sparc 4.13-18 169.80 OK
r-patched-solaris-x86 4.13-18 40.60 OK
r-release-linux-ix86 4.13-18 2.47 17.38 19.84 OK
r-release-linux-x86_64 4.13-18 2.26 11.14 13.39 NOTE
r-release-osx-x86_64-mavericks 4.13-18 OK
r-release-windows-ix86+x86_64 4.13-18 8.00 25.00 33.00 OK
r-oldrel-windows-ix86+x86_64 4.13-18 9.00 26.00 35.00 OK

Check Details

Version: 4.13-18
Check: top-level files
Result: NOTE
    Non-standard files/directories found at top level:
     ‘README.too’ ‘blurb’
Flavors: r-devel-linux-x86_64-debian-clang, r-devel-linux-x86_64-debian-gcc, r-devel-linux-x86_64-fedora-clang, r-devel-linux-x86_64-fedora-gcc, r-patched-linux-x86_64, r-release-linux-x86_64