CRAN Package Check Results for Package gee

Last updated on 2017-03-29 22:47:03.

Flavor Version Tinstall Tcheck Ttotal Status Flags
r-devel-linux-x86_64-debian-clang 4.13-19 6.47 12.71 19.19 NOTE
r-devel-linux-x86_64-debian-gcc 4.13-19 2.33 12.85 15.18 NOTE
r-devel-linux-x86_64-fedora-clang 4.13-19 35.16 NOTE --no-stop-on-test-error
r-devel-linux-x86_64-fedora-gcc 4.13-19 24.69 NOTE --no-stop-on-test-error
r-devel-macos-x86_64-clang 4.13-19 24.26 OK --no-stop-on-test-error
r-devel-windows-ix86+x86_64 4.13-19 9.00 37.00 46.00 OK
r-patched-linux-x86_64 4.13-19 2.21 12.97 15.18 NOTE
r-patched-solaris-sparc 4.13-19 153.90 OK
r-patched-solaris-x86 4.13-19 41.50 OK
r-release-linux-x86_64 4.13-19 2.07 10.69 12.76 NOTE
r-release-osx-x86_64-mavericks 4.13-19 OK
r-release-windows-ix86+x86_64 4.13-19 13.00 43.00 56.00 OK
r-oldrel-windows-ix86+x86_64 4.13-19 19.00 39.00 58.00 OK

Check Details

Version: 4.13-19
Check: top-level files
Result: NOTE
    Non-standard files/directories found at top level:
     ‘README.too’ ‘blurb’
Flavors: r-devel-linux-x86_64-debian-clang, r-devel-linux-x86_64-debian-gcc, r-patched-linux-x86_64, r-release-linux-x86_64

Version: 4.13-19
Flags: --no-stop-on-test-error
Check: top-level files
Result: NOTE
    Non-standard files/directories found at top level:
     ‘README.too’ ‘blurb’
Flavors: r-devel-linux-x86_64-fedora-clang, r-devel-linux-x86_64-fedora-gcc