CRAN Package Check Results for Package gee

Last updated on 2015-03-06 23:48:17.

Flavor Version Tinstall Tcheck Ttotal Status Flags
r-devel-linux-x86_64-debian-clang 4.13-18 3.48 10.87 14.35 NOTE
r-devel-linux-x86_64-debian-gcc 4.13-18 2.13 10.79 12.92 NOTE
r-devel-linux-x86_64-fedora-clang 4.13-18 27.54 NOTE
r-devel-linux-x86_64-fedora-gcc 4.13-18 22.11 NOTE
r-devel-osx-x86_64-clang 4.13-18 27.01 OK
r-devel-windows-ix86+x86_64 4.13-18 16.00 26.00 42.00 NOTE
r-patched-linux-x86_64 4.13-18 2.30 11.47 13.76 NOTE
r-patched-solaris-sparc 4.13-18 176.70 OK
r-patched-solaris-x86 4.13-18 42.20 OK
r-release-linux-ix86 4.13-18 2.44 18.17 20.61 NOTE
r-release-linux-x86_64 4.13-18 2.16 11.56 13.72 NOTE
r-release-osx-x86_64-mavericks 4.13-18 OK
r-release-windows-ix86+x86_64 4.13-18 11.00 25.00 36.00 OK
r-oldrel-windows-ix86+x86_64 4.13-18 9.00 27.00 36.00 OK

Check Details

Version: 4.13-18
Check: top-level files
Result: NOTE
    Non-standard files/directories found at top level:
     ‘README.too’ ‘blurb’
Flavors: r-devel-linux-x86_64-debian-clang, r-devel-linux-x86_64-debian-gcc, r-devel-linux-x86_64-fedora-clang, r-devel-linux-x86_64-fedora-gcc, r-patched-linux-x86_64, r-release-linux-ix86, r-release-linux-x86_64

Version: 4.13-18
Check: DESCRIPTION meta-information
Result: NOTE
    Malformed Description field: should contain one or more complete sentences.
Flavor: r-devel-windows-ix86+x86_64