CRAN Package Check Results for Package gee

Last updated on 2016-02-10 23:46:53.

Flavor Version Tinstall Tcheck Ttotal Status Flags
r-devel-linux-x86_64-debian-gcc 4.13-19 2.16 9.54 11.71 NOTE
r-devel-linux-x86_64-fedora-clang 4.13-19 25.30 NOTE
r-devel-linux-x86_64-fedora-gcc 4.13-19 18.75 NOTE
r-devel-osx-x86_64-clang 4.13-19 26.90 OK
r-devel-windows-ix86+x86_64 4.13-19 12.00 40.00 52.00 OK
r-patched-linux-x86_64 4.13-19 2.26 10.43 12.69 NOTE
r-patched-solaris-sparc 4.13-19 133.90 OK
r-patched-solaris-x86 4.13-19 33.30 OK
r-release-linux-x86_64 4.13-19 2.24 10.47 12.71 NOTE
r-release-osx-x86_64-mavericks 4.13-19 OK
r-release-windows-ix86+x86_64 4.13-19 12.00 35.00 47.00 OK
r-oldrel-windows-ix86+x86_64 4.13-19 13.00 39.00 52.00 OK

Check Details

Version: 4.13-19
Check: top-level files
Result: NOTE
    Non-standard files/directories found at top level:
     ‘README.too’ ‘blurb’
Flavors: r-devel-linux-x86_64-debian-gcc, r-devel-linux-x86_64-fedora-clang, r-devel-linux-x86_64-fedora-gcc, r-patched-linux-x86_64, r-release-linux-x86_64