CRAN Package Check Results for Package gee

Last updated on 2016-05-06 15:46:49.

Flavor Version Tinstall Tcheck Ttotal Status Flags
r-devel-linux-x86_64-debian-gcc 4.13-19 2.10 10.55 12.65 NOTE
r-devel-linux-x86_64-fedora-clang 4.13-19 25.43 NOTE
r-devel-linux-x86_64-fedora-gcc 4.13-19 19.24 NOTE
r-devel-osx-x86_64-clang 4.13-19 30.61 OK
r-devel-windows-ix86+x86_64 4.13-19 8.00 29.00 37.00 OK
r-patched-linux-x86_64 4.13-19 2.15 10.58 12.73 NOTE
r-patched-solaris-sparc 4.13-19 121.70 OK
r-patched-solaris-x86 4.13-19 32.30 OK
r-release-linux-x86_64 4.13-19 2.11 10.20 12.31 NOTE
r-release-osx-x86_64-mavericks 4.13-19 OK
r-release-windows-ix86+x86_64 4.13-19 8.00 29.00 37.00 OK
r-oldrel-windows-ix86+x86_64 4.13-19 13.00 40.00 53.00 OK

Check Details

Version: 4.13-19
Check: top-level files
Result: NOTE
    Non-standard files/directories found at top level:
     ‘README.too’ ‘blurb’
Flavors: r-devel-linux-x86_64-debian-gcc, r-devel-linux-x86_64-fedora-clang, r-devel-linux-x86_64-fedora-gcc, r-patched-linux-x86_64, r-release-linux-x86_64