CRAN Package Check Results for Package gee

Last updated on 2016-09-30 23:47:55.

Flavor Version Tinstall Tcheck Ttotal Status Flags
r-devel-linux-x86_64-debian-clang 4.13-19 5.14 11.56 16.70 NOTE
r-devel-linux-x86_64-debian-gcc 4.13-19 2.42 11.31 13.73 NOTE
r-devel-linux-x86_64-fedora-clang 4.13-19 29.35 NOTE
r-devel-linux-x86_64-fedora-gcc 4.13-19 20.68 NOTE
r-devel-macos-x86_64-clang 4.13-19 21.46 OK
r-devel-windows-ix86+x86_64 4.13-19 9.00 42.00 51.00 OK
r-patched-linux-x86_64 4.13-19 2.06 10.58 12.64 NOTE
r-patched-solaris-sparc 4.13-19 123.70 OK
r-patched-solaris-x86 4.13-19 30.90 OK
r-release-linux-x86_64 4.13-19 2.13 10.73 12.86 NOTE
r-release-osx-x86_64-mavericks 4.13-19 OK
r-release-windows-ix86+x86_64 4.13-19 8.00 51.00 59.00 OK
r-oldrel-windows-ix86+x86_64 4.13-19 15.00 38.00 53.00 OK

Check Details

Version: 4.13-19
Check: top-level files
Result: NOTE
    Non-standard files/directories found at top level:
     ‘README.too’ ‘blurb’
Flavors: r-devel-linux-x86_64-debian-clang, r-devel-linux-x86_64-debian-gcc, r-devel-linux-x86_64-fedora-clang, r-devel-linux-x86_64-fedora-gcc, r-patched-linux-x86_64, r-release-linux-x86_64