CRAN Package Check Results for Package gee

Last updated on 2017-05-27 22:46:14.

Flavor Version Tinstall Tcheck Ttotal Status Flags
r-devel-linux-x86_64-debian-clang 4.13-19 6.30 13.53 19.83 NOTE
r-devel-linux-x86_64-debian-gcc 4.13-19 2.59 13.56 16.15 NOTE
r-devel-linux-x86_64-fedora-clang 4.13-19 34.11 NOTE
r-devel-linux-x86_64-fedora-gcc 4.13-19 23.52 NOTE
r-devel-windows-ix86+x86_64 4.13-19 12.00 39.00 51.00 OK
r-patched-linux-x86_64 4.13-19 2.41 13.81 16.22 NOTE
r-patched-solaris-sparc 4.13-19 153.90 OK
r-patched-solaris-x86 4.13-19 40.40 OK
r-release-linux-x86_64 4.13-19 2.22 13.81 16.03 NOTE
r-release-windows-ix86+x86_64 4.13-19 8.00 36.00 44.00 OK
r-release-osx-x86_64 4.13-19 OK
r-oldrel-windows-ix86+x86_64 4.13-19 10.00 32.00 42.00 OK
r-oldrel-osx-x86_64 4.13-19 OK

Check Details

Version: 4.13-19
Check: top-level files
Result: NOTE
    Non-standard files/directories found at top level:
     ‘README.too’ ‘blurb’
Flavors: r-devel-linux-x86_64-debian-clang, r-devel-linux-x86_64-debian-gcc, r-devel-linux-x86_64-fedora-clang, r-devel-linux-x86_64-fedora-gcc, r-patched-linux-x86_64, r-release-linux-x86_64