CRAN Package Check Results for Package gee

Last updated on 2017-09-22 20:47:13.

Flavor Version Tinstall Tcheck Ttotal Status Flags
r-devel-linux-x86_64-debian-clang 4.13-19 3.97 13.25 17.22 NOTE
r-devel-linux-x86_64-debian-gcc 4.13-19 3.46 13.23 16.69 NOTE
r-devel-linux-x86_64-fedora-clang 4.13-19 29.78 NOTE
r-devel-linux-x86_64-fedora-gcc 4.13-19 24.65 NOTE
r-devel-windows-ix86+x86_64 4.13-19 10.00 37.00 47.00 OK
r-patched-linux-x86_64 4.13-19 2.46 13.35 15.81 NOTE
r-patched-solaris-x86 4.13-19 42.50 OK
r-release-linux-x86_64 4.13-19 2.28 13.44 15.72 NOTE
r-release-windows-ix86+x86_64 4.13-19 9.00 36.00 45.00 OK
r-release-osx-x86_64 4.13-19 OK
r-oldrel-windows-ix86+x86_64 4.13-19 9.00 34.00 43.00 OK
r-oldrel-osx-x86_64 4.13-19 OK

Check Details

Version: 4.13-19
Check: top-level files
Result: NOTE
    Non-standard files/directories found at top level:
     ‘README.too’ ‘blurb’
Flavors: r-devel-linux-x86_64-debian-clang, r-devel-linux-x86_64-debian-gcc, r-devel-linux-x86_64-fedora-clang, r-devel-linux-x86_64-fedora-gcc, r-patched-linux-x86_64, r-release-linux-x86_64