CRAN Package Check Results for Package gee

Last updated on 2017-01-22 23:48:22.

Flavor Version Tinstall Tcheck Ttotal Status Flags
r-devel-linux-x86_64-debian-clang 4.13-19 4.99 12.59 17.58 NOTE
r-devel-linux-x86_64-debian-gcc 4.13-19 2.40 12.59 14.99 NOTE
r-devel-linux-x86_64-fedora-clang 4.13-19 31.18 NOTE --no-stop-on-test-error
r-devel-linux-x86_64-fedora-gcc 4.13-19 23.49 NOTE --no-stop-on-test-error
r-devel-macos-x86_64-clang 4.13-19 24.07 OK --no-stop-on-test-error
r-devel-windows-ix86+x86_64 4.13-19 9.00 36.00 45.00 OK
r-patched-linux-x86_64 4.13-19 2.14 10.34 12.48 NOTE
r-patched-solaris-sparc 4.13-19 127.60 OK
r-patched-solaris-x86 4.13-19 33.40 OK
r-release-linux-x86_64 4.13-19 2.22 10.53 12.75 NOTE
r-release-osx-x86_64-mavericks 4.13-19 OK
r-release-windows-ix86+x86_64 4.13-19 19.00 33.00 52.00 OK
r-oldrel-windows-ix86+x86_64 4.13-19 20.00 41.00 61.00 OK

Check Details

Version: 4.13-19
Check: top-level files
Result: NOTE
    Non-standard files/directories found at top level:
     ‘README.too’ ‘blurb’
Flavors: r-devel-linux-x86_64-debian-clang, r-devel-linux-x86_64-debian-gcc, r-patched-linux-x86_64, r-release-linux-x86_64

Version: 4.13-19
Flags: --no-stop-on-test-error
Check: top-level files
Result: NOTE
    Non-standard files/directories found at top level:
     ‘README.too’ ‘blurb’
Flavors: r-devel-linux-x86_64-fedora-clang, r-devel-linux-x86_64-fedora-gcc