Last updated on 2021-04-17 09:50:00 CEST.
Flavor | Version | Tinstall | Tcheck | Ttotal | Status | Flags |
---|---|---|---|---|---|---|
r-devel-linux-x86_64-debian-clang | 4.13-20 | 9.81 | 24.48 | 34.29 | NOTE | |
r-devel-linux-x86_64-debian-gcc | 4.13-20 | 3.20 | 19.14 | 22.34 | NOTE | |
r-devel-linux-x86_64-fedora-clang | 4.13-20 | 53.44 | NOTE | |||
r-devel-linux-x86_64-fedora-gcc | 4.13-20 | 34.45 | NOTE | |||
r-devel-windows-ix86+x86_64 | 4.13-20 | 11.00 | 48.00 | 59.00 | OK | |
r-devel-windows-x86_64-gcc10-UCRT | 4.13-20 | OK | ||||
r-patched-linux-x86_64 | 4.13-20 | 4.01 | 23.62 | 27.63 | NOTE | |
r-patched-solaris-x86 | 4.13-20 | 53.20 | OK | |||
r-release-linux-x86_64 | 4.13-20 | 3.72 | 23.56 | 27.28 | NOTE | |
r-release-macos-x86_64 | 4.13-20 | OK | ||||
r-release-windows-ix86+x86_64 | 4.13-20 | 10.00 | 50.00 | 60.00 | OK | |
r-oldrel-macos-x86_64 | 4.13-20 | OK | ||||
r-oldrel-windows-ix86+x86_64 | 4.13-20 | 8.00 | 46.00 | 54.00 | OK |
Version: 4.13-20
Check: top-level files
Result: NOTE
Non-standard files/directories found at top level:
'README.too' 'blurb'
Flavors: r-devel-linux-x86_64-debian-clang, r-devel-linux-x86_64-debian-gcc, r-devel-linux-x86_64-fedora-clang, r-devel-linux-x86_64-fedora-gcc, r-patched-linux-x86_64, r-release-linux-x86_64