CRAN Package Check Results for Package gee

Last updated on 2015-08-02 03:48:10.

Flavor Version Tinstall Tcheck Ttotal Status Flags
r-devel-linux-x86_64-debian-clang 4.13-19 3.62 10.41 14.02 NOTE
r-devel-linux-x86_64-debian-gcc 4.13-19 2.19 10.33 12.52 NOTE
r-devel-linux-x86_64-fedora-clang 4.13-19 27.35 NOTE
r-devel-linux-x86_64-fedora-gcc 4.13-19 21.06 NOTE
r-devel-osx-x86_64-clang 4.13-19 25.33 OK
r-devel-windows-ix86+x86_64 4.13-19 9.00 26.00 35.00 OK
r-patched-linux-x86_64 4.13-19 2.21 10.52 12.73 NOTE
r-patched-solaris-sparc 4.13-19 156.40 OK
r-patched-solaris-x86 4.13-19 37.70 OK
r-release-linux-x86_64 4.13-19 2.14 10.51 12.66 NOTE
r-release-osx-x86_64-mavericks 4.13-19 OK
r-release-windows-ix86+x86_64 4.13-19 12.00 38.00 50.00 OK
r-oldrel-windows-ix86+x86_64 4.13-19 14.00 27.00 41.00 OK

Check Details

Version: 4.13-19
Check: top-level files
Result: NOTE
    Non-standard files/directories found at top level:
     ‘README.too’ ‘blurb’
Flavors: r-devel-linux-x86_64-debian-clang, r-devel-linux-x86_64-debian-gcc, r-devel-linux-x86_64-fedora-clang, r-devel-linux-x86_64-fedora-gcc, r-patched-linux-x86_64, r-release-linux-x86_64