CRAN Package Check Results for Package gee

Last updated on 2016-12-05 19:46:52.

Flavor Version Tinstall Tcheck Ttotal Status Flags
r-devel-linux-x86_64-debian-clang 4.13-19 5.06 12.61 17.67 NOTE
r-devel-linux-x86_64-debian-gcc 4.13-19 3.52 12.55 16.08 NOTE
r-devel-linux-x86_64-fedora-clang 4.13-19 32.46 NOTE --no-stop-on-test-error
r-devel-linux-x86_64-fedora-gcc 4.13-19 24.69 NOTE --no-stop-on-test-error
r-devel-macos-x86_64-clang 4.13-19 24.73 OK
r-devel-windows-ix86+x86_64 4.13-19 13.00 46.00 59.00 OK
r-patched-linux-x86_64 4.13-19 2.19 10.59 12.78 NOTE
r-patched-solaris-sparc 4.13-19 123.70 OK
r-patched-solaris-x86 4.13-19 31.70 OK
r-release-linux-x86_64 4.13-19 2.14 10.47 12.61 NOTE
r-release-osx-x86_64-mavericks 4.13-19 OK
r-release-windows-ix86+x86_64 4.13-19 11.00 32.00 43.00 OK
r-oldrel-windows-ix86+x86_64 4.13-19 18.00 32.00 50.00 OK

Check Details

Version: 4.13-19
Check: top-level files
Result: NOTE
    Non-standard files/directories found at top level:
     ‘README.too’ ‘blurb’
Flavors: r-devel-linux-x86_64-debian-clang, r-devel-linux-x86_64-debian-gcc, r-patched-linux-x86_64, r-release-linux-x86_64

Version: 4.13-19
Flags: --no-stop-on-test-error
Check: top-level files
Result: NOTE
    Non-standard files/directories found at top level:
     ‘README.too’ ‘blurb’
Flavors: r-devel-linux-x86_64-fedora-clang, r-devel-linux-x86_64-fedora-gcc