CRAN Package Check Results for Package gee

Last updated on 2014-04-24 17:49:44.

Flavor Version Tinstall Tcheck Ttotal Status Flags
r-devel-linux-x86_64-debian-clang 4.13-18 2.49 11.79 14.28 OK
r-devel-linux-x86_64-debian-gcc 4.13-18 1.97 11.50 13.48 OK
r-devel-linux-x86_64-fedora-clang 4.13-18 28.27 NOTE
r-devel-linux-x86_64-fedora-gcc 4.13-18 24.18 NOTE
r-devel-osx-x86_64-clang 4.13-18 27.15 OK
r-devel-osx-x86_64-gcc 4.13-18 OK
r-devel-windows-ix86+x86_64 4.13-18 9.00 23.00 32.00 OK
r-patched-linux-x86_64 4.13-18 1.94 11.84 13.78 OK
r-patched-solaris-sparc 4.13-18 147.00 OK
r-patched-solaris-x86 4.13-18 41.10 OK
r-release-linux-ix86 4.13-18 4.00 26.00 30.00 OK
r-release-linux-x86_64 4.13-18 2.00 11.43 13.44 OK
r-release-osx-x86_64-mavericks 4.13-18 OK
r-release-windows-ix86+x86_64 4.13-18 9.00 24.00 33.00 OK
r-oldrel-windows-ix86+x86_64 4.13-18 9.00 26.00 35.00 OK

Check Details

Version: 4.13-18
Check: top-level files
Result: NOTE
    Non-standard files/directories found at top level:
     ‘README.too’ ‘blurb’
Flavors: r-devel-linux-x86_64-fedora-clang, r-devel-linux-x86_64-fedora-gcc