CRAN Package Check Results for Package gee

Last updated on 2021-12-04 20:49:21 CET.

Flavor Version Tinstall Tcheck Ttotal Status Flags
r-devel-linux-x86_64-debian-clang 4.13-20 10.28 31.35 41.63 NOTE
r-devel-linux-x86_64-debian-gcc 4.13-20 3.14 25.20 28.34 NOTE
r-devel-linux-x86_64-fedora-clang 4.13-20 55.80 NOTE
r-devel-linux-x86_64-fedora-gcc 4.13-20 34.85 NOTE
r-devel-windows-x86_64-new-UL 4.13-20 12.00 64.00 76.00 OK
r-devel-windows-x86_64-new-TK 4.13-20 OK
r-devel-windows-x86_64-old 4.13-20 7.00 30.00 37.00 OK
r-patched-linux-x86_64 4.13-20 3.22 22.60 25.82 NOTE
r-release-linux-x86_64 4.13-20 3.53 22.69 26.22 NOTE
r-release-macos-arm64 4.13-20 OK
r-release-macos-x86_64 4.13-20 OK
r-release-windows-ix86+x86_64 4.13-20 12.00 51.00 63.00 OK
r-oldrel-macos-x86_64 4.13-20 OK
r-oldrel-windows-ix86+x86_64 4.13-20 12.00 49.00 61.00 OK

Check Details

Version: 4.13-20
Check: top-level files
Result: NOTE
    Non-standard files/directories found at top level:
     'README.too' 'blurb'
Flavors: r-devel-linux-x86_64-debian-clang, r-devel-linux-x86_64-debian-gcc, r-devel-linux-x86_64-fedora-clang, r-devel-linux-x86_64-fedora-gcc, r-patched-linux-x86_64, r-release-linux-x86_64