CRAN Package Check Results for Package gee

Last updated on 2017-02-27 18:48:56.

Flavor Version Tinstall Tcheck Ttotal Status Flags
r-devel-linux-x86_64-debian-clang 4.13-19 5.07 13.45 18.52 NOTE
r-devel-linux-x86_64-debian-gcc 4.13-19 2.31 12.93 15.23 NOTE
r-devel-linux-x86_64-fedora-clang 4.13-19 31.25 NOTE --no-stop-on-test-error
r-devel-linux-x86_64-fedora-gcc 4.13-19 23.41 NOTE --no-stop-on-test-error
r-devel-macos-x86_64-clang 4.13-19 24.94 OK --no-stop-on-test-error
r-devel-windows-ix86+x86_64 4.13-19 9.00 83.00 92.00 OK
r-patched-linux-x86_64 4.13-19 2.16 10.85 13.00 NOTE
r-patched-solaris-sparc 4.13-19 127.60 OK
r-patched-solaris-x86 4.13-19 33.30 OK
r-release-linux-x86_64 4.13-19 2.08 10.73 12.81 NOTE
r-release-osx-x86_64-mavericks 4.13-19 OK
r-release-windows-ix86+x86_64 4.13-19 21.00 33.00 54.00 OK
r-oldrel-windows-ix86+x86_64 4.13-19 16.00 72.00 88.00 OK

Check Details

Version: 4.13-19
Check: top-level files
Result: NOTE
    Non-standard files/directories found at top level:
     ‘README.too’ ‘blurb’
Flavors: r-devel-linux-x86_64-debian-clang, r-devel-linux-x86_64-debian-gcc, r-patched-linux-x86_64, r-release-linux-x86_64

Version: 4.13-19
Flags: --no-stop-on-test-error
Check: top-level files
Result: NOTE
    Non-standard files/directories found at top level:
     ‘README.too’ ‘blurb’
Flavors: r-devel-linux-x86_64-fedora-clang, r-devel-linux-x86_64-fedora-gcc