CRAN Package Check Results for Package gee

Last updated on 2015-01-28 01:48:03.

Flavor Version Tinstall Tcheck Ttotal Status Flags
r-devel-linux-x86_64-debian-clang 4.13-18 3.61 11.02 14.62 NOTE
r-devel-linux-x86_64-debian-gcc 4.13-18 2.19 10.44 12.64 NOTE
r-devel-linux-x86_64-fedora-clang 4.13-18 32.31 NOTE
r-devel-linux-x86_64-fedora-gcc 4.13-18 26.28 NOTE
r-devel-osx-x86_64-clang 4.13-18 29.39 OK
r-devel-windows-ix86+x86_64 4.13-18 11.00 25.00 36.00 OK
r-patched-linux-x86_64 4.13-18 2.24 11.22 13.46 NOTE
r-patched-solaris-sparc 4.13-18 172.20 OK
r-patched-solaris-x86 4.13-18 41.30 OK
r-release-linux-ix86 4.13-18 2.42 17.46 19.87 OK
r-release-linux-x86_64 4.13-18 2.23 11.43 13.66 NOTE
r-release-osx-x86_64-mavericks 4.13-18 OK
r-release-windows-ix86+x86_64 4.13-18 9.00 24.00 33.00 OK
r-oldrel-windows-ix86+x86_64 4.13-18 8.00 25.00 33.00 OK

Check Details

Version: 4.13-18
Check: top-level files
Result: NOTE
    Non-standard files/directories found at top level:
     ‘README.too’ ‘blurb’
Flavors: r-devel-linux-x86_64-debian-clang, r-devel-linux-x86_64-debian-gcc, r-devel-linux-x86_64-fedora-clang, r-devel-linux-x86_64-fedora-gcc, r-patched-linux-x86_64, r-release-linux-x86_64