CRAN Package Check Results for Package gee

Last updated on 2015-04-25 19:47:20.

Flavor Version Tinstall Tcheck Ttotal Status Flags
r-devel-linux-x86_64-debian-clang 4.13-18 3.68 10.64 14.32 NOTE
r-devel-linux-x86_64-debian-gcc 4.13-18 2.16 10.54 12.70 NOTE
r-devel-linux-x86_64-fedora-clang 4.13-18 28.09 NOTE
r-devel-linux-x86_64-fedora-gcc 4.13-18 22.87 NOTE
r-devel-osx-x86_64-clang 4.13-18 28.98 OK
r-devel-windows-ix86+x86_64 4.13-18 8.00 24.00 32.00 OK
r-patched-linux-x86_64 4.13-18 2.12 10.47 12.59 NOTE
r-patched-solaris-sparc 4.13-18 172.50 OK
r-patched-solaris-x86 4.13-18 35.80 OK
r-release-linux-x86_64 4.13-18 2.12 10.58 12.70 NOTE
r-release-osx-x86_64-mavericks 4.13-18 OK
r-release-osx-x86_64-snowleopard 4.13-18 OK
r-release-windows-ix86+x86_64 4.13-18 9.00 24.00 33.00 NOTE
r-oldrel-windows-ix86+x86_64 4.13-18 7.00 24.00 31.00 OK

Check Details

Version: 4.13-18
Check: DESCRIPTION meta-information
Result: NOTE
    Malformed Description field: should contain one or more complete sentences.
Flavor: r-release-windows-ix86+x86_64