CRAN Package Check Results for Package gee

Last updated on 2017-07-23 14:46:59.

Flavor Version Tinstall Tcheck Ttotal Status Flags
r-devel-linux-x86_64-debian-clang 4.13-19 6.52 19.20 25.72 NOTE
r-devel-linux-x86_64-debian-gcc 4.13-19 4.04 19.11 23.14 NOTE
r-devel-linux-x86_64-fedora-clang 4.13-19 35.09 NOTE
r-devel-linux-x86_64-fedora-gcc 4.13-19 25.23 NOTE
r-devel-windows-ix86+x86_64 4.13-19 16.00 51.00 67.00 OK
r-patched-linux-x86_64 4.13-19 2.34 19.41 21.75 NOTE
r-patched-solaris-x86 4.13-19 40.80 OK
r-release-linux-x86_64 4.13-19 2.33 18.96 21.28 NOTE
r-release-windows-ix86+x86_64 4.13-19 10.00 51.00 61.00 OK
r-release-osx-x86_64 4.13-19 OK
r-oldrel-windows-ix86+x86_64 4.13-19 10.00 44.00 54.00 OK
r-oldrel-osx-x86_64 4.13-19 OK

Check Details

Version: 4.13-19
Check: top-level files
Result: NOTE
    Non-standard files/directories found at top level:
     ‘README.too’ ‘blurb’
Flavors: r-devel-linux-x86_64-debian-clang, r-devel-linux-x86_64-debian-gcc, r-devel-linux-x86_64-fedora-clang, r-devel-linux-x86_64-fedora-gcc, r-patched-linux-x86_64, r-release-linux-x86_64