CRAN Package Check Results for Package gee

Last updated on 2014-09-01 11:48:55.

Flavor Version Tinstall Tcheck Ttotal Status Flags
r-devel-linux-x86_64-debian-clang 4.13-18 2.42 10.56 12.99 OK
r-devel-linux-x86_64-debian-gcc 4.13-18 2.10 10.47 12.57 OK
r-devel-linux-x86_64-fedora-clang 4.13-18 26.29 NOTE
r-devel-linux-x86_64-fedora-gcc 4.13-18 26.13 NOTE
r-devel-osx-x86_64-clang 4.13-18 28.52 OK
r-devel-windows-ix86+x86_64 4.13-18 7.00 26.00 33.00 OK
r-patched-linux-x86_64 4.13-18 2.15 10.85 13.00 OK
r-patched-solaris-sparc 4.13-18 178.20 OK
r-patched-solaris-x86 4.13-18 40.50 OK
r-release-linux-ix86 4.13-18 2.45 18.18 20.63 OK
r-release-linux-x86_64 4.13-18 2.50 11.36 13.86 OK
r-release-osx-x86_64-mavericks 4.13-18 OK
r-release-windows-ix86+x86_64 4.13-18 8.00 24.00 32.00 OK
r-oldrel-windows-ix86+x86_64 4.13-18 12.00 25.00 37.00 OK

Check Details

Version: 4.13-18
Check: top-level files
Result: NOTE
    Non-standard files/directories found at top level:
     ‘README.too’ ‘blurb’
Flavors: r-devel-linux-x86_64-fedora-clang, r-devel-linux-x86_64-fedora-gcc