CRAN Package Check Results for Package geeM

Last updated on 2015-07-31 04:47:59.

Flavor Version Tinstall Tcheck Ttotal Status Flags
r-devel-linux-x86_64-debian-clang 0.7.4 3.16 32.69 35.85 NOTE
r-devel-linux-x86_64-debian-gcc 0.7.4 4.18 31.89 36.07 NOTE
r-devel-linux-x86_64-fedora-clang 0.7.4 73.13 NOTE
r-devel-linux-x86_64-fedora-gcc 0.7.4 67.58 NOTE
r-devel-osx-x86_64-clang 0.7.4 54.59 OK
r-devel-windows-ix86+x86_64 0.7.4 11.00 70.00 81.00 NOTE
r-patched-linux-x86_64 0.7.4 3.37 34.08 37.45 OK
r-patched-solaris-sparc 0.7.4 447.00 OK
r-patched-solaris-x86 0.7.4 97.80 OK
r-release-linux-x86_64 0.7.4 3.32 32.10 35.43 OK
r-release-osx-x86_64-mavericks 0.7.4 OK
r-release-windows-ix86+x86_64 0.7.4 10.00 70.00 80.00 OK
r-oldrel-windows-ix86+x86_64 0.7.4 13.00 60.00 73.00 OK

Check Details

Version: 0.7.4
Check: R code for possible problems
Result: NOTE
    geem: no visible binding for global variable ‘gaussian’
    geem: no visible global function definition for ‘model.frame’
    geem: no visible binding for global variable ‘na.pass’
    geem: no visible global function definition for ‘median’
    geem: no visible global function definition for ‘terms’
    geem: no visible global function definition for ‘model.matrix’
    geem: no visible global function definition for ‘model.response’
    geem: no visible global function definition for ‘model.offset’
    geem: no visible global function definition for ‘as’
    getAlphaInvAR: no visible global function definition for ‘as’
    getAlphaInvEX: no visible global function definition for ‘as’
    getAlphaInvFixed: no visible global function definition for ‘as’
    getAlphaInvMDEP: no visible global function definition for ‘as’
    getAlphaInvUnstruc: no visible global function definition for ‘as’
    getAlphaInvUser: no visible global function definition for ‘as’
    getBlockDiag: no visible global function definition for ‘as’
    summary.geem: no visible global function definition for ‘pnorm’
    Undefined global functions or variables:
     as gaussian median model.frame model.matrix model.offset
     model.response na.pass pnorm terms
    Consider adding
     importFrom("methods", "as")
     importFrom("stats", "gaussian", "median", "model.frame",
     "model.matrix", "model.offset", "model.response", "na.pass",
     "pnorm", "terms")
    to your NAMESPACE.
Flavors: r-devel-linux-x86_64-debian-clang, r-devel-linux-x86_64-debian-gcc, r-devel-linux-x86_64-fedora-clang, r-devel-linux-x86_64-fedora-gcc, r-devel-windows-ix86+x86_64