CRAN Package Check Results for Package geeM

Last updated on 2018-06-19 09:47:51 CEST.

Flavor Version Tinstall Tcheck Ttotal Status Flags
r-devel-linux-x86_64-debian-clang 0.10.0 5.06 62.13 67.19 WARN
r-devel-linux-x86_64-debian-gcc 0.10.0 4.75 56.00 60.75 WARN
r-devel-linux-x86_64-fedora-clang 0.10.1 77.38 OK
r-devel-linux-x86_64-fedora-gcc 0.10.1 60.07 OK
r-devel-windows-ix86+x86_64 0.10.0 12.00 76.00 88.00 OK
r-patched-linux-x86_64 0.10.0 3.84 59.40 63.24 OK
r-patched-solaris-x86 0.10.1 119.20 OK
r-release-linux-x86_64 0.10.0 5.19 59.10 64.29 OK
r-release-windows-ix86+x86_64 0.10.0 9.00 90.00 99.00 OK
r-release-osx-x86_64 0.10.0 OK
r-oldrel-windows-ix86+x86_64 0.10.1 10.00 99.00 109.00 OK
r-oldrel-osx-x86_64 0.10.0 OK

Check Details

Version: 0.10.0
Check: for unstated dependencies in ‘tests’
Result: WARN
    'library' or 'require' call not declared from: ‘MuMIn’
Flavors: r-devel-linux-x86_64-debian-clang, r-devel-linux-x86_64-debian-gcc