CRAN Package Check Results for Package geeM

Last updated on 2014-04-24 15:50:38.

Flavor Version Tinstall Tcheck Ttotal Status Flags
r-devel-linux-x86_64-debian-clang 0.07 4.10 39.92 44.02 OK
r-devel-linux-x86_64-debian-gcc 0.07 4.06 39.41 43.48 OK
r-devel-linux-x86_64-fedora-clang 0.07 102.77 OK
r-devel-linux-x86_64-fedora-gcc 0.07 96.11 OK
r-devel-osx-x86_64-clang 0.07 74.63 OK
r-devel-osx-x86_64-gcc 0.07 OK
r-devel-windows-ix86+x86_64 0.07 10.00 51.00 61.00 OK
r-patched-linux-x86_64 0.07 4.03 40.16 44.20 OK
r-patched-solaris-sparc 0.07 536.50 OK
r-patched-solaris-x86 0.07 127.80 OK
r-release-linux-ix86 0.07 6.00 64.00 70.00 OK
r-release-linux-x86_64 0.07 4.04 39.20 43.24 OK
r-release-osx-x86_64-mavericks 0.07 WARN
r-release-osx-x86_64-snowleopard 0.07 OK
r-release-windows-ix86+x86_64 0.07 9.00 53.00 62.00 OK
r-oldrel-windows-ix86+x86_64 0.07 11.00 48.00 59.00 OK

Check Details

Version: 0.07
Check: PDF version of manual
Result: WARNING
    LaTeX errors when creating PDF version.
    This typically indicates Rd problems.
    LaTeX errors found:
    ! LaTeX Error: File `upquote.sty' not found.
    
    Type X to quit or <RETURN> to proceed,
    or enter new name. (Default extension: sty)
    
    557a170/Rd2.tex:8: ==> Fatal error occurred, no output PDF file produced!
Flavor: r-release-osx-x86_64-mavericks