CRAN Package Check Results for Package geecure

Last updated on 2024-06-12 17:57:17 CEST.

Flavor Version Tinstall Tcheck Ttotal Status Flags
r-devel-linux-x86_64-debian-clang 1.0-6 14.91 105.55 120.46 OK
r-devel-linux-x86_64-debian-gcc 1.0-6 0.30 1.71 2.01 ERROR
r-devel-linux-x86_64-fedora-clang 1.0-6 152.13 OK
r-devel-linux-x86_64-fedora-gcc 1.0-6 139.21 OK
r-devel-windows-x86_64 1.0-6 12.00 87.00 99.00 OK
r-patched-linux-x86_64 1.0-6 13.03 103.45 116.48 OK
r-release-linux-x86_64 1.0-6 9.04 100.53 109.57 OK
r-release-macos-arm64 1.0-6 39.00 OK
r-release-macos-x86_64 1.0-6 59.00 OK
r-release-windows-x86_64 1.0-6 13.00 88.00 101.00 OK
r-oldrel-macos-arm64 1.0-6 46.00 OK
r-oldrel-macos-x86_64 1.0-6 84.00 OK
r-oldrel-windows-x86_64 1.0-6 16.00 108.00 124.00 OK

Check Details

Version: 1.0-6
Check: package dependencies
Result: ERROR Package required but not available: ‘geepack’ See section ‘The DESCRIPTION file’ in the ‘Writing R Extensions’ manual. Flavor: r-devel-linux-x86_64-debian-gcc